{"id":578,"date":"2018-04-08T07:51:59","date_gmt":"2018-04-08T07:51:59","guid":{"rendered":"http:\/\/hlrnet.com\/sites\/?page_id=578"},"modified":"2025-11-10T16:14:26","modified_gmt":"2025-11-10T16:14:26","slug":"latijn-en-grieks","status":"publish","type":"page","link":"https:\/\/hlrnet.com\/sites\/onderwijs\/latijn-en-grieks\/","title":{"rendered":"Latijn en Grieks"},"content":{"rendered":"<span class=\"span-reading-time rt-reading-time\" style=\"display: block;\"><span class=\"rt-label rt-prefix\">Reading Time: <\/span> <span class=\"rt-time\"> &lt; 1<\/span> <span class=\"rt-label rt-postfix\">minute<\/span><\/span><ul>\n<li><a href=\"https:\/\/ancientromelive.org\/\">Ancient Rome live<\/a>: Learning hub to watch, listen, read, and learn about Ancient Rome<\/li>\n<li><a href=\"https:\/\/misha1.u-strasbg.fr\/\" target=\"_blank\" rel=\"noopener noreferrer\">Argentoratum<\/a><\/li>\n<li><a href=\"https:\/\/conjuguemos.com\/\">Conjuguemos<\/a>: Latijnse werkwoorden oefenen<\/li>\n<li><a href=\"https:\/\/www.culturaclasica.com\/\" target=\"_blank\" rel=\"noopener noreferrer\">Cultura Cl\u00e1sica<\/a><\/li>\n<li><a href=\"https:\/\/www.roman-emperors.org\/\">De Imperatoribus Romanis<\/a>: An Online Encyclopedia of Roman Rulers and Their Families<\/li>\n<li><a href=\"https:\/\/www.galloromeinsmuseum.be\/\" target=\"_blank\" rel=\"noopener noreferrer\">Gallo-Romeinsmuseum<\/a><\/li>\n<li><a href=\"https:\/\/www.greek-language.com\/\" target=\"_blank\" rel=\"noopener noreferrer\">Greek Language and Linguistics<\/a><\/li>\n<li><a href=\"https:\/\/www.klascement.net\/\" target=\"_blank\" rel=\"noopener noreferrer\">Klascement<\/a><\/li>\n<li><a href=\"https:\/\/journals.openedition.org\/interferences\/\">Interf\u00e9rences. Revue \u00e9lectronique traitant de l&#8217;ensemble des questions li\u00e9es \u00e0 l&#8217;\u00e9criture et la litt\u00e9rature latine dans la Rome antique.<\/a><\/li>\n<li><a href=\"https:\/\/itiner-e.org\/\">Itiner-e<\/a> \u2013 The Digital Atlas of Ancient Roads<\/li>\n<li><a href=\"https:\/\/www.koxkollum.nl\/\">Kox Kollum en klassieken<\/a><\/li>\n<li><a href=\"https:\/\/www.latein.at\/\" target=\"_blank\" rel=\"noopener noreferrer\">Latein.at<\/a> &#8211; e-Latein<\/li>\n<li><a href=\"https:\/\/www.latijnengrieks.com\/\">Latijn en Grieks.com<\/a><\/li>\n<li><a href=\"https:\/\/www.florian-carstens.de\/latein\/\" target=\"_blank\" rel=\"noopener noreferrer\">Leibnitianus Latinus Online<\/a><\/li>\n<li><a href=\"https:\/\/www.majstro.com\/\">Majstro<\/a>: vertaler<\/li>\n<li><a href=\"https:\/\/www.gottwein.de\/\" target=\"_blank\" rel=\"noopener noreferrer\">Navicula Bacchi<\/a><\/li>\n<li><a href=\"https:\/\/nederlandsklassiekverbond.nl\/\" target=\"_blank\" rel=\"noopener noreferrer\">Nederlands Klassiek Verbond <\/a><\/li>\n<li><a href=\"https:\/\/www.phoenix-online.be\/\" target=\"_blank\" rel=\"noopener noreferrer\">Phoenix Online<\/a> (Pelckmans)<\/li>\n<li><a href=\"https:\/\/www.tertullian.org\/\">The Tertullian Project<\/a>: a collection of ancient and modern<br \/>\nmaterial<\/li>\n<li><a href=\"https:\/\/www.textkit.com\/\" target=\"_blank\" rel=\"noopener noreferrer\">Textkit<\/a>: Latin and Greek Learning Tools<\/li>\n<li><a href=\"https:\/\/www.vlot-vzw.be\/\" target=\"_blank\" rel=\"noopener noreferrer\">Vereniging van Leerkrachten Oude Talen<\/a><\/li>\n<li><a href=\"https:\/\/vici.org\/\">Vici.org: Archaeological Atlas of Antiquity<\/a><\/li>\n<li><a href=\"https:\/\/www.woordenboek.eu\/vertaling\/Latijn\/\">Woordenboek.eu Latijn<\/a><\/li>\n<\/ul>\n<span class=\"last-modified-timestamp\">Nov 10, 2025 @ 4:14 pm<\/span>\n","protected":false},"excerpt":{"rendered":"<p><span class=\"span-reading-time rt-reading-time\" style=\"display: block;\"><span class=\"rt-label rt-prefix\">Reading Time: <\/span> <span class=\"rt-time\"> &lt; 1<\/span> <span class=\"rt-label rt-postfix\">minute<\/span><\/span>Ancient Rome live: Learning hub to watch, listen, read, and learn about Ancient Rome Argentoratum Conjuguemos: Latijnse werkwoorden oefenen Cultura Cl\u00e1sica De Imperatoribus Romanis: An Online Encyclopedia of Roman Rulers and Their Families Gallo-Romeinsmuseum Greek Language and Linguistics Klascement Interf\u00e9rences. Revue \u00e9lectronique traitant de l&#8217;ensemble des questions li\u00e9es \u00e0 l&#8217;\u00e9criture<\/p>\n","protected":false},"author":1,"featured_media":0,"parent":494,"menu_order":0,"comment_status":"closed","ping_status":"closed","template":"","meta":{"iawp_total_views":0,"footnotes":"","_wp_rev_ctl_limit":""},"class_list":["post-578","page","type-page","status-publish","hentry"],"yoast_head":"<!-- This site is optimized with the Yoast SEO plugin v27.4 - https:\/\/yoast.com\/product\/yoast-seo-wordpress\/ -->\n<title>Latijn en Grieks - hlrnet.com<\/title>\n<meta name=\"robots\" content=\"index, follow, max-snippet:-1, max-image-preview:large, max-video-preview:-1\" \/>\n<link rel=\"canonical\" href=\"https:\/\/hlrnet.com\/sites\/onderwijs\/latijn-en-grieks\/\" \/>\n<meta property=\"og:locale\" content=\"en_US\" \/>\n<meta property=\"og:type\" content=\"article\" \/>\n<meta property=\"og:title\" content=\"Latijn en Grieks - hlrnet.com\" \/>\n<meta property=\"og:description\" content=\"Reading Time:  &lt; 1 minuteAncient Rome live: Learning hub to watch, listen, read, and learn about Ancient Rome Argentoratum Conjuguemos: Latijnse werkwoorden oefenen Cultura Cl\u00e1sica De Imperatoribus Romanis: An Online Encyclopedia of Roman Rulers and Their Families Gallo-Romeinsmuseum Greek Language and Linguistics Klascement Interf\u00e9rences. Revue \u00e9lectronique traitant de l&#8217;ensemble des questions li\u00e9es \u00e0 l&#8217;\u00e9criture\" \/>\n<meta property=\"og:url\" content=\"https:\/\/hlrnet.com\/sites\/onderwijs\/latijn-en-grieks\/\" \/>\n<meta property=\"og:site_name\" content=\"hlrnet.com\" \/>\n<meta property=\"article:modified_time\" content=\"2025-11-10T16:14:26+00:00\" \/>\n<meta name=\"twitter:card\" content=\"summary_large_image\" \/>\n<meta name=\"twitter:label1\" content=\"Est. reading time\" \/>\n\t<meta name=\"twitter:data1\" content=\"1 minute\" \/>\n<script type=\"application\/ld+json\" class=\"yoast-schema-graph\">{\"@context\":\"https:\\\/\\\/schema.org\",\"@graph\":[{\"@type\":\"WebPage\",\"@id\":\"https:\\\/\\\/hlrnet.com\\\/sites\\\/onderwijs\\\/latijn-en-grieks\\\/\",\"url\":\"https:\\\/\\\/hlrnet.com\\\/sites\\\/onderwijs\\\/latijn-en-grieks\\\/\",\"name\":\"Latijn en Grieks - hlrnet.com\",\"isPartOf\":{\"@id\":\"https:\\\/\\\/hlrnet.com\\\/sites\\\/#website\"},\"datePublished\":\"2018-04-08T07:51:59+00:00\",\"dateModified\":\"2025-11-10T16:14:26+00:00\",\"breadcrumb\":{\"@id\":\"https:\\\/\\\/hlrnet.com\\\/sites\\\/onderwijs\\\/latijn-en-grieks\\\/#breadcrumb\"},\"inLanguage\":\"en-US\",\"potentialAction\":[{\"@type\":\"ReadAction\",\"target\":[\"https:\\\/\\\/hlrnet.com\\\/sites\\\/onderwijs\\\/latijn-en-grieks\\\/\"]}]},{\"@type\":\"BreadcrumbList\",\"@id\":\"https:\\\/\\\/hlrnet.com\\\/sites\\\/onderwijs\\\/latijn-en-grieks\\\/#breadcrumb\",\"itemListElement\":[{\"@type\":\"ListItem\",\"position\":1,\"name\":\"Home\",\"item\":\"https:\\\/\\\/hlrnet.com\\\/sites\\\/\"},{\"@type\":\"ListItem\",\"position\":2,\"name\":\"Onderwijs\",\"item\":\"https:\\\/\\\/hlrnet.com\\\/sites\\\/onderwijs\\\/\"},{\"@type\":\"ListItem\",\"position\":3,\"name\":\"Latijn en Grieks\"}]},{\"@type\":\"WebSite\",\"@id\":\"https:\\\/\\\/hlrnet.com\\\/sites\\\/#website\",\"url\":\"https:\\\/\\\/hlrnet.com\\\/sites\\\/\",\"name\":\"hlrnet.com\",\"description\":\"Hans Le Roy\",\"publisher\":{\"@id\":\"https:\\\/\\\/hlrnet.com\\\/sites\\\/#organization\"},\"potentialAction\":[{\"@type\":\"SearchAction\",\"target\":{\"@type\":\"EntryPoint\",\"urlTemplate\":\"https:\\\/\\\/hlrnet.com\\\/sites\\\/?s={search_term_string}\"},\"query-input\":{\"@type\":\"PropertyValueSpecification\",\"valueRequired\":true,\"valueName\":\"search_term_string\"}}],\"inLanguage\":\"en-US\"},{\"@type\":\"Organization\",\"@id\":\"https:\\\/\\\/hlrnet.com\\\/sites\\\/#organization\",\"name\":\"hlrnet.com\",\"url\":\"https:\\\/\\\/hlrnet.com\\\/sites\\\/\",\"logo\":{\"@type\":\"ImageObject\",\"inLanguage\":\"en-US\",\"@id\":\"https:\\\/\\\/hlrnet.com\\\/sites\\\/#\\\/schema\\\/logo\\\/image\\\/\",\"url\":\"https:\\\/\\\/hlrnet.com\\\/sites\\\/wp-content\\\/uploads\\\/2018\\\/04\\\/cropped-default512x512-trans-1.png\",\"contentUrl\":\"https:\\\/\\\/hlrnet.com\\\/sites\\\/wp-content\\\/uploads\\\/2018\\\/04\\\/cropped-default512x512-trans-1.png\",\"width\":512,\"height\":160,\"caption\":\"hlrnet.com\"},\"image\":{\"@id\":\"https:\\\/\\\/hlrnet.com\\\/sites\\\/#\\\/schema\\\/logo\\\/image\\\/\"}}]}<\/script>\n<!-- \/ Yoast SEO plugin. -->","yoast_head_json":{"title":"Latijn en Grieks - hlrnet.com","robots":{"index":"index","follow":"follow","max-snippet":"max-snippet:-1","max-image-preview":"max-image-preview:large","max-video-preview":"max-video-preview:-1"},"canonical":"https:\/\/hlrnet.com\/sites\/onderwijs\/latijn-en-grieks\/","og_locale":"en_US","og_type":"article","og_title":"Latijn en Grieks - hlrnet.com","og_description":"Reading Time:  &lt; 1 minuteAncient Rome live: Learning hub to watch, listen, read, and learn about Ancient Rome Argentoratum Conjuguemos: Latijnse werkwoorden oefenen Cultura Cl\u00e1sica De Imperatoribus Romanis: An Online Encyclopedia of Roman Rulers and Their Families Gallo-Romeinsmuseum Greek Language and Linguistics Klascement Interf\u00e9rences. Revue \u00e9lectronique traitant de l&#8217;ensemble des questions li\u00e9es \u00e0 l&#8217;\u00e9criture","og_url":"https:\/\/hlrnet.com\/sites\/onderwijs\/latijn-en-grieks\/","og_site_name":"hlrnet.com","article_modified_time":"2025-11-10T16:14:26+00:00","twitter_card":"summary_large_image","twitter_misc":{"Est. reading time":"1 minute"},"schema":{"@context":"https:\/\/schema.org","@graph":[{"@type":"WebPage","@id":"https:\/\/hlrnet.com\/sites\/onderwijs\/latijn-en-grieks\/","url":"https:\/\/hlrnet.com\/sites\/onderwijs\/latijn-en-grieks\/","name":"Latijn en Grieks - hlrnet.com","isPartOf":{"@id":"https:\/\/hlrnet.com\/sites\/#website"},"datePublished":"2018-04-08T07:51:59+00:00","dateModified":"2025-11-10T16:14:26+00:00","breadcrumb":{"@id":"https:\/\/hlrnet.com\/sites\/onderwijs\/latijn-en-grieks\/#breadcrumb"},"inLanguage":"en-US","potentialAction":[{"@type":"ReadAction","target":["https:\/\/hlrnet.com\/sites\/onderwijs\/latijn-en-grieks\/"]}]},{"@type":"BreadcrumbList","@id":"https:\/\/hlrnet.com\/sites\/onderwijs\/latijn-en-grieks\/#breadcrumb","itemListElement":[{"@type":"ListItem","position":1,"name":"Home","item":"https:\/\/hlrnet.com\/sites\/"},{"@type":"ListItem","position":2,"name":"Onderwijs","item":"https:\/\/hlrnet.com\/sites\/onderwijs\/"},{"@type":"ListItem","position":3,"name":"Latijn en Grieks"}]},{"@type":"WebSite","@id":"https:\/\/hlrnet.com\/sites\/#website","url":"https:\/\/hlrnet.com\/sites\/","name":"hlrnet.com","description":"Hans Le Roy","publisher":{"@id":"https:\/\/hlrnet.com\/sites\/#organization"},"potentialAction":[{"@type":"SearchAction","target":{"@type":"EntryPoint","urlTemplate":"https:\/\/hlrnet.com\/sites\/?s={search_term_string}"},"query-input":{"@type":"PropertyValueSpecification","valueRequired":true,"valueName":"search_term_string"}}],"inLanguage":"en-US"},{"@type":"Organization","@id":"https:\/\/hlrnet.com\/sites\/#organization","name":"hlrnet.com","url":"https:\/\/hlrnet.com\/sites\/","logo":{"@type":"ImageObject","inLanguage":"en-US","@id":"https:\/\/hlrnet.com\/sites\/#\/schema\/logo\/image\/","url":"https:\/\/hlrnet.com\/sites\/wp-content\/uploads\/2018\/04\/cropped-default512x512-trans-1.png","contentUrl":"https:\/\/hlrnet.com\/sites\/wp-content\/uploads\/2018\/04\/cropped-default512x512-trans-1.png","width":512,"height":160,"caption":"hlrnet.com"},"image":{"@id":"https:\/\/hlrnet.com\/sites\/#\/schema\/logo\/image\/"}}]}},"publishpress_future_action":{"enabled":false,"date":"2026-05-01 23:18:04","action":"change-status","newStatus":"draft","terms":[],"taxonomy":"","extraData":[]},"publishpress_future_workflow_manual_trigger":{"enabledWorkflows":[]},"_links":{"self":[{"href":"https:\/\/hlrnet.com\/sites\/wp-json\/wp\/v2\/pages\/578","targetHints":{"allow":["GET"]}}],"collection":[{"href":"https:\/\/hlrnet.com\/sites\/wp-json\/wp\/v2\/pages"}],"about":[{"href":"https:\/\/hlrnet.com\/sites\/wp-json\/wp\/v2\/types\/page"}],"author":[{"embeddable":true,"href":"https:\/\/hlrnet.com\/sites\/wp-json\/wp\/v2\/users\/1"}],"replies":[{"embeddable":true,"href":"https:\/\/hlrnet.com\/sites\/wp-json\/wp\/v2\/comments?post=578"}],"version-history":[{"count":0,"href":"https:\/\/hlrnet.com\/sites\/wp-json\/wp\/v2\/pages\/578\/revisions"}],"up":[{"embeddable":true,"href":"https:\/\/hlrnet.com\/sites\/wp-json\/wp\/v2\/pages\/494"}],"wp:attachment":[{"href":"https:\/\/hlrnet.com\/sites\/wp-json\/wp\/v2\/media?parent=578"}],"curies":[{"name":"wp","href":"https:\/\/api.w.org\/{rel}","templated":true}]}}