{"id":542,"date":"2018-04-07T10:10:40","date_gmt":"2018-04-07T10:10:40","guid":{"rendered":"http:\/\/hlrnet.com\/sites\/?page_id=542"},"modified":"2026-02-28T15:41:13","modified_gmt":"2026-02-28T15:41:13","slug":"el-arte-romanico-lart-roman","status":"publish","type":"page","link":"https:\/\/hlrnet.com\/sites\/el-arte-romanico-lart-roman\/","title":{"rendered":"El arte rom\u00e1nico &#8211; L&#8217;art roman"},"content":{"rendered":"<span class=\"span-reading-time rt-reading-time\" style=\"display: block;\"><span class=\"rt-label rt-prefix\">Reading Time: <\/span> <span class=\"rt-time\"> &lt; 1<\/span> <span class=\"rt-label rt-postfix\">minute<\/span><\/span><p>Lo que es &#8211; ce que c&#8217;est<\/p>\n<ul>\n<li><a href=\"https:\/\/www.cosmovisions.com\/artRoman.htm\">Cosmovisions<\/a><\/li>\n<li><a href=\"https:\/\/agora.qc.ca\/dossiers\/Art_roman\">Encyclop\u00e9die de l&#8217;Agora<\/a><\/li>\n<li><a href=\"https:\/\/www.larousse.fr\/encyclopedie\/divers\/art_roman\/88880\">Encyclop\u00e9die Larousse: l&#8217;art roman<\/a><\/li>\n<li><a href=\"https:\/\/www.francebalade.com\/france\/artroman.htm\">France balade: art roman en France<\/a><\/li>\n<li><a href=\"https:\/\/www.grandpalais.fr\/fr\/article\/lart-roman\">Le Mag du Grand Palais: l&#8217;art roman<\/a><\/li>\n<li><a href=\"https:\/\/masdearte.com\/movimientos\/romanico\/\">M\u00e1sdearte: rom\u00e1nico<\/a><\/li>\n<li><a href=\"https:\/\/www.urbipedia.org\/hoja\/Arquitectura_rom%C3%A1nica\">Urbipedia<\/a><\/li>\n<li><a href=\"https:\/\/fr.wikipedia.org\/wiki\/Architecture_romane\">Wikip\u00e9dia: architecture romane<\/a><\/li>\n<li><a href=\"https:\/\/fr.wikipedia.org\/wiki\/Art_roman\">Wikip\u00e9dia: art roman<\/a><\/li>\n<\/ul>\n<p>Mapas &#8211; cartes<\/p>\n<ul>\n<li><a href=\"https:\/\/atlas-roman.blogspot.com\/\">Atlas roman<\/a><\/li>\n<li><a href=\"https:\/\/medieval.mrugala.net\/Roman\/\">Fabrice Mrugala<\/a><\/li>\n<li><a href=\"https:\/\/romaans.blogspot.com\">Romaanse kunst en architectuur<\/a><\/li>\n<\/ul>\n<p>Regiones &#8211; r\u00e9gions<\/p>\n<ul>\n<li>BE<\/li>\n<li><a href=\"https:\/\/fr.wikipedia.org\/wiki\/Cat%C3%A9gorie:%C3%89glise_romane_en_Belgique\">Eglises romanes en Belgique<\/a> (Wikip\u00e9dia)<\/li>\n<li><a href=\"https:\/\/romaans.blogspot.com\/\">Romaanse kunst en cultuur<\/a><\/li>\n<li><a href=\"https:\/\/www.eglise-romane-tohogne.be\/environs\/environs_roman_region.html\">Tohogne<\/a><\/li>\n<li>FR<\/li>\n<li><a href=\"https:\/\/www.bourgogneromane.com\/\">Art roman en Bourgogne (Bourgogne romane)<\/a><\/li>\n<li><a href=\"https:\/\/www.bourgogne-tourisme.com\/idees-sejour\/amoureux-de-l-art-roman\">La Bourgogne du Sud pour les amoureux de l&#8217;art roman<\/a><\/li>\n<li><a href=\"https:\/\/www.parisinfo.com\/visiter-a-paris\/infos\/guides\/l-histoire-de-paris\/l-histoire-de-l-architecture\/l-art-roman\">Paris<\/a><\/li>\n<li><a href=\"https:\/\/www.route-romane-alsace.fr\">Route romane d&#8217;Alsace et du Grand Est<\/a><\/li>\n<li>AD<\/li>\n<li><a href=\"https:\/\/es.wikipedia.org\/wiki\/Arte_rom%C3%A1nico_de_Andorra\">Arte rom\u00e1nico de Andorra &#8211; Wikipedia<\/a><\/li>\n<li><a href=\"https:\/\/www.andorrabybus.com\/blog\/romanico-andorra\/\">Lo mejor del arte rom\u00e1nico en Androrra &#8211; Blog Andbus<\/a><\/li>\n<li>ES<\/li>\n<li>Y antes del rom\u00e1nico\n<ul>\n<li><a href=\"https:\/\/www.arteguias.com\/arquitecturavisigoda.htm\">Arquitectura visigoda (Arteguias)<\/a><\/li>\n<li><a href=\"https:\/\/www.urbipedia.org\/hoja\/Arquitectura_visigoda\">Arquitectura visigoda (Urbipedia)<\/a><\/li>\n<li><a href=\"https:\/\/es.wikipedia.org\/wiki\/Arquitectura_visigoda\">Arquitectura visigoda (Wikipedia)<\/a><\/li>\n<li><a href=\"https:\/\/www.romanosyvisigodos.com\/\">R<\/a><a href=\"https:\/\/www.romanosyvisigodos.com\/\">omanos y visigodos<\/a><\/li>\n<li><a href=\"https:\/\/www.turismo-prerromanico.com\/\">Turismo prerrom\u00e1nico<\/a><\/li>\n<\/ul>\n<\/li>\n<li>PT<\/li>\n<li><a href=\"https:\/\/www.visitportugal.com\/es\/node\/73743\">Ruta del Rom\u00e1nico<\/a> &#8211; <a href=\"https:\/\/www.visitportugal.com\/fr\/node\/73743\">La Route de l&#8217;Art Roman<\/a><\/li>\n<\/ul>\n<p>Museos &#8211; mus\u00e9es<\/p>\n<ul>\n<li><a href=\"https:\/\/www.santamarialareal.org\/\">Fundaci\u00f3n Santa Mar\u00eda del Patrimonio Hist\u00f2rico<\/a><\/li>\n<li><a href=\"https:\/\/www.museunacional.cat\/\">MNAC Barcelona<\/a><\/li>\n<\/ul>\n<p>V\u00eddeos &#8211; vid\u00e9os (YT)<\/p>\n<ul>\n<li><a href=\"https:\/\/www.youtube.com\/playlist?list=PLB83E5D605B181556\">Art roman (herisson51)<\/a><\/li>\n<li><a href=\"https:\/\/www.youtube.com\/playlist?list=PLGEoHwdAuoWcVQrnwFVHYLDl_NFsod2tT\">Art Roman (Museu Vic)<\/a><\/li>\n<li><a href=\"https:\/\/www.youtube.com\/watch?v=6iIayE2mL4I&amp;list=PLC78252A6A686BD2C\">El arte rom\u00e1nico (A. J. Casado)<\/a><\/li>\n<li><a href=\"https:\/\/www.youtube.com\/watch?v=imwQ0epPEmc&amp;list=PLlUFVfrj7XS9RNIMSsYXkmoA_4nP_wWAA\">Las claves del rom\u00e1nico<\/a>: <a href=\"https:\/\/www.youtube.com\/watch?v=imwQ0epPEmc&amp;list=PLlUFVfrj7XS9RNIMSsYXkmoA_4nP_wWAA\">1a temporada<\/a> &#8211; <a href=\"https:\/\/www.youtube.com\/watch?v=61uuV5fv3NU&amp;list=PLlUFVfrj7XS-EOMXvotT0ttfLEoCdGmcg\">2a temporada<\/a> &#8211; <a href=\"https:\/\/www.youtube.com\/watch?v=rqy3uoiWCX8&amp;list=PLlUFVfrj7XS99dTSo3js0zWRG6LhHNUUc\">3a<br \/>\ntemporada<\/a><\/li>\n<\/ul>\n<p>Ejemplos &#8211; exemples<\/p>\n<ul>\n<li><a href=\"https:\/\/vogage-roman-art.blogspot.com\">L&#8217;art roman; passionn\u00e9ment<\/a> (blog d&#8217;un voyageur)<\/li>\n<\/ul>\n<p>Libros &#8211; livres<\/p>\n<ul>\n<li><a href=\"https:\/\/www.babelio.com\/livres-\/art-roman\/2674\">Babelio<\/a><\/li>\n<li><a href=\"https:\/\/www.decitre.fr\/livres\/arts-societe-sciences-humaines\/arts-cinema-musique\/art-medieval\/art-roman.html\">Decitre<\/a><\/li>\n<li><a href=\"https:\/\/www.laprocure.com\/rayons\/art-roman-generalites.html\">La procure<\/a><\/li>\n<\/ul>\n<p>El prerrom\u00e1nico &#8211; Le pr\u00e9roman<\/p>\n<ul>\n<li>(es)<\/li>\n<li><a href=\"https:\/\/www.arteguias.com\/prerromanico.htm\">Artegu\u00eda<\/a><\/li>\n<li><a href=\"https:\/\/masdearte.com\/movimientos\/arte-prerromanico\/\">M\u00e1sdearte: arte prerrom\u00e1nico<\/a><\/li>\n<li>(fr)<\/li>\n<li><a href=\"https:\/\/www.techno-science.net\/?onglet=glossaire&amp;definition=4362\">Art pr\u00e9roman en Espagne<\/a> (Techno-Science)<\/li>\n<li><a href=\"https:\/\/jalladeauj.fr\/claveyrolaswisimoz\/\">L&#8217;art pr\u00e9roman d&#8217;Espagne<\/a><\/li>\n<li><a href=\"https:\/\/fr.wikipedia.org\/wiki\/Art_pr%C3%A9roman\">Wikip\u00e9dia: art pr\u00e9roman<\/a><\/li>\n<li><a href=\"https:\/\/fr.wikipedia.org\/wiki\/Cat%C3%A9gorie:Art_pr%C3%A9roman\">Wikip\u00e9dia: art pr\u00e9roman<\/a> (liste de monuments et sites)<\/li>\n<li><a href=\"https:\/\/es.wikipedia.org\/wiki\/Arte_prerrom%C3%A1nico\">Wikipedia: arte prerrom\u00e1nico<\/a><\/li>\n<li><a href=\"https:\/\/fr.wikipedia.org\/wiki\/Art_pr%C3%A9roman_en_Espagne\">Wikip\u00e9dia: L&#8217;art pr\u00e9roman<\/a><\/li>\n<\/ul>\n<p>El rom\u00e1nico frente al g\u00f3tico &#8211; Le roman par rapport au gothique<\/p>\n<ul>\n<li><a href=\"https:\/\/www.youtube.com\/playlist?list=PLHTih3L__2xjshlsOqmRi9UtgGYfZyZJd\">Art roman et gothique<\/a> (YT)<\/li>\n<li><a href=\"https:\/\/www.assistancescolaire.com\/eleve\/5e\/histoire\/reviser-une-notion\/de-l-art-roman-a-l-art-gothique-5hem06\">Assistancescolaire<\/a><\/li>\n<li><a href=\"https:\/\/www.glosarioarquitectonico.com\/\">Glosario ilustrado de arte arquitect\u00f3nico<\/a><\/li>\n<li><a href=\"https:\/\/artsplastiques.jeannedarc.over-blog.com\/page-2333153.html\">Le blog des arts plastiques<\/a> (Coll\u00e8ge Jeanne d&#8217;Arc)<\/li>\n<li><a href=\"https:\/\/www.accueil-vendee.com\/patrimoine\/art-roman-art-gothique\/\">Melusine<\/a><\/li>\n<\/ul>\n<span class=\"last-modified-timestamp\">Feb 28, 2026 @ 3:41 pm<\/span>\n","protected":false},"excerpt":{"rendered":"<p><span class=\"span-reading-time rt-reading-time\" style=\"display: block;\"><span class=\"rt-label rt-prefix\">Reading Time: <\/span> <span class=\"rt-time\"> &lt; 1<\/span> <span class=\"rt-label rt-postfix\">minute<\/span><\/span>Lo que es &#8211; ce que c&#8217;est Cosmovisions Encyclop\u00e9die de l&#8217;Agora Encyclop\u00e9die Larousse: l&#8217;art roman France balade: art roman en France Le Mag du Grand Palais: l&#8217;art roman M\u00e1sdearte: rom\u00e1nico Urbipedia Wikip\u00e9dia: architecture romane Wikip\u00e9dia: art roman Mapas &#8211; cartes Atlas roman Fabrice Mrugala Romaanse kunst en architectuur Regiones &#8211;<\/p>\n","protected":false},"author":1,"featured_media":0,"parent":0,"menu_order":0,"comment_status":"closed","ping_status":"closed","template":"","meta":{"iawp_total_views":12,"footnotes":"","_wp_rev_ctl_limit":""},"class_list":["post-542","page","type-page","status-publish","hentry"],"yoast_head":"<!-- This site is optimized with the Yoast SEO plugin v27.4 - https:\/\/yoast.com\/product\/yoast-seo-wordpress\/ -->\n<title>El arte rom\u00e1nico - L&#039;art roman - hlrnet.com<\/title>\n<meta name=\"robots\" content=\"index, follow, max-snippet:-1, max-image-preview:large, max-video-preview:-1\" \/>\n<link rel=\"canonical\" href=\"https:\/\/hlrnet.com\/sites\/el-arte-romanico-lart-roman\/\" \/>\n<meta property=\"og:locale\" content=\"en_US\" \/>\n<meta property=\"og:type\" content=\"article\" \/>\n<meta property=\"og:title\" content=\"El arte rom\u00e1nico - L&#039;art roman - hlrnet.com\" \/>\n<meta property=\"og:description\" content=\"Reading Time:  &lt; 1 minuteLo que es &#8211; ce que c&#8217;est Cosmovisions Encyclop\u00e9die de l&#8217;Agora Encyclop\u00e9die Larousse: l&#8217;art roman France balade: art roman en France Le Mag du Grand Palais: l&#8217;art roman M\u00e1sdearte: rom\u00e1nico Urbipedia Wikip\u00e9dia: architecture romane Wikip\u00e9dia: art roman Mapas &#8211; cartes Atlas roman Fabrice Mrugala Romaanse kunst en architectuur Regiones &#8211;\" \/>\n<meta property=\"og:url\" content=\"https:\/\/hlrnet.com\/sites\/el-arte-romanico-lart-roman\/\" \/>\n<meta property=\"og:site_name\" content=\"hlrnet.com\" \/>\n<meta property=\"article:modified_time\" content=\"2026-02-28T15:41:13+00:00\" \/>\n<meta name=\"twitter:card\" content=\"summary_large_image\" \/>\n<meta name=\"twitter:label1\" content=\"Est. reading time\" \/>\n\t<meta name=\"twitter:data1\" content=\"2 minutes\" \/>\n<script type=\"application\/ld+json\" class=\"yoast-schema-graph\">{\"@context\":\"https:\\\/\\\/schema.org\",\"@graph\":[{\"@type\":\"WebPage\",\"@id\":\"https:\\\/\\\/hlrnet.com\\\/sites\\\/el-arte-romanico-lart-roman\\\/\",\"url\":\"https:\\\/\\\/hlrnet.com\\\/sites\\\/el-arte-romanico-lart-roman\\\/\",\"name\":\"El arte rom\u00e1nico - L'art roman - hlrnet.com\",\"isPartOf\":{\"@id\":\"https:\\\/\\\/hlrnet.com\\\/sites\\\/#website\"},\"datePublished\":\"2018-04-07T10:10:40+00:00\",\"dateModified\":\"2026-02-28T15:41:13+00:00\",\"breadcrumb\":{\"@id\":\"https:\\\/\\\/hlrnet.com\\\/sites\\\/el-arte-romanico-lart-roman\\\/#breadcrumb\"},\"inLanguage\":\"en-US\",\"potentialAction\":[{\"@type\":\"ReadAction\",\"target\":[\"https:\\\/\\\/hlrnet.com\\\/sites\\\/el-arte-romanico-lart-roman\\\/\"]}]},{\"@type\":\"BreadcrumbList\",\"@id\":\"https:\\\/\\\/hlrnet.com\\\/sites\\\/el-arte-romanico-lart-roman\\\/#breadcrumb\",\"itemListElement\":[{\"@type\":\"ListItem\",\"position\":1,\"name\":\"Home\",\"item\":\"https:\\\/\\\/hlrnet.com\\\/sites\\\/\"},{\"@type\":\"ListItem\",\"position\":2,\"name\":\"El arte rom\u00e1nico &#8211; L&#8217;art roman\"}]},{\"@type\":\"WebSite\",\"@id\":\"https:\\\/\\\/hlrnet.com\\\/sites\\\/#website\",\"url\":\"https:\\\/\\\/hlrnet.com\\\/sites\\\/\",\"name\":\"hlrnet.com\",\"description\":\"Hans Le Roy\",\"publisher\":{\"@id\":\"https:\\\/\\\/hlrnet.com\\\/sites\\\/#organization\"},\"potentialAction\":[{\"@type\":\"SearchAction\",\"target\":{\"@type\":\"EntryPoint\",\"urlTemplate\":\"https:\\\/\\\/hlrnet.com\\\/sites\\\/?s={search_term_string}\"},\"query-input\":{\"@type\":\"PropertyValueSpecification\",\"valueRequired\":true,\"valueName\":\"search_term_string\"}}],\"inLanguage\":\"en-US\"},{\"@type\":\"Organization\",\"@id\":\"https:\\\/\\\/hlrnet.com\\\/sites\\\/#organization\",\"name\":\"hlrnet.com\",\"url\":\"https:\\\/\\\/hlrnet.com\\\/sites\\\/\",\"logo\":{\"@type\":\"ImageObject\",\"inLanguage\":\"en-US\",\"@id\":\"https:\\\/\\\/hlrnet.com\\\/sites\\\/#\\\/schema\\\/logo\\\/image\\\/\",\"url\":\"https:\\\/\\\/hlrnet.com\\\/sites\\\/wp-content\\\/uploads\\\/2018\\\/04\\\/cropped-default512x512-trans-1.png\",\"contentUrl\":\"https:\\\/\\\/hlrnet.com\\\/sites\\\/wp-content\\\/uploads\\\/2018\\\/04\\\/cropped-default512x512-trans-1.png\",\"width\":512,\"height\":160,\"caption\":\"hlrnet.com\"},\"image\":{\"@id\":\"https:\\\/\\\/hlrnet.com\\\/sites\\\/#\\\/schema\\\/logo\\\/image\\\/\"}}]}<\/script>\n<!-- \/ Yoast SEO plugin. -->","yoast_head_json":{"title":"El arte rom\u00e1nico - L'art roman - hlrnet.com","robots":{"index":"index","follow":"follow","max-snippet":"max-snippet:-1","max-image-preview":"max-image-preview:large","max-video-preview":"max-video-preview:-1"},"canonical":"https:\/\/hlrnet.com\/sites\/el-arte-romanico-lart-roman\/","og_locale":"en_US","og_type":"article","og_title":"El arte rom\u00e1nico - L'art roman - hlrnet.com","og_description":"Reading Time:  &lt; 1 minuteLo que es &#8211; ce que c&#8217;est Cosmovisions Encyclop\u00e9die de l&#8217;Agora Encyclop\u00e9die Larousse: l&#8217;art roman France balade: art roman en France Le Mag du Grand Palais: l&#8217;art roman M\u00e1sdearte: rom\u00e1nico Urbipedia Wikip\u00e9dia: architecture romane Wikip\u00e9dia: art roman Mapas &#8211; cartes Atlas roman Fabrice Mrugala Romaanse kunst en architectuur Regiones &#8211;","og_url":"https:\/\/hlrnet.com\/sites\/el-arte-romanico-lart-roman\/","og_site_name":"hlrnet.com","article_modified_time":"2026-02-28T15:41:13+00:00","twitter_card":"summary_large_image","twitter_misc":{"Est. reading time":"2 minutes"},"schema":{"@context":"https:\/\/schema.org","@graph":[{"@type":"WebPage","@id":"https:\/\/hlrnet.com\/sites\/el-arte-romanico-lart-roman\/","url":"https:\/\/hlrnet.com\/sites\/el-arte-romanico-lart-roman\/","name":"El arte rom\u00e1nico - L'art roman - hlrnet.com","isPartOf":{"@id":"https:\/\/hlrnet.com\/sites\/#website"},"datePublished":"2018-04-07T10:10:40+00:00","dateModified":"2026-02-28T15:41:13+00:00","breadcrumb":{"@id":"https:\/\/hlrnet.com\/sites\/el-arte-romanico-lart-roman\/#breadcrumb"},"inLanguage":"en-US","potentialAction":[{"@type":"ReadAction","target":["https:\/\/hlrnet.com\/sites\/el-arte-romanico-lart-roman\/"]}]},{"@type":"BreadcrumbList","@id":"https:\/\/hlrnet.com\/sites\/el-arte-romanico-lart-roman\/#breadcrumb","itemListElement":[{"@type":"ListItem","position":1,"name":"Home","item":"https:\/\/hlrnet.com\/sites\/"},{"@type":"ListItem","position":2,"name":"El arte rom\u00e1nico &#8211; L&#8217;art roman"}]},{"@type":"WebSite","@id":"https:\/\/hlrnet.com\/sites\/#website","url":"https:\/\/hlrnet.com\/sites\/","name":"hlrnet.com","description":"Hans Le Roy","publisher":{"@id":"https:\/\/hlrnet.com\/sites\/#organization"},"potentialAction":[{"@type":"SearchAction","target":{"@type":"EntryPoint","urlTemplate":"https:\/\/hlrnet.com\/sites\/?s={search_term_string}"},"query-input":{"@type":"PropertyValueSpecification","valueRequired":true,"valueName":"search_term_string"}}],"inLanguage":"en-US"},{"@type":"Organization","@id":"https:\/\/hlrnet.com\/sites\/#organization","name":"hlrnet.com","url":"https:\/\/hlrnet.com\/sites\/","logo":{"@type":"ImageObject","inLanguage":"en-US","@id":"https:\/\/hlrnet.com\/sites\/#\/schema\/logo\/image\/","url":"https:\/\/hlrnet.com\/sites\/wp-content\/uploads\/2018\/04\/cropped-default512x512-trans-1.png","contentUrl":"https:\/\/hlrnet.com\/sites\/wp-content\/uploads\/2018\/04\/cropped-default512x512-trans-1.png","width":512,"height":160,"caption":"hlrnet.com"},"image":{"@id":"https:\/\/hlrnet.com\/sites\/#\/schema\/logo\/image\/"}}]}},"publishpress_future_action":{"enabled":false,"date":"2026-05-01 14:37:28","action":"change-status","newStatus":"draft","terms":[],"taxonomy":"","extraData":[]},"publishpress_future_workflow_manual_trigger":{"enabledWorkflows":[]},"_links":{"self":[{"href":"https:\/\/hlrnet.com\/sites\/wp-json\/wp\/v2\/pages\/542","targetHints":{"allow":["GET"]}}],"collection":[{"href":"https:\/\/hlrnet.com\/sites\/wp-json\/wp\/v2\/pages"}],"about":[{"href":"https:\/\/hlrnet.com\/sites\/wp-json\/wp\/v2\/types\/page"}],"author":[{"embeddable":true,"href":"https:\/\/hlrnet.com\/sites\/wp-json\/wp\/v2\/users\/1"}],"replies":[{"embeddable":true,"href":"https:\/\/hlrnet.com\/sites\/wp-json\/wp\/v2\/comments?post=542"}],"version-history":[{"count":0,"href":"https:\/\/hlrnet.com\/sites\/wp-json\/wp\/v2\/pages\/542\/revisions"}],"wp:attachment":[{"href":"https:\/\/hlrnet.com\/sites\/wp-json\/wp\/v2\/media?parent=542"}],"curies":[{"name":"wp","href":"https:\/\/api.w.org\/{rel}","templated":true}]}}