{"id":52914,"date":"2018-04-28T11:49:48","date_gmt":"2018-04-28T11:49:48","guid":{"rendered":"http:\/\/hlrnet.com\/sites\/?page_id=52914"},"modified":"2025-12-24T10:48:42","modified_gmt":"2025-12-24T10:48:42","slug":"o-portugues-na-internet","status":"publish","type":"page","link":"https:\/\/hlrnet.com\/sites\/o-portugues-na-internet\/","title":{"rendered":"O portugu\u00eas na internet"},"content":{"rendered":"<span class=\"span-reading-time rt-reading-time\" style=\"display: block;\"><span class=\"rt-label rt-prefix\">Reading Time: <\/span> <span class=\"rt-time\"> &lt; 1<\/span> <span class=\"rt-label rt-postfix\">minute<\/span><\/span><ul>\n<li><b>Pesquisas<\/b>\n<ul>\n<li><a href=\"https:\/\/www.aeiou.pt\/\" target=\"_blank\" rel=\"noopener\">AEIOU<\/a><\/li>\n<li><a href=\"https:\/\/www.google.pt\/\" target=\"_blank\" rel=\"noopener\">Google<\/a><\/li>\n<\/ul>\n<\/li>\n<li><b>A actualidad \/ Jorn\u00e1is<\/b>\n<ul>\n<li>BR<\/li>\n<li><a href=\"https:\/\/agenciabrasil.ebc.com.br\/\">Ag\u00eanciaBrasil<\/a><\/li>\n<li><a href=\"https:\/\/www.lusoamericano.com\/\">Luso-americano<\/a><\/li>\n<li><a href=\"https:\/\/oglobo.globo.com\/\">O Globo<\/a><\/li>\n<li>PT<\/li>\n<li><a href=\"https:\/\/www.aeiou.pt\/\">AEIOU<\/a><\/li>\n<li><a href=\"https:\/\/www.cmjornal.pt\/\">Correio da manh\u00e3<\/a><\/li>\n<li><a href=\"https:\/\/www.dn.pt\/\">Di\u00e1rio de Not\u00edcies<\/a><\/li>\n<li><a href=\"https:\/\/expresso.pt\">Expresso<\/a><\/li>\n<li><a href=\"https:\/\/jornaleconomico.pt\/\">O Jornal Econ\u00f3mico<\/a><\/li>\n<li><a href=\"https:\/\/www.jn.pt\/\">Jornal de Not\u00edcias<\/a><\/li>\n<li><a href=\"https:\/\/www.lusa.pt\/\" target=\"_blank\" rel=\"noopener\">Lusa<\/a>: ag\u00eancia de not\u00edcias de Portugal<\/li>\n<li><a href=\"https:\/\/ominho.pt\/\">O Minho<\/a><\/li>\n<li><a href=\"https:\/\/www.publico.pt\/\">P\u00fablico<\/a><\/li>\n<li><a href=\"https:\/\/www.rtp.pt\/noticias\/\">RTP Not\u00edcies<\/a><\/li>\n<li><a href=\"https:\/\/www.sapo.pt\/\">Sapo<\/a><\/li>\n<li><a href=\"https:\/\/news.google.com\/topics\/CAAqJQgKIh9DQkFTRVFvSUwyMHZNRFZ5TkhjU0JYQjBMVkJVS0FBUAE?hl=pt-PT&amp;gl=PT&amp;ceid=PT%3Apt-150\">Google Noticias Portugal<\/a><\/li>\n<\/ul>\n<\/li>\n<li><b>R\u00e1dio e mais<\/b>\n<ul>\n<li><a href=\"https:\/\/www.bbc.com\/portuguese\">BBC Brasil<\/a><\/li>\n<li><a href=\"https:\/\/pt.euronews.com\/\">Euronews<\/a><\/li>\n<li><a href=\"https:\/\/www.radialistas.net\/\" target=\"_blank\" rel=\"noopener\">Radialistas<\/a>: producciones radiof\u00f3nicas gratis en espa\u00f1ol, portugu\u00e9s y MP3<\/li>\n<\/ul>\n<\/li>\n<li><b>A l\u00edngua<\/b>\n<ul>\n<li><a href=\"https:\/\/www.aatsp.org\/\">AATSP: American Association of Teachers of Spanish and Portuguese<\/a><\/li>\n<li><a href=\"https:\/\/www.app.pt\/\" target=\"_blank\" rel=\"noopener\">Associac\u00e3o de Profesores de Portugu\u00eas<\/a><\/li>\n<li><a href=\"https:\/\/www.cebusal.es\/\">Centro de estudios brasile\u00f1os<\/a> (Universidad de Salamanca)<\/li>\n<li><a href=\"https:\/\/www.priberam.pt\/DLPO\/\" target=\"_blank\" rel=\"noopener\">Dicion\u00e1rio da l\u00edngua portuguesa on-line<\/a><\/li>\n<li><a href=\"https:\/\/www.portugues.com.br\/\" target=\"_blank\" rel=\"noopener\">Gram\u00e1tica da L\u00edngua Portuguesa<\/a><\/li>\n<li><a href=\"https:\/\/www.instituto-camoes.pt\/\" target=\"_blank\" rel=\"noopener\">Instituto Cam\u00f5es<\/a><\/li>\n<li><a href=\"https:\/\/www.linguateca.pt\/\" target=\"_blank\" rel=\"noopener\">Linguateca<\/a><\/li>\n<li><a href=\"https:\/\/linguamatica.com\/\">LinguaM&#8217;ATICA<\/a><\/li>\n<li><a href=\"https:\/\/michaelis.uol.com.br\/\" target=\"_blank\" rel=\"noopener\">Michaelis: moderno dicion\u00e1rio da l\u00edngua portuguesa<\/a><\/li>\n<li><a href=\"http:\/\/www.portaldalinguaportuguesa.org\/\">Portal da l\u00edngua portuguesa<\/a><\/li>\n<li><a href=\"https:\/\/portugueslinguaestrangeiraespanha.blogspot.com\/\">PLE<\/a><\/li>\n<li><a href=\"https:\/\/eduardacosta.wordpress.com\/\">Portugu\u00eas L\u00edngua Estrangeira<\/a>: P\u00e1gina criada para partilhar materiais, actividades e outros assuntos ligados ao PLE.<\/li>\n<li><a href=\"https:\/\/www.portuguesonline.com\/\" target=\"_blank\" rel=\"noopener\">PortuguesOnline<\/a><\/li>\n<li><a href=\"https:\/\/todaspalavras.com\/\">TodasPalavras<\/a><\/li>\n<li><a href=\"https:\/\/www.verbix.com\/languages\/portuguese.shtml\" target=\"_blank\" rel=\"noopener\">Verbix: conjugate portuguese verbs<\/a><\/li>\n<li><a href=\"https:\/\/pt.wiktionary.org\/\" target=\"_blank\" rel=\"noopener\">Wikcion\u00e1rio<\/a><\/li>\n<li>Revistas\n<ul>\n<li><a href=\"https:\/\/periodicos.ufpel.edu.br\/index.php\/rle\/index\">Linguagem &amp; ensino<\/a><\/li>\n<li><a href=\"https:\/\/www.matrizes.usp.br\">MATRIZes<\/a><\/li>\n<li><a href=\"http:\/\/www.periodicos.letras.ufmg.br\/index.php\/textolivre\/\">Texto Livre. Linguagem e Tecnologia<\/a><\/li>\n<\/ul>\n<\/li>\n<\/ul>\n<\/li>\n<li><strong>A educa\u00e7\u00e3o<\/strong>\n<ul>\n<li><a href=\"https:\/\/magisol.blogspot.com\/\">Educa\u00e7\u00e3o permanente &#8211; curso G9<\/a><\/li>\n<\/ul>\n<\/li>\n<li><b>A literatura<\/b>\n<ul>\n<li><a href=\"https:\/\/www.oalib.com\/journal\/4676\/1\">F\u00f3lio: revista de Letras<\/a><\/li>\n<li><a href=\"https:\/\/www.revistas.usp.br\/manuscritica\/\">manuscr\u00edtica<\/a><\/li>\n<li><a href=\"https:\/\/www.wook.pt\/\">Wook<\/a>: livros<\/li>\n<\/ul>\n<\/li>\n<li><b>A cozinha<\/b>\n<ul>\n<li><a href=\"https:\/\/www.gastronomias.com\/\">Gastronomias<\/a><\/li>\n<li><a href=\"https:\/\/www.homemnacozinha.com\/\">Homem na Cozinha<\/a><\/li>\n<\/ul>\n<\/li>\n<li><b>Cultura<\/b>\n<ul>\n<li><a href=\"https:\/\/www.folclore-online.com\/\">Folclore de Portugal &#8211; o portal do floclore portugu\u00eas<\/a><\/li>\n<\/ul>\n<\/li>\n<li><b>Internet<\/b>\n<ul>\n<li><a href=\"https:\/\/home.uol.com.br\/\">UOL (portal)<\/a><\/li>\n<li><a href=\"https:\/\/www.sapo.pt\/\">Sapo Portugal Online (mensageiro, webmail, p\u00e1ginas pessoais)<\/a><\/li>\n<li><a href=\"https:\/\/tecnoblog.net\/\">Tecnoblog<\/a><\/li>\n<\/ul>\n<\/li>\n<li><b>Diversos<\/b>\n<ul>\n<li><a href=\"https:\/\/ojs.statsbiblioteket.dk\/index.php\/bras\">Brasiliana &#8211; Journal for Brazilian Studies<\/a><\/li>\n<li><a href=\"https:\/\/www.mundodasmensagens.com\/\">Mundo das mensagens<\/a><\/li>\n<li><a href=\"https:\/\/www.uc.pt\/\" target=\"_blank\" rel=\"noopener\">Universidade de Coimbra<\/a><\/li>\n<li><a href=\"https:\/\/pt.wikipedia.com\/\" target=\"_blank\" rel=\"noopener\">Wikipedia: encicolop\u00e9dia<\/a><\/li>\n<\/ul>\n<\/li>\n<\/ul>\n<span class=\"last-modified-timestamp\">Dec 24, 2025 @ 10:48 am<\/span>\n<div id=\"simple-translate\" class=\"simple-translate-system-theme\">\n<div>\n<div class=\"simple-translate-button isShow\" style=\"background-image: url('moz-extension:\/\/4fe9cde6-e923-4f4e-95a2-0682052323f6\/icons\/512.png'); height: 22px; width: 22px; top: 1957px; left: 92px;\"><\/div>\n<div class=\"simple-translate-panel \" style=\"width: 300px; height: 200px; top: 0px; left: 0px; font-size: 13px;\">\n<div class=\"simple-translate-result-wrapper\" style=\"overflow: hidden;\">\n<div class=\"simple-translate-move\" draggable=\"true\"><\/div>\n<div class=\"simple-translate-result-contents\">\n<p class=\"simple-translate-result\" dir=\"auto\">\n<p class=\"simple-translate-candidate\" dir=\"auto\">\n<\/div>\n<\/div>\n<\/div>\n<\/div>\n<\/div>\n","protected":false},"excerpt":{"rendered":"<p><span class=\"span-reading-time rt-reading-time\" style=\"display: block;\"><span class=\"rt-label rt-prefix\">Reading Time: <\/span> <span class=\"rt-time\"> &lt; 1<\/span> <span class=\"rt-label rt-postfix\">minute<\/span><\/span>Pesquisas AEIOU Google A actualidad \/ Jorn\u00e1is BR Ag\u00eanciaBrasil Luso-americano O Globo PT AEIOU Correio da manh\u00e3 Di\u00e1rio de Not\u00edcies Expresso O Jornal Econ\u00f3mico Jornal de Not\u00edcias Lusa: ag\u00eancia de not\u00edcias de Portugal O Minho P\u00fablico RTP Not\u00edcies Sapo Google Noticias Portugal R\u00e1dio e mais BBC Brasil Euronews Radialistas: producciones<\/p>\n","protected":false},"author":1,"featured_media":0,"parent":0,"menu_order":0,"comment_status":"closed","ping_status":"closed","template":"","meta":{"iawp_total_views":1,"footnotes":"","_wp_rev_ctl_limit":""},"class_list":["post-52914","page","type-page","status-publish","hentry"],"yoast_head":"<!-- This site is optimized with the Yoast SEO plugin v27.4 - https:\/\/yoast.com\/product\/yoast-seo-wordpress\/ -->\n<title>O portugu\u00eas na internet - hlrnet.com<\/title>\n<meta name=\"robots\" content=\"index, follow, max-snippet:-1, max-image-preview:large, max-video-preview:-1\" \/>\n<link rel=\"canonical\" href=\"https:\/\/hlrnet.com\/sites\/o-portugues-na-internet\/\" \/>\n<meta property=\"og:locale\" content=\"en_US\" \/>\n<meta property=\"og:type\" content=\"article\" \/>\n<meta property=\"og:title\" content=\"O portugu\u00eas na internet - hlrnet.com\" \/>\n<meta property=\"og:description\" content=\"Reading Time:  &lt; 1 minutePesquisas AEIOU Google A actualidad \/ Jorn\u00e1is BR Ag\u00eanciaBrasil Luso-americano O Globo PT AEIOU Correio da manh\u00e3 Di\u00e1rio de Not\u00edcies Expresso O Jornal Econ\u00f3mico Jornal de Not\u00edcias Lusa: ag\u00eancia de not\u00edcias de Portugal O Minho P\u00fablico RTP Not\u00edcies Sapo Google Noticias Portugal R\u00e1dio e mais BBC Brasil Euronews Radialistas: producciones\" \/>\n<meta property=\"og:url\" content=\"https:\/\/hlrnet.com\/sites\/o-portugues-na-internet\/\" \/>\n<meta property=\"og:site_name\" content=\"hlrnet.com\" \/>\n<meta property=\"article:modified_time\" content=\"2025-12-24T10:48:42+00:00\" \/>\n<meta name=\"twitter:card\" content=\"summary_large_image\" \/>\n<meta name=\"twitter:label1\" content=\"Est. reading time\" \/>\n\t<meta name=\"twitter:data1\" content=\"1 minute\" \/>\n<script type=\"application\/ld+json\" class=\"yoast-schema-graph\">{\"@context\":\"https:\\\/\\\/schema.org\",\"@graph\":[{\"@type\":\"WebPage\",\"@id\":\"https:\\\/\\\/hlrnet.com\\\/sites\\\/o-portugues-na-internet\\\/\",\"url\":\"https:\\\/\\\/hlrnet.com\\\/sites\\\/o-portugues-na-internet\\\/\",\"name\":\"O portugu\u00eas na internet - hlrnet.com\",\"isPartOf\":{\"@id\":\"https:\\\/\\\/hlrnet.com\\\/sites\\\/#website\"},\"datePublished\":\"2018-04-28T11:49:48+00:00\",\"dateModified\":\"2025-12-24T10:48:42+00:00\",\"breadcrumb\":{\"@id\":\"https:\\\/\\\/hlrnet.com\\\/sites\\\/o-portugues-na-internet\\\/#breadcrumb\"},\"inLanguage\":\"en-US\",\"potentialAction\":[{\"@type\":\"ReadAction\",\"target\":[\"https:\\\/\\\/hlrnet.com\\\/sites\\\/o-portugues-na-internet\\\/\"]}]},{\"@type\":\"BreadcrumbList\",\"@id\":\"https:\\\/\\\/hlrnet.com\\\/sites\\\/o-portugues-na-internet\\\/#breadcrumb\",\"itemListElement\":[{\"@type\":\"ListItem\",\"position\":1,\"name\":\"Home\",\"item\":\"https:\\\/\\\/hlrnet.com\\\/sites\\\/\"},{\"@type\":\"ListItem\",\"position\":2,\"name\":\"O portugu\u00eas na internet\"}]},{\"@type\":\"WebSite\",\"@id\":\"https:\\\/\\\/hlrnet.com\\\/sites\\\/#website\",\"url\":\"https:\\\/\\\/hlrnet.com\\\/sites\\\/\",\"name\":\"hlrnet.com\",\"description\":\"Hans Le Roy\",\"publisher\":{\"@id\":\"https:\\\/\\\/hlrnet.com\\\/sites\\\/#organization\"},\"potentialAction\":[{\"@type\":\"SearchAction\",\"target\":{\"@type\":\"EntryPoint\",\"urlTemplate\":\"https:\\\/\\\/hlrnet.com\\\/sites\\\/?s={search_term_string}\"},\"query-input\":{\"@type\":\"PropertyValueSpecification\",\"valueRequired\":true,\"valueName\":\"search_term_string\"}}],\"inLanguage\":\"en-US\"},{\"@type\":\"Organization\",\"@id\":\"https:\\\/\\\/hlrnet.com\\\/sites\\\/#organization\",\"name\":\"hlrnet.com\",\"url\":\"https:\\\/\\\/hlrnet.com\\\/sites\\\/\",\"logo\":{\"@type\":\"ImageObject\",\"inLanguage\":\"en-US\",\"@id\":\"https:\\\/\\\/hlrnet.com\\\/sites\\\/#\\\/schema\\\/logo\\\/image\\\/\",\"url\":\"https:\\\/\\\/hlrnet.com\\\/sites\\\/wp-content\\\/uploads\\\/2018\\\/04\\\/cropped-default512x512-trans-1.png\",\"contentUrl\":\"https:\\\/\\\/hlrnet.com\\\/sites\\\/wp-content\\\/uploads\\\/2018\\\/04\\\/cropped-default512x512-trans-1.png\",\"width\":512,\"height\":160,\"caption\":\"hlrnet.com\"},\"image\":{\"@id\":\"https:\\\/\\\/hlrnet.com\\\/sites\\\/#\\\/schema\\\/logo\\\/image\\\/\"}}]}<\/script>\n<!-- \/ Yoast SEO plugin. -->","yoast_head_json":{"title":"O portugu\u00eas na internet - hlrnet.com","robots":{"index":"index","follow":"follow","max-snippet":"max-snippet:-1","max-image-preview":"max-image-preview:large","max-video-preview":"max-video-preview:-1"},"canonical":"https:\/\/hlrnet.com\/sites\/o-portugues-na-internet\/","og_locale":"en_US","og_type":"article","og_title":"O portugu\u00eas na internet - hlrnet.com","og_description":"Reading Time:  &lt; 1 minutePesquisas AEIOU Google A actualidad \/ Jorn\u00e1is BR Ag\u00eanciaBrasil Luso-americano O Globo PT AEIOU Correio da manh\u00e3 Di\u00e1rio de Not\u00edcies Expresso O Jornal Econ\u00f3mico Jornal de Not\u00edcias Lusa: ag\u00eancia de not\u00edcias de Portugal O Minho P\u00fablico RTP Not\u00edcies Sapo Google Noticias Portugal R\u00e1dio e mais BBC Brasil Euronews Radialistas: producciones","og_url":"https:\/\/hlrnet.com\/sites\/o-portugues-na-internet\/","og_site_name":"hlrnet.com","article_modified_time":"2025-12-24T10:48:42+00:00","twitter_card":"summary_large_image","twitter_misc":{"Est. reading time":"1 minute"},"schema":{"@context":"https:\/\/schema.org","@graph":[{"@type":"WebPage","@id":"https:\/\/hlrnet.com\/sites\/o-portugues-na-internet\/","url":"https:\/\/hlrnet.com\/sites\/o-portugues-na-internet\/","name":"O portugu\u00eas na internet - hlrnet.com","isPartOf":{"@id":"https:\/\/hlrnet.com\/sites\/#website"},"datePublished":"2018-04-28T11:49:48+00:00","dateModified":"2025-12-24T10:48:42+00:00","breadcrumb":{"@id":"https:\/\/hlrnet.com\/sites\/o-portugues-na-internet\/#breadcrumb"},"inLanguage":"en-US","potentialAction":[{"@type":"ReadAction","target":["https:\/\/hlrnet.com\/sites\/o-portugues-na-internet\/"]}]},{"@type":"BreadcrumbList","@id":"https:\/\/hlrnet.com\/sites\/o-portugues-na-internet\/#breadcrumb","itemListElement":[{"@type":"ListItem","position":1,"name":"Home","item":"https:\/\/hlrnet.com\/sites\/"},{"@type":"ListItem","position":2,"name":"O portugu\u00eas na internet"}]},{"@type":"WebSite","@id":"https:\/\/hlrnet.com\/sites\/#website","url":"https:\/\/hlrnet.com\/sites\/","name":"hlrnet.com","description":"Hans Le Roy","publisher":{"@id":"https:\/\/hlrnet.com\/sites\/#organization"},"potentialAction":[{"@type":"SearchAction","target":{"@type":"EntryPoint","urlTemplate":"https:\/\/hlrnet.com\/sites\/?s={search_term_string}"},"query-input":{"@type":"PropertyValueSpecification","valueRequired":true,"valueName":"search_term_string"}}],"inLanguage":"en-US"},{"@type":"Organization","@id":"https:\/\/hlrnet.com\/sites\/#organization","name":"hlrnet.com","url":"https:\/\/hlrnet.com\/sites\/","logo":{"@type":"ImageObject","inLanguage":"en-US","@id":"https:\/\/hlrnet.com\/sites\/#\/schema\/logo\/image\/","url":"https:\/\/hlrnet.com\/sites\/wp-content\/uploads\/2018\/04\/cropped-default512x512-trans-1.png","contentUrl":"https:\/\/hlrnet.com\/sites\/wp-content\/uploads\/2018\/04\/cropped-default512x512-trans-1.png","width":512,"height":160,"caption":"hlrnet.com"},"image":{"@id":"https:\/\/hlrnet.com\/sites\/#\/schema\/logo\/image\/"}}]}},"publishpress_future_action":{"enabled":false,"date":"2026-05-01 21:50:09","action":"change-status","newStatus":"draft","terms":[],"taxonomy":"","extraData":[]},"publishpress_future_workflow_manual_trigger":{"enabledWorkflows":[]},"_links":{"self":[{"href":"https:\/\/hlrnet.com\/sites\/wp-json\/wp\/v2\/pages\/52914","targetHints":{"allow":["GET"]}}],"collection":[{"href":"https:\/\/hlrnet.com\/sites\/wp-json\/wp\/v2\/pages"}],"about":[{"href":"https:\/\/hlrnet.com\/sites\/wp-json\/wp\/v2\/types\/page"}],"author":[{"embeddable":true,"href":"https:\/\/hlrnet.com\/sites\/wp-json\/wp\/v2\/users\/1"}],"replies":[{"embeddable":true,"href":"https:\/\/hlrnet.com\/sites\/wp-json\/wp\/v2\/comments?post=52914"}],"version-history":[{"count":0,"href":"https:\/\/hlrnet.com\/sites\/wp-json\/wp\/v2\/pages\/52914\/revisions"}],"wp:attachment":[{"href":"https:\/\/hlrnet.com\/sites\/wp-json\/wp\/v2\/media?parent=52914"}],"curies":[{"name":"wp","href":"https:\/\/api.w.org\/{rel}","templated":true}]}}