{"id":496,"date":"2018-04-07T09:29:37","date_gmt":"2018-04-07T09:29:37","guid":{"rendered":"http:\/\/hlrnet.com\/sites\/?page_id=496"},"modified":"2026-03-10T08:54:48","modified_gmt":"2026-03-10T08:54:48","slug":"informatiebronnen-varia","status":"publish","type":"page","link":"https:\/\/hlrnet.com\/sites\/onderwijs\/informatiebronnen-varia\/","title":{"rendered":"Informatiebronnen: varia"},"content":{"rendered":"<span class=\"span-reading-time rt-reading-time\" style=\"display: block;\"><span class=\"rt-label rt-prefix\">Reading Time: <\/span> <span class=\"rt-time\"> 2<\/span> <span class=\"rt-label rt-postfix\">minutes<\/span><\/span><ul>\n<li>Onderwijsorganisatie\n<ul>\n<li><a href=\"https:\/\/www.lecaf-wbe.be\/\">CAF<\/a> &#8211; Centre d&#8217;Autoformation et de formation continu\u00e9e de l&#8217;enseignement continu\u00e9e organis\u00e9 par la Communaut\u00e9 fran\u00e7aise de Belgique \/\/ Formations, activit\u00e9s, publications, ressources<\/li>\n<li><a href=\"https:\/\/www.onderwijs.vlaanderen.be\/\" target=\"_blank\" rel=\"noopener noreferrer\">CLB <\/a>De Vlaamse centra voor leerlingenbegeleiding.<\/li>\n<\/ul>\n<ul>\n<li><a href=\"https:\/\/onderwijs.vlaanderen.be\">Departement onderwijs<\/a><\/li>\n<li><a href=\"https:\/\/www.belspo.be\/\" target=\"_blank\" rel=\"noopener noreferrer\">Federale diensten voor Wetenschappelijke, Technische en Culturele Aangelegenheden<\/a><\/li>\n<li><a href=\"https:\/\/www.klasse.be\/\" target=\"_blank\" rel=\"noopener noreferrer\">Klasse <\/a>Tijdschrift voor Onderwijs<\/li>\n<\/ul>\n<ul>\n<li><a href=\"https:\/\/www.schooldoorlichtingen.be\/\">Schooldoorlichtingen.be<\/a><\/li>\n<li><a href=\"https:\/\/www.onderwijsinspectie.be\/\" target=\"_blank\" rel=\"noopener noreferrer\">Onderwijsinspectie.be<\/a><\/li>\n<li><a href=\"https:\/\/www.onderwijsrecht.be\/\" target=\"_blank\" rel=\"noopener noreferrer\">Onderwijsrecht.be (ICOR)<\/a><\/li>\n<li><a href=\"https:\/\/www.onderwijs.vlaanderen.be\/onderwijsstatistieken\" target=\"_blank\" rel=\"noopener noreferrer\">Onderwijsstatistieken<\/a><\/li>\n<li><a href=\"https:\/\/www.ovsg.be\/\" target=\"_blank\" rel=\"noopener noreferrer\">OVSG: Onderwijssecretariaat van de steden en gemeenten van de Vlaamse Gemeenschap<\/a><\/li>\n<li>Franse gemeenschap\n<ul>\n<li><a href=\"https:\/\/enseignement.catholique.be\/\">Enseignement Catholique<\/a><\/li>\n<li><a href=\"https:\/\/www.lecaf-wbe.be\/\">Le CAF: centre d&#8217;autoformation et de formation continu\u00e9e<\/a><\/li>\n<li><a href=\"https:\/\/www.wallonie-bruxelles-enseignement.be\/\">Wallonie-Bruxelles-enseignement<\/a><\/li>\n<\/ul>\n<\/li>\n<\/ul>\n<\/li>\n<li>Informatiebronnen: leren en opleiden\n<ul>\n<li><a href=\"https:\/\/www.bestvzw.be\/\" target=\"_blank\" rel=\"noopener noreferrer\">Best vzw<\/a>: leren leren<\/li>\n<li><a href=\"https:\/\/www.bureaubezem.nl\/\" target=\"_blank\" rel=\"noopener noreferrer\">Bureau Bezem<\/a> (NL): advisering, training en begeleiding<\/li>\n<\/ul>\n<ul>\n<li><a href=\"https:\/\/www.docentenplein.nl\/\" target=\"_blank\" rel=\"noopener noreferrer\">Docentenplein.nl<\/a><\/li>\n<\/ul>\n<ul>\n<li><a href=\"https:\/\/www.edublogs.be\/\" target=\"_blank\" rel=\"noopener noreferrer\">Edublogs<\/a>: blogs over onderwijs<\/li>\n<li><a href=\"https:\/\/www.educaid.be\/\">Educaid<\/a>: Belgian platform for education and development<\/li>\n<\/ul>\n<ul>\n<li><a href=\"https:\/\/www.educatieve-academie.be\/\" target=\"_blank\" rel=\"noopener noreferrer\">Educatieve Academie<\/a><\/li>\n<li><a href=\"https:\/\/www.edux.nl\/\" target=\"_blank\" rel=\"noopener noreferrer\">Edu.nl<\/a>: management en vernieuwingsadvies<\/li>\n<li><a href=\"https:\/\/www.epos-vlaanderen.be\/\">Epos<\/a>: &#8216;Europese Programma&#8217;s voor Onderwijs, Opleiding en Samenwerking&#8217;<\/li>\n<li><a href=\"https:\/\/www.eschoolnet.org\/\" target=\"_blank\" rel=\"noopener noreferrer\">eSchoolnet<\/a><\/li>\n<li><a href=\"https:\/\/www.eun.org\/\" target=\"_blank\" rel=\"noopener noreferrer\">European Schoolnet<\/a> (EUN)<\/li>\n<li><a href=\"https:\/\/www.flashcardexchange.com\/\" target=\"_blank\" rel=\"noopener noreferrer\">FlashcardExchange<\/a><\/li>\n<li><a href=\"https:\/\/www.onderwijs.vlaanderen.be\/ict\/\" target=\"_blank\" rel=\"noopener noreferrer\">ICT ondersteuningspagina van het Departement Onderwijs<\/a><\/li>\n<li><a href=\"https:\/\/www.impulsvorming.be\/\" target=\"_blank\" rel=\"noopener noreferrer\">Impuls vorming<\/a><\/li>\n<li><a href=\"https:\/\/www.jeugdwerknet.be\/\" target=\"_blank\" rel=\"noopener noreferrer\">Jeugdwerknet<\/a><\/li>\n<li><a href=\"https:\/\/www.leren.nl\/\" target=\"_blank\" rel=\"noopener noreferrer\">Kennisbronnen op leren.nl<\/a><\/li>\n<li><a href=\"https:\/\/www.kennisnet.nl\/\" target=\"_blank\" rel=\"noopener noreferrer\">Kennisnet<\/a><\/li>\n<li><a href=\"https:\/\/www.klasse.be\/\">Klasse<\/a>\n<ul>\n<li><a href=\"https:\/\/www.tvklasse.be\/\">TV Klasse<\/a><\/li>\n<\/ul>\n<\/li>\n<li><a href=\"https:\/\/www.kwadraet.be\/\">Kwadraet<\/a><\/li>\n<li><a href=\"https:\/\/www.laks.nl\/\" target=\"_blank\" rel=\"noopener noreferrer\">LAKS<\/a><\/li>\n<li><a href=\"https:\/\/lcweb.loc.gov\/homepage\/lchp.html\" target=\"_blank\" rel=\"noopener noreferrer\">Learnthat<\/a>: free tutorials<\/li>\n<li><a href=\"https:\/\/www.vdab.be\/leerkrachtendatabank\/\" target=\"_blank\" rel=\"noopener noreferrer\">Leerkrachtendatabank<\/a>: als leerkracht je beschikbaarheid kenbaar maken aan mogelijk ge\u00efnteresseerde directies.<\/li>\n<li><a href=\"https:\/\/www.leerlingen.com\/\">Leerlingen.com<\/a><\/li>\n<li><a href=\"https:\/\/www.leraar.nl\/\" target=\"_blank\" rel=\"noopener noreferrer\">Leraar.nl<\/a><\/li>\n<li><a href=\"https:\/\/www.lzg.be\/\" target=\"_blank\" rel=\"noopener noreferrer\">Leraars zonder Grenzen<\/a><\/li>\n<li><a href=\"https:\/\/www.lichaamstaal.com\/\" target=\"_blank\" rel=\"noopener noreferrer\">Lichaamstaal.com<\/a><\/li>\n<li><a href=\"https:\/\/www.klasse.be\/lerarenkaart\/\" target=\"_blank\" rel=\"noopener noreferrer\">Lerarenkaart.be<\/a><\/li>\n<li><a href=\"https:\/\/www.lzg.be\/\" target=\"_blank\" rel=\"noopener noreferrer\">Leraars zonder grenzen<\/a><\/li>\n<li><a href=\"https:\/\/www.leren.nl\/\" target=\"_blank\" rel=\"noopener noreferrer\">Leren.nl<\/a><\/li>\n<\/ul>\n<ul>\n<li><a href=\"https:\/\/www.leren.nl\/rubriek\/onderwijs\/leertheorie\/\" target=\"_blank\" rel=\"noopener noreferrer\">Leren.nl: leertheorie<\/a><\/li>\n<li><a href=\"https:\/\/www.lesseninhetdonker.be\/\" target=\"_blank\" rel=\"noopener noreferrer\">Lessen in het donker<\/a>: film<\/li>\n<li><a href=\"https:\/\/www.limits.be\/\" target=\"_blank\" rel=\"noopener noreferrer\">Limits<\/a>: bescherming en preventie van geweld, pesterijen en ongewenst seksueel gedrag op het werk<\/li>\n<li><a href=\"https:\/\/www.livescience.com\/\">Livescience<\/a><\/li>\n<li><a class=\"ext\" href=\"https:\/\/llinkid.katholiekonderwijs.vlaanderen\/\" target=\"_blank\" rel=\"noopener noreferrer\">LLinkid<\/a>: tool waarmee je de nieuwe leerplannen secundair onderwijs op maat kan aanpassen, de voortgang op de klasvloer volgen en bijsturen vanuit het eigen pedagogisch project.<\/li>\n<li><a href=\"https:\/\/www.lowan.nl\/\">LOWAN<\/a>: ondersteuning onderwijs nieuwkomers<\/li>\n<li><a href=\"https:\/\/www.slo.nl\/\" target=\"_blank\" rel=\"noopener noreferrer\">Nationaal expertisecentrum leerplanontwikkeling (SLO)<\/a><\/li>\n<li><a href=\"https:\/\/www.obs-us.com\/\" target=\"_blank\" rel=\"noopener noreferrer\">OBS Open Book System<\/a><\/li>\n<li><a href=\"https:\/\/www.opvoedadvies.nl\/\" target=\"_blank\" rel=\"noopener noreferrer\">Opvoedadvies.nl<\/a><\/li>\n<li><a href=\"https:\/\/www.pestweb.nl\/\" target=\"_blank\" rel=\"noopener noreferrer\">PestWeb<\/a><\/li>\n<li><a href=\"https:\/\/muse.jhu.edu\/\" target=\"_blank\" rel=\"noopener noreferrer\">Project Muse Online Journals<\/a>: wetenschappelijk onderzoek<\/li>\n<li><a href=\"https:\/\/www.rodekruis.be\/\" target=\"_blank\" rel=\"noopener noreferrer\">Rode Kuis Vlaanderen<\/a><\/li>\n<li><a href=\"https:\/\/www.schoolweb.nl\/\" target=\"_blank\" rel=\"noopener noreferrer\">Schoolweb online<\/a><\/li>\n<li><a href=\"https:\/\/www.schoolzone.co.uk\/\" target=\"_blank\" rel=\"noopener noreferrer\">Schoolzone<\/a><\/li>\n<li><a href=\"https:\/\/www.sciencedirect.com\/\">ScienceDirect:<\/a> wetenschappelijke tijdschriften<\/li>\n<li><a href=\"https:\/\/www.slo.nl\/\" target=\"_blank\" rel=\"noopener noreferrer\">SLO &#8211; overzicht van leermiddelen<\/a><\/li>\n<li><a href=\"https:\/\/www.sprankel.be\/\" target=\"_blank\" rel=\"noopener noreferrer\">Sprankel<\/a>: vereniging van ouders van kinderen met leermoeilijkheden<\/li>\n<li><a href=\"https:\/\/www.stagehulp.nl\/\" target=\"_blank\" rel=\"noopener noreferrer\">Stagehulp.nl<\/a><\/li>\n<li><a href=\"https:\/\/www.ryckevelde.be\/\" target=\"_blank\" rel=\"noopener noreferrer\">Stichting Ryckevelde<\/a><\/li>\n<li><a href=\"https:\/\/www.stressfactor.be\/\" target=\"_blank\" rel=\"noopener noreferrer\">StressFactor<\/a><\/li>\n<li><a href=\"https:\/\/www.student.be\/\" target=\"_blank\" rel=\"noopener noreferrer\">Student<\/a><\/li>\n<li><a href=\"https:\/\/www.teachers.net\/\" target=\"_blank\" rel=\"noopener noreferrer\">Teachers.net<\/a><\/li>\n<li><a href=\"https:\/\/www.teachnet.org\/\" target=\"_blank\" rel=\"noopener noreferrer\">Teachers network<\/a><\/li>\n<li><a href=\"https:\/\/www.teachnet.com\/\" target=\"_blank\" rel=\"noopener noreferrer\">Teachnet<\/a><\/li>\n<li><a href=\"https:\/\/velov.wordpress.com\/\" target=\"_blank\" rel=\"noopener noreferrer\">VELOV &#8211; Vereniging van Vlaamse Lerarenopleiders<\/a><\/li>\n<li><a href=\"https:\/\/www.werkgroepverder.be\/\" target=\"_blank\" rel=\"noopener noreferrer\">Werkgroep verder<\/a>: nabestaanden na zelfdoding<\/li>\n<\/ul>\n<\/li>\n<li>Informatiebronnen: innovatie\n<ul>\n<li><a href=\"https:\/\/www.bazalt.nl\/\" target=\"_blank\" rel=\"noopener noreferrer\">Bazalt.nl<\/a>: innovatie<\/li>\n<li><a href=\"https:\/\/www.vernieuwenderwijs.nl\/\">Vernieuwenderwijs<\/a> &#8211; Inspiratie en Innovatie voor het onderwijs \/ Vakoverstijgend werken in de bovenbouw (NL)<\/li>\n<\/ul>\n<\/li>\n<li>Informatiebronnen: uitwisselingen\n<ul>\n<li><a href=\"https:\/\/www.epos-vlaanderen.be\/\">EPOS<\/a>: Europese programma&#8217;s voor Onderwijs, Opleiding en Samenwerking<\/li>\n<li><a href=\"https:\/\/www.etwinning.net\/\" target=\"_blank\" rel=\"noopener noreferrer\">eTwinning<\/a>: schoolparterschappen in Europa<\/li>\n<li><a href=\"https:\/\/www.eaie.org\/\">European Association for International education<\/a><\/li>\n<li><a href=\"https:\/\/www.fulbright.be\/\">Fulbright<\/a>: Commission for Educational Exchange between the US, Belgium and Luxemburg<\/li>\n<li><a href=\"https:\/\/www.eaie.org\/\">International Education &#8211; EAIE<\/a><\/li>\n<li><a href=\"https:\/\/www.schoolofeducation.eu\/\">School of education<\/a>: uitwisseling tussen lerarenopleidingen<\/li>\n<\/ul>\n<\/li>\n<li>Informatiebronnen: specifieke vraagstukken\n<ul>\n<li><a href=\"https:\/\/www.gezondeschool.be\/\">Gezondeschool<\/a><\/li>\n<li><a href=\"https:\/\/www.gripvzw.be\/\" target=\"_blank\" rel=\"noopener noreferrer\">GRIP: mensen met een handicap<\/a><\/li>\n<li><a href=\"https:\/\/www.hiq.nl\/\" target=\"_blank\" rel=\"noopener noreferrer\">HIQ<\/a>: voor en over hoogbegaafden<\/li>\n<li><a href=\"https:\/\/www.letop.be\/\">Letop: eerste hulp bij leerstoornissen<\/a><\/li>\n<\/ul>\n<\/li>\n<li>Informatiebronnen: wetenschap\n<ul>\n<li><a href=\"https:\/\/www.ingentaconnect.com\/\" target=\"_blank\" rel=\"noopener noreferrer\">IngentaConnect<\/a>: &#8220;the home of the scholarly research&#8221;<\/li>\n<li><a href=\"https:\/\/www.kloptdatwel.nl\/\">Kloptdatwel?<\/a><\/li>\n<li><a href=\"https:\/\/dans.knaw.nl\/nl\/data-diensten\/narcis\/\">NARCIS-DANS<\/a>: Nederlandse wetenschapsinformatie<\/li>\n<li><a href=\"https:\/\/onderzoekonderwijs.net\/\">OnderzoekOnderwijs<\/a><\/li>\n<li><a href=\"https:\/\/www.quantamagazine.org\/\">Quantamagazine<\/a><\/li>\n<li><a href=\"https:\/\/www.scielo.org\/\">SciElo<\/a>: Scientific Electronic Library Online<\/li>\n<li>ScienceDirect (login vereist voor het grootste gedeelte van de databank)<\/li>\n<li><a href=\"https:\/\/www.scopus.com\/\">Scopus<\/a><\/li>\n<li><a href=\"https:\/\/link.springer.com\/\" target=\"_blank\" rel=\"noopener noreferrer\">SpringerLink<\/a>: tijdschriften \/ journals<\/li>\n<li>Vrij toegankelijke peer-to-peer wetenschappelijk geverifieerde bronnen\n<ul>\n<li><a href=\"https:\/\/citeseer.ist.psu.edu\/\" target=\"_blank\" rel=\"noopener noreferrer\">CiteSeer<\/a>: Scientific Literature Digital Library<\/li>\n<li><a href=\"https:\/\/www.doaj.org\/\" target=\"_blank\" rel=\"noopener noreferrer\">Directory of Open Access Journals<\/a><\/li>\n<li><a href=\"https:\/\/www.eprints.org\/\" target=\"_blank\" rel=\"noopener noreferrer\">Eprints<\/a><\/li>\n<li><a href=\"https:\/\/www.plos.org\/\" target=\"_blank\" rel=\"noopener noreferrer\">Public Library of Science<\/a> (PLoS)<\/li>\n<li><a href=\"https:\/\/www.plosone.org\/\">PLos One<\/a><\/li>\n<li><a href=\"https:\/\/sciencecommons.org\/\">ScienceCommons<\/a><\/li>\n<\/ul>\n<\/li>\n<li>Papers etc. &#8211; artikels en publicaties\n<ul>\n<li><a href=\"https:\/\/scholar.google.com\/\" target=\"_blank\" rel=\"noopener noreferrer\"><strong>Google Scholar<\/strong><\/a><\/li>\n<\/ul>\n<\/li>\n<li>Onderzoek doen en scripties voorbereiden\n<ul>\n<li><a href=\"https:\/\/www.scribbr.nl\/\">Scribbr<\/a><\/li>\n<li><a href=\"https:\/\/www.studiebazaar.be\/index.php\/studiehulp\/paper-schrijven\">Studiebazaar<\/a><\/li>\n<li><a href=\"https:\/\/www.arteveldehogeschool.be\/studielicht\/paper\">Studielicht<\/a><\/li>\n<li><a href=\"https:\/\/www.topscriptie.nl\/\">Topscriptie<\/a><\/li>\n<li><a href=\"https:\/\/nl.wikihow.com\/Een-essay-of-paper-schrijven\">wikihow: een essay of paper schrijven<\/a><\/li>\n<\/ul>\n<\/li>\n<\/ul>\n<\/li>\n<li>Informatiebronnen: databanken &#8211; bibliografie\u00ebn\n<ul>\n<li><a href=\"https:\/\/eric.ed.gov\/\">ERIC<\/a><\/li>\n<li>Lijsten: <a href=\"https:\/\/library.waldenu.edu\/843.htm\">Walden<\/a><\/li>\n<\/ul>\n<\/li>\n<li>Informatiebronnen: databanken &#8211; cijfers (zie ook <a href=\"https:\/\/hlrnet.com\/sites\/onderwijs\/statistiek\/\">statistiek<\/a>)\n<ul>\n<li><a href=\"https:\/\/ec.europa.eu\/eurostat\">Eurostat<\/a><\/li>\n<li><a href=\"https:\/\/www.nationmaster.com\/\">NationMaster<\/a><\/li>\n<li><a href=\"https:\/\/www.education-inequalities.org\/\">World Inequality Database on Education<\/a><\/li>\n<\/ul>\n<\/li>\n<li>Informatiebronnen: databanken &#8211; lijsten van instellingen \/ scholen\n<ul>\n<li><a href=\"https:\/\/www.onlineeducation.net\/\">Education Database Online (US)<\/a><\/li>\n<li><a href=\"https:\/\/oedb.org\/\">OEDb &#8211; Open Education Database<\/a><\/li>\n<li><a href=\"https:\/\/www.onderwijskiezer.be\/\">Onderwijskiezer<\/a> (BE)<\/li>\n<li><a href=\"https:\/\/data-onderwijs.vlaanderen.be\/\">Webtoepassingen Onderwijs en Vorming<\/a><\/li>\n<\/ul>\n<\/li>\n<li>Informatiebronnen: algemeen\n<ul>\n<li><a href=\"https:\/\/www.abyznewslinks.com\/belgi.htm\" target=\"_blank\" rel=\"noopener noreferrer\">ABYZ News links: Belgium newspapers and news media guide<\/a><\/li>\n<li><a href=\"https:\/\/www.kb.nl\/\" target=\"_blank\" rel=\"noopener noreferrer\">Alexicon, informatiedienst van de Koninklijke Bibliotheek (NL)<\/a><\/li>\n<li><a href=\"https:\/\/www.synec-doc.be\/abd-bvd\/abd.htm\" target=\"_blank\" rel=\"noopener noreferrer\">Belgische Vereniging voor Documentatie<\/a><\/li>\n<li>Bibliotheken<\/li>\n<li><a href=\"https:\/\/www.citaten.net\/\">Citaten.net<\/a><\/li>\n<li><a href=\"https:\/\/www.citatenverzameling.com\/\">Citatenverzameling<\/a><\/li>\n<li><a href=\"https:\/\/www.ehow.com\/\" target=\"_blank\" rel=\"noopener noreferrer\">eHow<\/a>: How things get done<\/li>\n<li>Encyclopedie\u00ebn:\n<ul>\n<li><a href=\"https:\/\/www.citizendium.org\/\">Citizendium<\/a><\/li>\n<li><a href=\"https:\/\/www.dictionary.com\/\" target=\"_blank\" rel=\"noopener noreferrer\">Dictionary.com<\/a> en <a href=\"https:\/\/www.thesaurus.com\/\" target=\"_blank\" rel=\"noopener noreferrer\">Thesaurus.com<\/a><\/li>\n<li><a href=\"https:\/\/www.encyclo.nl\/\">Encyclo.nl<\/a><\/li>\n<li><a href=\"https:\/\/www.eb.com\/\" target=\"_blank\" rel=\"noopener noreferrer\">Encyclopedia Britannica<\/a><\/li>\n<li><a href=\"https:\/\/www.infoplease.com\/encyclopedia\/\" target=\"_blank\" rel=\"noopener noreferrer\">Infoplease<\/a> (Colmbia Encycopledia)<\/li>\n<li><a href=\"https:\/\/www.refdesk.com\/\" target=\"_blank\" rel=\"noopener noreferrer\">RefDesk<\/a><\/li>\n<li><a href=\"https:\/\/scientias.nl\/\">Scientias.nl<\/a><\/li>\n<li><a href=\"https:\/\/www.wikipedia.org\/\" target=\"_blank\" rel=\"noopener noreferrer\">Wikipedia<\/a><\/li>\n<\/ul>\n<\/li>\n<li><a href=\"https:\/\/www.eurekalert.org\/\">EurekAlert:<\/a> global source for science news<\/li>\n<li><a href=\"https:\/\/www.kranten.com\/\" target=\"_blank\" rel=\"noopener noreferrer\">Kranten.com<\/a><\/li>\n<li><a href=\"https:\/\/lcweb.loc.gov\/homepage\/lchp.html\" target=\"_blank\" rel=\"noopener noreferrer\">Library of Congress<\/a><\/li>\n<li><a href=\"https:\/\/www.medwordlist.com\/\" target=\"_blank\" rel=\"noopener noreferrer\">MedWordList: a medical, health and science directory<\/a><\/li>\n<li><a href=\"https:\/\/nl.wikipedia.org\/\" target=\"_blank\" rel=\"noopener noreferrer\">Wikipedia<\/a>: Nederlandstalige versie van de online encyclopedie<\/li>\n<\/ul>\n<\/li>\n<li>Quiz\n<ul>\n<li><a href=\"https:\/\/www.alle-tests.nl\/\">Alle-tests<\/a><\/li>\n<li>EN\n<ul>\n<li><a href=\"https:\/\/www.funtrivia.com\/\">Funtrivia<\/a><\/li>\n<li><a href=\"https:\/\/www.thatquiz.org\/\">Thatquiz<\/a><\/li>\n<\/ul>\n<\/li>\n<\/ul>\n<\/li>\n<\/ul>\n<p>Zie ook: <a href=\"https:\/\/hlrnet.com\/sites\/onderwijs\/bibliotheken\/\">bibliotheken<\/a><\/p>\n<span class=\"last-modified-timestamp\">Mar 10, 2026 @ 8:54 am<\/span>\n","protected":false},"excerpt":{"rendered":"<p><span class=\"span-reading-time rt-reading-time\" style=\"display: block;\"><span class=\"rt-label rt-prefix\">Reading Time: <\/span> <span class=\"rt-time\"> 2<\/span> <span class=\"rt-label rt-postfix\">minutes<\/span><\/span>Onderwijsorganisatie CAF &#8211; Centre d&#8217;Autoformation et de formation continu\u00e9e de l&#8217;enseignement continu\u00e9e organis\u00e9 par la Communaut\u00e9 fran\u00e7aise de Belgique \/\/ Formations, activit\u00e9s, publications, ressources CLB De Vlaamse centra voor leerlingenbegeleiding. Departement onderwijs Federale diensten voor Wetenschappelijke, Technische en Culturele Aangelegenheden Klasse Tijdschrift voor Onderwijs Schooldoorlichtingen.be Onderwijsinspectie.be Onderwijsrecht.be (ICOR) Onderwijsstatistieken OVSG:<\/p>\n","protected":false},"author":1,"featured_media":0,"parent":494,"menu_order":0,"comment_status":"closed","ping_status":"closed","template":"","meta":{"iawp_total_views":7,"footnotes":"","_wp_rev_ctl_limit":""},"class_list":["post-496","page","type-page","status-publish","hentry"],"yoast_head":"<!-- This site is optimized with the Yoast SEO plugin v27.4 - https:\/\/yoast.com\/product\/yoast-seo-wordpress\/ -->\n<title>Informatiebronnen: varia - hlrnet.com<\/title>\n<meta name=\"robots\" content=\"index, follow, max-snippet:-1, max-image-preview:large, max-video-preview:-1\" \/>\n<link rel=\"canonical\" href=\"https:\/\/hlrnet.com\/sites\/onderwijs\/informatiebronnen-varia\/\" \/>\n<meta property=\"og:locale\" content=\"en_US\" \/>\n<meta property=\"og:type\" content=\"article\" \/>\n<meta property=\"og:title\" content=\"Informatiebronnen: varia - hlrnet.com\" \/>\n<meta property=\"og:description\" content=\"Reading Time:  2 minutesOnderwijsorganisatie CAF &#8211; Centre d&#8217;Autoformation et de formation continu\u00e9e de l&#8217;enseignement continu\u00e9e organis\u00e9 par la Communaut\u00e9 fran\u00e7aise de Belgique \/\/ Formations, activit\u00e9s, publications, ressources CLB De Vlaamse centra voor leerlingenbegeleiding. Departement onderwijs Federale diensten voor Wetenschappelijke, Technische en Culturele Aangelegenheden Klasse Tijdschrift voor Onderwijs Schooldoorlichtingen.be Onderwijsinspectie.be Onderwijsrecht.be (ICOR) Onderwijsstatistieken OVSG:\" \/>\n<meta property=\"og:url\" content=\"https:\/\/hlrnet.com\/sites\/onderwijs\/informatiebronnen-varia\/\" \/>\n<meta property=\"og:site_name\" content=\"hlrnet.com\" \/>\n<meta property=\"article:modified_time\" content=\"2026-03-10T08:54:48+00:00\" \/>\n<meta name=\"twitter:card\" content=\"summary_large_image\" \/>\n<meta name=\"twitter:label1\" content=\"Est. reading time\" \/>\n\t<meta name=\"twitter:data1\" content=\"3 minutes\" \/>\n<script type=\"application\/ld+json\" class=\"yoast-schema-graph\">{\"@context\":\"https:\\\/\\\/schema.org\",\"@graph\":[{\"@type\":\"WebPage\",\"@id\":\"https:\\\/\\\/hlrnet.com\\\/sites\\\/onderwijs\\\/informatiebronnen-varia\\\/\",\"url\":\"https:\\\/\\\/hlrnet.com\\\/sites\\\/onderwijs\\\/informatiebronnen-varia\\\/\",\"name\":\"Informatiebronnen: varia - hlrnet.com\",\"isPartOf\":{\"@id\":\"https:\\\/\\\/hlrnet.com\\\/sites\\\/#website\"},\"datePublished\":\"2018-04-07T09:29:37+00:00\",\"dateModified\":\"2026-03-10T08:54:48+00:00\",\"breadcrumb\":{\"@id\":\"https:\\\/\\\/hlrnet.com\\\/sites\\\/onderwijs\\\/informatiebronnen-varia\\\/#breadcrumb\"},\"inLanguage\":\"en-US\",\"potentialAction\":[{\"@type\":\"ReadAction\",\"target\":[\"https:\\\/\\\/hlrnet.com\\\/sites\\\/onderwijs\\\/informatiebronnen-varia\\\/\"]}]},{\"@type\":\"BreadcrumbList\",\"@id\":\"https:\\\/\\\/hlrnet.com\\\/sites\\\/onderwijs\\\/informatiebronnen-varia\\\/#breadcrumb\",\"itemListElement\":[{\"@type\":\"ListItem\",\"position\":1,\"name\":\"Home\",\"item\":\"https:\\\/\\\/hlrnet.com\\\/sites\\\/\"},{\"@type\":\"ListItem\",\"position\":2,\"name\":\"Onderwijs\",\"item\":\"https:\\\/\\\/hlrnet.com\\\/sites\\\/onderwijs\\\/\"},{\"@type\":\"ListItem\",\"position\":3,\"name\":\"Informatiebronnen: varia\"}]},{\"@type\":\"WebSite\",\"@id\":\"https:\\\/\\\/hlrnet.com\\\/sites\\\/#website\",\"url\":\"https:\\\/\\\/hlrnet.com\\\/sites\\\/\",\"name\":\"hlrnet.com\",\"description\":\"Hans Le Roy\",\"publisher\":{\"@id\":\"https:\\\/\\\/hlrnet.com\\\/sites\\\/#organization\"},\"potentialAction\":[{\"@type\":\"SearchAction\",\"target\":{\"@type\":\"EntryPoint\",\"urlTemplate\":\"https:\\\/\\\/hlrnet.com\\\/sites\\\/?s={search_term_string}\"},\"query-input\":{\"@type\":\"PropertyValueSpecification\",\"valueRequired\":true,\"valueName\":\"search_term_string\"}}],\"inLanguage\":\"en-US\"},{\"@type\":\"Organization\",\"@id\":\"https:\\\/\\\/hlrnet.com\\\/sites\\\/#organization\",\"name\":\"hlrnet.com\",\"url\":\"https:\\\/\\\/hlrnet.com\\\/sites\\\/\",\"logo\":{\"@type\":\"ImageObject\",\"inLanguage\":\"en-US\",\"@id\":\"https:\\\/\\\/hlrnet.com\\\/sites\\\/#\\\/schema\\\/logo\\\/image\\\/\",\"url\":\"https:\\\/\\\/hlrnet.com\\\/sites\\\/wp-content\\\/uploads\\\/2018\\\/04\\\/cropped-default512x512-trans-1.png\",\"contentUrl\":\"https:\\\/\\\/hlrnet.com\\\/sites\\\/wp-content\\\/uploads\\\/2018\\\/04\\\/cropped-default512x512-trans-1.png\",\"width\":512,\"height\":160,\"caption\":\"hlrnet.com\"},\"image\":{\"@id\":\"https:\\\/\\\/hlrnet.com\\\/sites\\\/#\\\/schema\\\/logo\\\/image\\\/\"}}]}<\/script>\n<!-- \/ Yoast SEO plugin. -->","yoast_head_json":{"title":"Informatiebronnen: varia - hlrnet.com","robots":{"index":"index","follow":"follow","max-snippet":"max-snippet:-1","max-image-preview":"max-image-preview:large","max-video-preview":"max-video-preview:-1"},"canonical":"https:\/\/hlrnet.com\/sites\/onderwijs\/informatiebronnen-varia\/","og_locale":"en_US","og_type":"article","og_title":"Informatiebronnen: varia - hlrnet.com","og_description":"Reading Time:  2 minutesOnderwijsorganisatie CAF &#8211; Centre d&#8217;Autoformation et de formation continu\u00e9e de l&#8217;enseignement continu\u00e9e organis\u00e9 par la Communaut\u00e9 fran\u00e7aise de Belgique \/\/ Formations, activit\u00e9s, publications, ressources CLB De Vlaamse centra voor leerlingenbegeleiding. Departement onderwijs Federale diensten voor Wetenschappelijke, Technische en Culturele Aangelegenheden Klasse Tijdschrift voor Onderwijs Schooldoorlichtingen.be Onderwijsinspectie.be Onderwijsrecht.be (ICOR) Onderwijsstatistieken OVSG:","og_url":"https:\/\/hlrnet.com\/sites\/onderwijs\/informatiebronnen-varia\/","og_site_name":"hlrnet.com","article_modified_time":"2026-03-10T08:54:48+00:00","twitter_card":"summary_large_image","twitter_misc":{"Est. reading time":"3 minutes"},"schema":{"@context":"https:\/\/schema.org","@graph":[{"@type":"WebPage","@id":"https:\/\/hlrnet.com\/sites\/onderwijs\/informatiebronnen-varia\/","url":"https:\/\/hlrnet.com\/sites\/onderwijs\/informatiebronnen-varia\/","name":"Informatiebronnen: varia - hlrnet.com","isPartOf":{"@id":"https:\/\/hlrnet.com\/sites\/#website"},"datePublished":"2018-04-07T09:29:37+00:00","dateModified":"2026-03-10T08:54:48+00:00","breadcrumb":{"@id":"https:\/\/hlrnet.com\/sites\/onderwijs\/informatiebronnen-varia\/#breadcrumb"},"inLanguage":"en-US","potentialAction":[{"@type":"ReadAction","target":["https:\/\/hlrnet.com\/sites\/onderwijs\/informatiebronnen-varia\/"]}]},{"@type":"BreadcrumbList","@id":"https:\/\/hlrnet.com\/sites\/onderwijs\/informatiebronnen-varia\/#breadcrumb","itemListElement":[{"@type":"ListItem","position":1,"name":"Home","item":"https:\/\/hlrnet.com\/sites\/"},{"@type":"ListItem","position":2,"name":"Onderwijs","item":"https:\/\/hlrnet.com\/sites\/onderwijs\/"},{"@type":"ListItem","position":3,"name":"Informatiebronnen: varia"}]},{"@type":"WebSite","@id":"https:\/\/hlrnet.com\/sites\/#website","url":"https:\/\/hlrnet.com\/sites\/","name":"hlrnet.com","description":"Hans Le Roy","publisher":{"@id":"https:\/\/hlrnet.com\/sites\/#organization"},"potentialAction":[{"@type":"SearchAction","target":{"@type":"EntryPoint","urlTemplate":"https:\/\/hlrnet.com\/sites\/?s={search_term_string}"},"query-input":{"@type":"PropertyValueSpecification","valueRequired":true,"valueName":"search_term_string"}}],"inLanguage":"en-US"},{"@type":"Organization","@id":"https:\/\/hlrnet.com\/sites\/#organization","name":"hlrnet.com","url":"https:\/\/hlrnet.com\/sites\/","logo":{"@type":"ImageObject","inLanguage":"en-US","@id":"https:\/\/hlrnet.com\/sites\/#\/schema\/logo\/image\/","url":"https:\/\/hlrnet.com\/sites\/wp-content\/uploads\/2018\/04\/cropped-default512x512-trans-1.png","contentUrl":"https:\/\/hlrnet.com\/sites\/wp-content\/uploads\/2018\/04\/cropped-default512x512-trans-1.png","width":512,"height":160,"caption":"hlrnet.com"},"image":{"@id":"https:\/\/hlrnet.com\/sites\/#\/schema\/logo\/image\/"}}]}},"publishpress_future_action":{"enabled":false,"date":"2026-05-01 23:55:51","action":"change-status","newStatus":"draft","terms":[],"taxonomy":"","extraData":[]},"publishpress_future_workflow_manual_trigger":{"enabledWorkflows":[]},"_links":{"self":[{"href":"https:\/\/hlrnet.com\/sites\/wp-json\/wp\/v2\/pages\/496","targetHints":{"allow":["GET"]}}],"collection":[{"href":"https:\/\/hlrnet.com\/sites\/wp-json\/wp\/v2\/pages"}],"about":[{"href":"https:\/\/hlrnet.com\/sites\/wp-json\/wp\/v2\/types\/page"}],"author":[{"embeddable":true,"href":"https:\/\/hlrnet.com\/sites\/wp-json\/wp\/v2\/users\/1"}],"replies":[{"embeddable":true,"href":"https:\/\/hlrnet.com\/sites\/wp-json\/wp\/v2\/comments?post=496"}],"version-history":[{"count":0,"href":"https:\/\/hlrnet.com\/sites\/wp-json\/wp\/v2\/pages\/496\/revisions"}],"up":[{"embeddable":true,"href":"https:\/\/hlrnet.com\/sites\/wp-json\/wp\/v2\/pages\/494"}],"wp:attachment":[{"href":"https:\/\/hlrnet.com\/sites\/wp-json\/wp\/v2\/media?parent=496"}],"curies":[{"name":"wp","href":"https:\/\/api.w.org\/{rel}","templated":true}]}}