{"id":8094,"date":"2018-04-09T19:19:41","date_gmt":"2018-04-09T19:19:41","guid":{"rendered":"http:\/\/hlrnet.com\/sites\/gzorg\/?page_id=8094"},"modified":"2024-10-26T18:35:30","modified_gmt":"2024-10-26T18:35:30","slug":"oncologie","status":"publish","type":"page","link":"https:\/\/hlrnet.com\/sites\/gzorg\/oncologie\/","title":{"rendered":"Oncologie"},"content":{"rendered":"<ul>\n<li>Informatie\n<ul>\n<li><a href=\"http:\/\/www.borstkanker.net\/\" target=\"_blank\" rel=\"noopener noreferrer\">Borstkanker.net\u00a0<\/a><\/li>\n<li><a href=\"http:\/\/www.thebreastcancersite.com\/\" target=\"_blank\" rel=\"noopener noreferrer\">The Breast Cancer Site<\/a><\/li>\n<li><a href=\"http:\/\/www.breasthealth.com.au\/\">BreastHealth<\/a><\/li>\n<li><a href=\"http:\/\/www.cancercenter.com\/\">Cancercenter<\/a>: Cancer Treatment Centers Of America<\/li>\n<li><a href=\"http:\/\/www.cancerconsultants.com\/\" target=\"_blank\" rel=\"noopener noreferrer\">CancerConsultants<\/a><\/li>\n<li><a href=\"http:\/\/www.cancerindex.org\/\" target=\"_blank\" rel=\"noopener noreferrer\">Cancerindex<\/a><\/li>\n<li><a href=\"http:\/\/www.cancernews.com\/\" target=\"_blank\" rel=\"noopener noreferrer\">Cancernews<\/a><\/li>\n<li><a href=\"http:\/\/www.canceropole-gso.org\/\">Canc\u00e9ropole du Grand Sud-Ouest<\/a><\/li>\n<li><a href=\"http:\/\/www.cancerhelp.org.uk\/\">Cancer Research<\/a><\/li>\n<li><a href=\"http:\/\/www.cancerworld.org\/\" target=\"_blank\" rel=\"noopener noreferrer\">Cancer World<\/a><\/li>\n<li><a href=\"http:\/\/gyncancers.about.com\/\" target=\"_blank\" rel=\"noopener noreferrer\">Gynecologic Cancers (about.com)<\/a><\/li>\n<li><a href=\"http:\/\/imaginis.com\/\" target=\"_blank\" rel=\"noopener noreferrer\">Imaginis<\/a>: breast cancer resource<\/li>\n<li><a href=\"https:\/\/www.onclive.com\/\">Onclive<\/a><\/li>\n<\/ul>\n<\/li>\n<li>Beroepsverenigingen\n<ul>\n<li><a href=\"https:\/\/www.acro.org\/\" target=\"_blank\" rel=\"noopener noreferrer\">American College of Radiation Oncology<\/a><\/li>\n<li><a href=\"http:\/\/www.asco.org\/\" target=\"_blank\" rel=\"noopener noreferrer\">American Society of Clinical Oncology<\/a><\/li>\n<li><a href=\"http:\/\/www.aspho.org\/\" target=\"_blank\" rel=\"noopener noreferrer\">American Society of Pediatric Hematology\/Oncology Home Page<\/a><\/li>\n<li><a href=\"http:\/\/www.apon.org\/\" target=\"_blank\" rel=\"noopener noreferrer\">Association of Pediatric Oncology Nurses<\/a><\/li>\n<li><a href=\"http:\/\/www.eado.org\/\" target=\"_blank\" rel=\"noopener noreferrer\">EADO &#8211; European Association of Dermato-Oncology<\/a><\/li>\n<li><a href=\"http:\/\/www.ffcd.fr\/\">F\u00e9d\u00e9ration Francophone de Canc\u00e9rologie Digestive<\/a><\/li>\n<li><a href=\"http:\/\/www.ons.org\/\" target=\"_blank\" rel=\"noopener noreferrer\">Oncology Nursing Society<\/a><\/li>\n<li><a href=\"http:\/\/www.vvro.be\/\" target=\"_blank\" rel=\"noopener noreferrer\">VVRO &#8211; Vereniging voor Verpleegkundigen Radiologie en Oncologie<\/a><\/li>\n<\/ul>\n<\/li>\n<li>Verenigingen van en voor pati\u00ebnten\n<ul>\n<li><a href=\"http:\/\/www.diagnose-kanker.nl\/\" target=\"_blank\" rel=\"noopener noreferrer\">Diagnose Kanker<\/a>\u00a0(NL)<\/li>\n<li><a href=\"http:\/\/www.ecpc.org\/\">European Cancer Patient Coalition<\/a><\/li>\n<\/ul>\n<ul>\n<li><a href=\"http:\/\/www.cancer.be\/\" target=\"_blank\" rel=\"noopener noreferrer\">F\u00e9d\u00e9ration belge contre le cancer<\/a><\/li>\n<li><a href=\"http:\/\/www.melanoma.org\/\" target=\"_blank\" rel=\"noopener noreferrer\">The Melanomy research foundation<\/a><\/li>\n<li><a href=\"http:\/\/www.cancer.gov\/\">National Cancer Institute<\/a><\/li>\n<li><a href=\"http:\/\/www.nki.nl\/\" target=\"_blank\" rel=\"noopener noreferrer\">NKI &#8211; Nederlands Kankerinstituut<\/a><\/li>\n<li><a href=\"http:\/\/www.wg-hersentumoren.be\/\">Werkgroep hersentumoren<\/a><\/li>\n<\/ul>\n<\/li>\n<li>Journals &#8211; Tijdschriften\n<ul>\n<li><a href=\"http:\/\/annonc.oxfordjournals.org\/\">Annals of Oncology<\/a><\/li>\n<li><a href=\"http:\/\/www.eurjcancerprev.com\/\" target=\"_blank\" rel=\"noopener noreferrer\">European Journal of Cancer Prevention<\/a><\/li>\n<li><a href=\"http:\/\/www.jco.org\/\" target=\"_blank\" rel=\"noopener noreferrer\">Journal of Clinical Oncology<\/a><\/li>\n<li><a href=\"http:\/\/journals.cambridge.org\/action\/displayJournal?jid=JRP\">Journal of Radiotherapy in Practice<\/a><\/li>\n<li><a href=\"http:\/\/www.nature.com\/ncponc\/\">Nature Clinical Practice: Oncology<\/a><\/li>\n<li><a href=\"http:\/\/www.ro-journal.com\/\">Radiation Oncology<\/a><\/li>\n<li><a href=\"http:\/\/www.sarcoma.org\/\" target=\"_blank\" rel=\"noopener noreferrer\">Sarcoma.org<\/a><\/li>\n<li><a href=\"http:\/\/www.skincancer.org\/\" target=\"_blank\" rel=\"noopener noreferrer\">The Skin Cancer Foundation<\/a><\/li>\n<li><a href=\"http:\/\/www.soc-neuro-onc.org\/\" target=\"_blank\" rel=\"noopener noreferrer\">The Society for Neuro-Oncology<\/a><\/li>\n<li><a href=\"http:\/\/www.swog.org\/\" target=\"_blank\" rel=\"noopener noreferrer\">Southwest Oncology Group<\/a><\/li>\n<\/ul>\n<\/li>\n<li>Voor pati\u00ebnten\n<ul>\n<li><a href=\"https:\/\/www.myday.eu.com\/\">MyDay<\/a><\/li>\n<\/ul>\n<\/li>\n<\/ul>\n<span class=\"last-modified-timestamp\">okt 26, 2024 @ 6:35 pm<\/span>\n","protected":false},"excerpt":{"rendered":"<p>Informatie <a href=\"http:\/\/Borstkanker.net\" class=\"autohyperlink\">Borstkanker.net<\/a>\u00a0 The Breast Cancer Site BreastHealth Cancercenter: Cancer Treatment Centers Of America CancerConsultants Cancerindex Cancernews Canc\u00e9ropole du Grand Sud-Ouest Cancer Research Cancer World Gynecologic Cancers (<a href=\"http:\/\/about.com\" class=\"autohyperlink\">about.com<\/a>) Imaginis: breast cancer resource Onclive Beroepsverenigingen American College of Radiation Oncology American Society of Clinical Oncology American Society of Pediatric Hematology\/Oncology Home Page<\/p>\n","protected":false},"author":1,"featured_media":0,"parent":0,"menu_order":0,"comment_status":"closed","ping_status":"closed","template":"","meta":{"footnotes":"","_wp_rev_ctl_limit":""},"class_list":["post-8094","page","type-page","status-publish","hentry"],"publishpress_future_action":{"enabled":false,"date":"2026-04-30 16:37:02","action":"delete","newStatus":"draft","terms":[],"taxonomy":"","extraData":[]},"publishpress_future_workflow_manual_trigger":{"enabledWorkflows":[]},"_links":{"self":[{"href":"https:\/\/hlrnet.com\/sites\/gzorg\/wp-json\/wp\/v2\/pages\/8094","targetHints":{"allow":["GET"]}}],"collection":[{"href":"https:\/\/hlrnet.com\/sites\/gzorg\/wp-json\/wp\/v2\/pages"}],"about":[{"href":"https:\/\/hlrnet.com\/sites\/gzorg\/wp-json\/wp\/v2\/types\/page"}],"author":[{"embeddable":true,"href":"https:\/\/hlrnet.com\/sites\/gzorg\/wp-json\/wp\/v2\/users\/1"}],"replies":[{"embeddable":true,"href":"https:\/\/hlrnet.com\/sites\/gzorg\/wp-json\/wp\/v2\/comments?post=8094"}],"version-history":[{"count":3,"href":"https:\/\/hlrnet.com\/sites\/gzorg\/wp-json\/wp\/v2\/pages\/8094\/revisions"}],"predecessor-version":[{"id":23628,"href":"https:\/\/hlrnet.com\/sites\/gzorg\/wp-json\/wp\/v2\/pages\/8094\/revisions\/23628"}],"wp:attachment":[{"href":"https:\/\/hlrnet.com\/sites\/gzorg\/wp-json\/wp\/v2\/media?parent=8094"}],"curies":[{"name":"wp","href":"https:\/\/api.w.org\/{rel}","templated":true}]}}