{"id":8057,"date":"2018-04-09T14:21:49","date_gmt":"2018-04-09T14:21:49","guid":{"rendered":"http:\/\/hlrnet.com\/sites\/gzorg\/?page_id=8057"},"modified":"2025-12-04T17:51:15","modified_gmt":"2025-12-04T17:51:15","slug":"psychiatrie","status":"publish","type":"page","link":"https:\/\/hlrnet.com\/sites\/gzorg\/psychiatrie\/","title":{"rendered":"Psychiatrie \/ GGZ"},"content":{"rendered":"<ul>\n<li>Informatie &#8211; Information\n<ul>\n<li><a href=\"http:\/\/www.ascodocpsy.org\/\">Ascodocpsy<\/a>, le site pour les professionnels de la psychiatrie<\/li>\n<li><a href=\"http:\/\/www.ascodocpsy.org\/santepsy\/\">Base Sant\u00e9 Psy<\/a><\/li>\n<li><a href=\"http:\/\/www.coping.org\/\">Coping<\/a>: tools for coping with life&#8217;s stressors<\/li>\n<li><a href=\"http:\/\/psychiatry.uchicago.edu\/\" target=\"_blank\" rel=\"noopener noreferrer\">Department of Psychiatry &#8211; The University of Chicago<\/a><\/li>\n<li><a href=\"http:\/\/www.ggzstandaarden.nl\/\" target=\"_blank\" rel=\"noopener noreferrer\">Databank GGZ Standaarden<\/a><\/li>\n<li><a href=\"http:\/\/www.epsykoi.com\/\">Epsykoi<\/a> (FR)<\/li>\n<li><a href=\"http:\/\/www.fmsfonline.org\/\" target=\"_blank\" rel=\"noopener noreferrer\">False Memory Syndrome: memory and reality<\/a><\/li>\n<li><a href=\"http:\/\/www.fitinjehoofd.be\/\">Fit in je hoofd<\/a><\/li>\n<li><a href=\"http:\/\/www.guidesocial.be\/\">Guide social<\/a>: site de r\u00e9f\u00e9rence du secteur psycho-m\u00e9dico-social (BE)<\/li>\n<li><a href=\"http:\/\/www.hulpgids.nl\/\" target=\"_blank\" rel=\"noopener noreferrer\">Hulpgids.nl<\/a>: hulpgids voor geestelijke gezondheid<\/li>\n<li><a href=\"http:\/\/www.pobos.be\/\">IVP \/ POBOS<\/a> (BE)<\/li>\n<li><a href=\"http:\/\/www.mentalhealth.gov\/\">MentalHealth.gov<\/a><\/li>\n<li><a href=\"http:\/\/www.nimh.nih.gov\/\">National Institute of Mental Health<\/a><\/li>\n<li><a href=\"http:\/\/www.psiquiatria.com\/\" target=\"_blank\" rel=\"noopener noreferrer\">Psiquiatria.com<\/a>\u00a0(SP)<\/li>\n<li><a href=\"https:\/\/www.psy107.be\">Psy107<\/a><\/li>\n<li><a href=\"http:\/\/www.psychiatrie.de\/\" target=\"_blank\" rel=\"noopener noreferrer\">PsychiatrieNetz<\/a> (DE)<\/li>\n<li><a href=\"http:\/\/www.psychiatryonline.org\">PsychaitryOnline<\/a>\n<ul>\n<li><a href=\"http:\/\/dsm.psychiatryonline.org\">DSM library<\/a><\/li>\n<\/ul>\n<\/li>\n<li><a href=\"http:\/\/www.apa.org\/psycinfo\/\" target=\"_blank\" rel=\"noopener noreferrer\">PsycInfo<\/a>: Your Source for Psychological Abstracts (American Psychological Association)<\/li>\n<li><a href=\"http:\/\/www.psychologicalscience.org\/\">Psychologicalscience<\/a><\/li>\n<li><a href=\"http:\/\/www.psychologues.org\">Psychologues.org<\/a><\/li>\n<li><a href=\"http:\/\/www.psycport.com\/\" target=\"_blank\" rel=\"noopener noreferrer\">PsycPort<\/a> &#8211; The American Psychological Association<\/li>\n<li><a href=\"http:\/\/www.sobp.org\/\" target=\"_blank\" rel=\"noopener noreferrer\">SOBP<\/a><\/li>\n<li><a href=\"http:\/\/www.trauma-pages.com\/\" target=\"_blank\" rel=\"noopener noreferrer\">Trauma Information Pages<\/a><\/li>\n<li><a href=\"http:\/\/lifegard.tripod.com\/index-2.html\">The Vocabulary of Loss: A Glossary of Suicide-related Terminology<\/a><\/li>\n<\/ul>\n<\/li>\n<li>Beroepsvereniging &#8211; professional associations\n<ul>\n<li><a href=\"http:\/\/www.aacap.org\/\" target=\"_blank\" rel=\"noopener noreferrer\">American Academy of Child and Adolescent Psychiatry<\/a><\/li>\n<li><a href=\"http:\/\/www.apa.org\/\" target=\"_blank\" rel=\"noopener noreferrer\">American Psychologic Association &#8211; APA<\/a><\/li>\n<li><a href=\"http:\/\/www.aeapnb-nbapea.ca\">Association en \u00c9ducation et Avancement Psychiatrique du Nouveau-Brunswick (A\u00c9APNB)<\/a><\/li>\n<li><a href=\"http:\/\/www.afpbn.org\">Association Fran\u00e7aise de Psychiatrie Biologique et Neuropsychopharmacologie<\/a><\/li>\n<li><a href=\"http:\/\/psychologicalscience.org\/\">Association for psychological sciences &#8211; APS<\/a><\/li>\n<li><a href=\"http:\/\/www.aqiism.org\">Association Qu\u00e9b\u00e9coise des Infirmi\u00e8res et Infirmiers en Sant\u00e9 Mentale (AQIISM)<\/a><\/li>\n<li><a href=\"http:\/\/www.europsy.net\/\">European Psychiatric Association<\/a><\/li>\n<li><a href=\"http:\/\/www.ff2p.fr\/\">F\u00e9d\u00e9ration Fran\u00e7aise de psychoth\u00e9rapie et psychanalyse<\/a><\/li>\n<li><a href=\"https:\/\/www.overlegplatformgg.be\/\" target=\"_blank\" rel=\"noopener noreferrer\">Vlaams Overlegplatform Geestelijke Gezondheidszorg<\/a><\/li>\n<li><a href=\"http:\/\/www.santementale.fr\/\">Sant\u00e9 mentale<\/a> (FR)<\/li>\n<li><a href=\"http:\/\/www.vspn.nl\/\">VSPN: Vereniging voor SportPsychologie in Nederland<\/a><\/li>\n<li><a href=\"http:\/\/www.wfsbp.org\/\" target=\"_blank\" rel=\"noopener noreferrer\">WFSBP: World Federation of Societies of Biological Psychiatry<\/a><\/li>\n<\/ul>\n<\/li>\n<li>Verenigingen &#8211; Associations\n<ul>\n<li><a href=\"http:\/\/www.clientenbond.nl\/\" target=\"_blank\" rel=\"noopener noreferrer\">Cli\u00ebntenbond in de geestelijke gezondheidszorg<\/a> (NL)<\/li>\n<li><a href=\"http:\/\/www.downsyndroom.eu\/\">Downsyndroom Vlaanderen<\/a><\/li>\n<li><a href=\"http:\/\/www.dementie.be\/\">Dementie.be<\/a><\/li>\n<li><a href=\"http:\/\/www.filium.org\/\">Filium -EEPP<\/a>: escuela espa\u00f1ola de psicoterapia y psicoan\u00e1lisis<\/li>\n<li><a href=\"http:\/\/www.freud-lacan.com\/\">Freud-Lacan<\/a>: Association lacanienne internationale<\/li>\n<li><a href=\"http:\/\/www.lbfsm.be\/\">Ligue Bruxelloise Francophone pour la Sant\u00e9 Mentale<\/a><\/li>\n<li><a href=\"http:\/\/www.ovak.nl\/\" target=\"_blank\" rel=\"noopener noreferrer\">OVAK &#8211; Vereniging voor ouders van een ADHDH kind<\/a><\/li>\n<li><a href=\"http:\/\/www.similes.org\/\" target=\"_blank\" rel=\"noopener noreferrer\">Similes<\/a>: Familieleden en vrienden van personen met psychiatrische problemen<\/li>\n<li><a href=\"https:\/\/www.stopalzheimer.be\/\">StopAlzheimer<\/a><\/li>\n<li><a href=\"http:\/\/www.unafam.org\/\">Union nationale des amis et familles de malades psychiques<\/a><\/li>\n<li><a href=\"http:\/\/www.tourette.be\/\" target=\"_blank\" rel=\"noopener noreferrer\">Vlaamse Vereniging Gilles de la Tourette<\/a><\/li>\n<\/ul>\n<\/li>\n<li>Tijdschriften &#8211; Journals\n<ul>\n<li><a href=\"https:\/\/www.psychiatry.org\/\" target=\"_blank\" rel=\"noopener noreferrer\">Academic Psychiatry<\/a><\/li>\n<li><a href=\"http:\/\/ajp.psychiatryonline.org\/\" target=\"_blank\" rel=\"noopener noreferrer\">American Journal of Psychiatry<\/a><\/li>\n<li><a href=\"https:\/\/www.ajgponline.org\/\" target=\"_blank\" rel=\"noopener noreferrer\">American Journal of Geriatric Psychiatry<\/a><\/li>\n<li><a href=\"https:\/\/www.appi.org\/\" target=\"_blank\" rel=\"noopener noreferrer\">American Psychiatric Publishing<\/a><\/li>\n<li><a href=\"http:\/\/archpsyc.ama-assn.org\/\" target=\"_blank\" rel=\"noopener noreferrer\">Archives of General Psychiatry<\/a><\/li>\n<li><a href=\"http:\/\/bjp.rcpsych.org\/\" target=\"_blank\" rel=\"noopener noreferrer\">British Journal of Psychiatry<\/a><\/li>\n<li><a href=\"http:\/\/ebmh.bmjjournals.com\/\" target=\"_blank\" rel=\"noopener noreferrer\">Evidence Based Mental Health<\/a><\/li>\n<li><a href=\"http:\/\/www.psychiatrictimes.com\">Psychiatric Times<\/a><\/li>\n<li><a href=\"http:\/\/www.psychiatryonline.org\/\">PsychiatryOnline Journals<\/a><\/li>\n<li><a href=\"http:\/\/www.psychologiemagazine.nl\/\">Psychologie Magazine<\/a><\/li>\n<\/ul>\n<\/li>\n<li>Databases\n<ul>\n<li><a href=\"http:\/\/www.psycbite.com\/\">PsycByte<\/a><\/li>\n<\/ul>\n<\/li>\n<li>Topics (zie ook <a href=\"https:\/\/hlrnet.com\/sites\/gzorg\/autisme\/\">autisme<\/a> en <a href=\"http:\/\/hlrnet.com\/sites\/gzorg\/pijn\/\">pijn<\/a>)\n<ul>\n<li><a href=\"http:\/\/www.alzheimer-nederland.nl\/\" target=\"_blank\" rel=\"noopener noreferrer\">Alzheimer Nederland<\/a><\/li>\n<li><a href=\"http:\/\/www.alzheimers.org.uk\/\" target=\"_blank\" rel=\"noopener noreferrer\">Alzheimer&#8217;s Society<\/a> (UK)<\/li>\n<li><a href=\"http:\/\/www.autismalliance.org\/\" target=\"_blank\" rel=\"noopener noreferrer\">Autism Alliance<\/a><\/li>\n<li><a href=\"http:\/\/www.collectif-schizophrenies.com\/\">Collectif Schizophr\u00e9nies<\/a> (FR)<\/li>\n<li><a href=\"http:\/\/www.dementie.be\/\">Dementie.be<\/a><\/li>\n<li><a href=\"http:\/\/www.dementia.nl\/\">Dementia.nl<\/a><\/li>\n<li><a href=\"https:\/\/psychiatry.org\/dsm5\">DSM-5<\/a><\/li>\n<li><a href=\"http:\/\/www.pmtinfosite.nl\/\">Psychomotorische Therapie Info site<\/a><\/li>\n<li><a href=\"https:\/\/www.psychotherapy.net\">Psychotherapy.net<\/a><\/li>\n<li><a href=\"http:\/\/www.territoiresbipolaires.com\/\">Territoire bipolaire<\/a><\/li>\n<li><a href=\"http:\/\/lifegard.tripod.com\/\">The Suicide Paradigm<\/a><\/li>\n<li><a href=\"http:\/\/www.zelfmoord1813.be\/\">Zelfmoord1813<\/a><\/li>\n<li><a href=\"http:\/\/www.zelfmoordpreventie.be\/\" target=\"_blank\" rel=\"noopener noreferrer\">Zelfmoordpreventie<\/a><\/li>\n<li><a href=\"http:\/\/www.zitstil.be\/\" target=\"_blank\" rel=\"noopener noreferrer\">Zitstil.be (ADHD)<\/a><\/li>\n<\/ul>\n<\/li>\n<li>Instellingen\n<ul>\n<li><a href=\"http:\/\/www.copes.fr\">Copes, l\u2019institut de psychologie de l\u2019Universit\u00e9 Paris Descartes<\/a><\/li>\n<li><a href=\"https:\/\/hermesplus.be\/\">Hermesplus<\/a>, een netwerk voor geestelijke gezondheidszorg in Brussel<\/li>\n<\/ul>\n<\/li>\n<li>Topics: zelfdoding \/ suicide\n<ul>\n<li><a href=\"http:\/\/www.preventiezelfdoding.be\/\">Preventie zelfdoding<\/a><\/li>\n<li><a href=\"https:\/\/save.org\/\">SAVE: suicie prevention<\/a><\/li>\n<li><a href=\"http:\/\/www.werkgroepverder.be\/\" target=\"_blank\" rel=\"noopener noreferrer\">Werkgroep Verder<\/a>: nabestaanden na zelfdoding<\/li>\n<\/ul>\n<\/li>\n<\/ul>\n<span class=\"last-modified-timestamp\">dec 4, 2025 @ 5:51 pm<\/span>\n","protected":false},"excerpt":{"rendered":"<p>Informatie &#8211; Information Ascodocpsy, le site pour les professionnels de la psychiatrie Base Sant\u00e9 Psy Coping: tools for coping with life&#8217;s stressors Department of Psychiatry &#8211; The University of Chicago Databank GGZ Standaarden Epsykoi (FR) False Memory Syndrome: memory and reality Fit in je hoofd Guide social: site de r\u00e9f\u00e9rence<\/p>\n","protected":false},"author":1,"featured_media":0,"parent":0,"menu_order":0,"comment_status":"closed","ping_status":"closed","template":"","meta":{"footnotes":"","_wp_rev_ctl_limit":""},"class_list":["post-8057","page","type-page","status-publish","hentry"],"publishpress_future_action":{"enabled":false,"date":"2026-04-30 19:30:26","action":"delete","newStatus":"draft","terms":[],"taxonomy":"","extraData":[]},"publishpress_future_workflow_manual_trigger":{"enabledWorkflows":[]},"_links":{"self":[{"href":"https:\/\/hlrnet.com\/sites\/gzorg\/wp-json\/wp\/v2\/pages\/8057","targetHints":{"allow":["GET"]}}],"collection":[{"href":"https:\/\/hlrnet.com\/sites\/gzorg\/wp-json\/wp\/v2\/pages"}],"about":[{"href":"https:\/\/hlrnet.com\/sites\/gzorg\/wp-json\/wp\/v2\/types\/page"}],"author":[{"embeddable":true,"href":"https:\/\/hlrnet.com\/sites\/gzorg\/wp-json\/wp\/v2\/users\/1"}],"replies":[{"embeddable":true,"href":"https:\/\/hlrnet.com\/sites\/gzorg\/wp-json\/wp\/v2\/comments?post=8057"}],"version-history":[{"count":5,"href":"https:\/\/hlrnet.com\/sites\/gzorg\/wp-json\/wp\/v2\/pages\/8057\/revisions"}],"predecessor-version":[{"id":25114,"href":"https:\/\/hlrnet.com\/sites\/gzorg\/wp-json\/wp\/v2\/pages\/8057\/revisions\/25114"}],"wp:attachment":[{"href":"https:\/\/hlrnet.com\/sites\/gzorg\/wp-json\/wp\/v2\/media?parent=8057"}],"curies":[{"name":"wp","href":"https:\/\/api.w.org\/{rel}","templated":true}]}}