{"id":7959,"date":"2018-04-07T20:27:45","date_gmt":"2018-04-07T20:27:45","guid":{"rendered":"http:\/\/hlrnet.com\/sites\/gzorg\/?page_id=7959"},"modified":"2023-12-29T13:39:31","modified_gmt":"2023-12-29T13:39:31","slug":"dermatologie","status":"publish","type":"page","link":"https:\/\/hlrnet.com\/sites\/gzorg\/dermatologie\/","title":{"rendered":"Dermatologie"},"content":{"rendered":"<ul>\n<li><a href=\"http:\/\/www.acne.com\/\" target=\"_blank\" rel=\"noopener noreferrer\">Acne.com<\/a><\/li>\n<li>Associations\n<ul>\n<li><a href=\"http:\/\/www.aad.org\/\" target=\"_blank\" rel=\"noopener noreferrer\">American Academy of Dermatology<\/a><\/li>\n<\/ul>\n<ul>\n<li><a href=\"http:\/\/www.dermatology.ca\/\" target=\"_blank\" rel=\"noopener noreferrer\">Canadian Dermatology Association \/ L&#8217;Association canadienne de dermatologie<\/a><\/li>\n<li><a href=\"http:\/\/www.dnanurse.org\/\" target=\"_blank\" rel=\"noopener noreferrer\">Dermatology Nurses Association<\/a><\/li>\n<li><a href=\"http:\/\/www.eado.org\/\" target=\"_blank\" rel=\"noopener noreferrer\">EADO &#8211; European Association of Dermato-Oncology<\/a><\/li>\n<li><a href=\"http:\/\/www.groupelasersfd.com\/\">Groupe laser de la SFD<\/a><\/li>\n<li><a href=\"http:\/\/www.edae.gr\/\" target=\"_blank\" rel=\"noopener noreferrer\">Hellenic Association dermatology &#8211; venereology<\/a><\/li>\n<li><a href=\"http:\/\/www.iacdworld.org\/\" target=\"_blank\" rel=\"noopener noreferrer\">International Academy of Cosmetic Dermatology<\/a><\/li>\n<li><a href=\"http:\/\/www.telemedicine.org\/ids.htm\" target=\"_blank\" rel=\"noopener noreferrer\">Internet Dermatology Society<\/a><\/li>\n<li><a href=\"http:\/\/www.sfdermato.org\/\">Soci\u00e9t\u00e9 Fran\u00e7aise de Dermatologie<\/a><\/li>\n<li><a href=\"http:\/\/www.sfme.info\/\">Soci\u00e9t\u00e9<br \/>\nfran\u00e7aise de m\u00e9decine esth\u00e9tique<\/a><\/li>\n<\/ul>\n<\/li>\n<li><a href=\"https:\/\/www.botanical-dermatology-database.info\/\" target=\"_blank\" rel=\"noopener noreferrer\">Botanical Dermatology Database<\/a><\/li>\n<li>Centers\n<ul>\n<li><a href=\"http:\/\/www.dermatobordeaux.fr\/\">Dermato Boreaux<\/a><\/li>\n<\/ul>\n<\/li>\n<li><a href=\"http:\/\/dermatologie.free.fr\/\" target=\"_blank\" rel=\"noopener noreferrer\">Dermatologie.free.fr<\/a><\/li>\n<li><a href=\"http:\/\/www.dermquest.com\/\" target=\"_blank\" rel=\"noopener noreferrer\">DermQuest<\/a><\/li>\n<li><a href=\"http:\/\/www.telemedicine.org\/stamford.htm\" target=\"_blank\" rel=\"noopener noreferrer\">Electronic Textbook of Dermatology<\/a><\/li>\n<li><a href=\"http:\/\/www.euromelanoma.org\/\" target=\"_blank\" rel=\"noopener noreferrer\">Euro Melanoma<\/a><\/li>\n<li><a href=\"https:\/\/www.huidhuis.nl\/\">Huidhuis<\/a><\/li>\n<li><a href=\"http:\/\/www.huidinfo.nl\/\">Huidinfo.nl<\/a><\/li>\n<li>Journals\n<ul>\n<li><a href=\"http:\/\/archderm.ama-assn.org\/\" target=\"_blank\" rel=\"noopener noreferrer\">Archives of Dermatology<\/a><\/li>\n<li><a href=\"http:\/\/dermatology.cdlib.org\/\" target=\"_blank\" rel=\"noopener noreferrer\">Dermatology Online Journal<\/a><\/li>\n<li><a href=\"http:\/\/www.dermatologytimes.com\/\" target=\"_blank\" rel=\"noopener noreferrer\">Dermatology Times<\/a><\/li>\n<li><a href=\"http:\/\/www.e-ijd.org\/\" target=\"_blank\" rel=\"noopener noreferrer\">Indian Journal of Dermatology<\/a><\/li>\n<li><a href=\"http:\/\/www.eblue.org\/\" target=\"_blank\" rel=\"noopener noreferrer\">Journal of the American Academy of<br \/>\nDermatology<\/a>\u00a0<a href=\"http:\/\/www.jidonline.org\/\" target=\"_blank\" rel=\"noopener noreferrer\">Journal of Investigative Dermatology<\/a><\/li>\n<\/ul>\n<\/li>\n<li><a href=\"http:\/\/www.kindereczeem.nl\/\" target=\"_blank\" rel=\"noopener noreferrer\">Kindereczeem.nl<\/a><\/li>\n<li><a href=\"http:\/\/www.melanoma.org\/\">Melanoma Research Foundation<\/a><\/li>\n<li>Protocols<\/li>\n<li><a href=\"http:\/\/www.capederm.com\/\" target=\"_blank\" rel=\"noopener noreferrer\">The Skin Site<\/a><\/li>\n<li><a href=\"http:\/\/www.skinema.com\/\" target=\"_blank\" rel=\"noopener noreferrer\">Skinema: The dermatology in the cinema web site<\/a><\/li>\n<li><a href=\"http:\/\/www.sidnet.org\/\" target=\"_blank\" rel=\"noopener noreferrer\">Society for Investigative Dermatology<\/a><\/li>\n<li><a href=\"http:\/\/www.teleconsultatie.nl\/\">Stichting voor teledermatologische consultatie<\/a> (NL)<\/li>\n<\/ul>\n<span class=\"last-modified-timestamp\">dec 29, 2023 @ 1:39 pm<\/span>\n","protected":false},"excerpt":{"rendered":"<p><a href=\"http:\/\/Acne.com\" class=\"autohyperlink\">Acne.com<\/a> Associations American Academy of Dermatology Canadian Dermatology Association \/ L&#8217;Association canadienne de dermatologie Dermatology Nurses Association EADO &#8211; European Association of Dermato-Oncology Groupe laser de la SFD Hellenic Association dermatology &#8211; venereology International Academy of Cosmetic Dermatology Internet Dermatology Society Soci\u00e9t\u00e9 Fran\u00e7aise de Dermatologie Soci\u00e9t\u00e9 fran\u00e7aise de m\u00e9decine esth\u00e9tique<\/p>\n","protected":false},"author":1,"featured_media":0,"parent":0,"menu_order":0,"comment_status":"closed","ping_status":"closed","template":"","meta":{"footnotes":"","_wp_rev_ctl_limit":""},"class_list":["post-7959","page","type-page","status-publish","hentry"],"publishpress_future_action":{"enabled":false,"date":"2026-04-30 16:37:01","action":"delete","newStatus":"draft","terms":[],"taxonomy":"","extraData":[]},"publishpress_future_workflow_manual_trigger":{"enabledWorkflows":[]},"_links":{"self":[{"href":"https:\/\/hlrnet.com\/sites\/gzorg\/wp-json\/wp\/v2\/pages\/7959","targetHints":{"allow":["GET"]}}],"collection":[{"href":"https:\/\/hlrnet.com\/sites\/gzorg\/wp-json\/wp\/v2\/pages"}],"about":[{"href":"https:\/\/hlrnet.com\/sites\/gzorg\/wp-json\/wp\/v2\/types\/page"}],"author":[{"embeddable":true,"href":"https:\/\/hlrnet.com\/sites\/gzorg\/wp-json\/wp\/v2\/users\/1"}],"replies":[{"embeddable":true,"href":"https:\/\/hlrnet.com\/sites\/gzorg\/wp-json\/wp\/v2\/comments?post=7959"}],"version-history":[{"count":0,"href":"https:\/\/hlrnet.com\/sites\/gzorg\/wp-json\/wp\/v2\/pages\/7959\/revisions"}],"wp:attachment":[{"href":"https:\/\/hlrnet.com\/sites\/gzorg\/wp-json\/wp\/v2\/media?parent=7959"}],"curies":[{"name":"wp","href":"https:\/\/api.w.org\/{rel}","templated":true}]}}