{"id":6257,"date":"2016-10-17T13:53:46","date_gmt":"2016-10-17T13:53:46","guid":{"rendered":"http:\/\/hlrnet.com\/sites\/gzorg\/?page_id=6257"},"modified":"2018-05-18T08:09:49","modified_gmt":"2018-05-18T08:09:49","slug":"senegal","status":"publish","type":"page","link":"https:\/\/hlrnet.com\/sites\/gzorg\/senegal\/","title":{"rendered":"Senegal"},"content":{"rendered":"<p>WHO: statistics &#8211; <a href=\"http:\/\/www.who.int\/countries\/sen\/es\/\" class=\"autohyperlink\">www.who.int\/countries\/sen\/es\/<\/a><br \/>\nWHO: statistiques &#8211; <a href=\"http:\/\/www.who.int\/countries\/sen\/fr\/\" class=\"autohyperlink\">www.who.int\/countries\/sen\/fr\/<\/a><br \/>\nWHO: Senegal: A leap forward on infant survival &#8211; <a href=\"http:\/\/www.afro.who.int\/en\/media-centre\/afro-feature\/item\/6773-senegal-a-leap-forward-on-infant-survival.html\" class=\"autohyperlink\">www.afro.who.int\/en\/media-centre\/afro-feature\/item\/6773-senegal-a-leap-forward-on-infant-survival.html<\/a><br \/>\nChikungunya \u2013 Senegal &#8211; <a href=\"http:\/\/www.who.int\/csr\/don\/14-september-2015-chikungunya\/en\/\" class=\"autohyperlink\">www.who.int\/csr\/don\/14-september-2015-chikungunya\/en\/<\/a><br \/>\nG\u00e9ographie du S\u00e9n\u00e9gal &#8211; <a href=\"https:\/\/fr.wikipedia.org\/wiki\/G%C3%A9ographie_du_S%C3%A9n%C3%A9gal\" class=\"autohyperlink\">fr.wikipedia.org\/wiki\/G%C3%A9ographie_du_S%C3%A9n%C3%A9gal<\/a><br \/>\nS\u00e9n\u00e9gal &#8211; <a href=\"https:\/\/fr.wikipedia.org\/wiki\/S%C3%A9n%C3%A9gal\" class=\"autohyperlink\">fr.wikipedia.org\/wiki\/S%C3%A9n%C3%A9gal<\/a><br \/>\nSenegal: country profiles &#8211; <a href=\"http:\/\/www.who.int\/gho\/countries\/sen\/country_profiles\/en\/\" class=\"autohyperlink\">www.who.int\/gho\/countries\/sen\/country_profiles\/en\/<\/a><br \/>\nS\u00e9n\u00e9gal sant\u00e9 mobile &#8211; <a href=\"http:\/\/www.senegalsantemobile.org\/\" class=\"autohyperlink\">www.senegalsantemobile.org\/<\/a><\/p>\n<span class=\"last-modified-timestamp\">mei 18, 2018 @ 8:09 am<\/span>\n","protected":false},"excerpt":{"rendered":"<p>WHO: statistics &#8211; www.who.int\/countries\/sen\/es\/ WHO: statistiques &#8211; www.who.int\/countries\/sen\/fr\/ WHO: Senegal: A leap forward on infant survival &#8211; www.afro.who.int\/en\/media-centre\/afro-feature\/item\/6773-senegal-a-leap-forward-on-infant-survival.html Chikungunya \u2013 Senegal &#8211; www.who.int\/csr\/don\/14-september-2015-chikungunya\/en\/ G\u00e9ographie du S\u00e9n\u00e9gal &#8211; <a href=\"http:\/\/fr.wikipedia.org\/wiki\/G%C3%A9ographie_du_S%C3%A9n%C3%A9gal\" class=\"autohyperlink\">fr.wikipedia.org\/wiki\/G%C3%A9ographie_du_S%C3%A9n%C3%A9gal<\/a> S\u00e9n\u00e9gal &#8211; <a href=\"http:\/\/fr.wikipedia.org\/wiki\/S%C3%A9n%C3%A9gal\" class=\"autohyperlink\">fr.wikipedia.org\/wiki\/S%C3%A9n%C3%A9gal<\/a> Senegal: country profiles &#8211; www.who.int\/gho\/countries\/sen\/country_profiles\/en\/ S\u00e9n\u00e9gal sant\u00e9 mobile &#8211; <a href=\"http:\/\/www.senegalsantemobile.org\/\" class=\"autohyperlink\">www.senegalsantemobile.org\/<\/a><\/p>\n","protected":false},"author":1,"featured_media":0,"parent":0,"menu_order":0,"comment_status":"closed","ping_status":"closed","template":"","meta":{"footnotes":"","_wp_rev_ctl_limit":""},"class_list":["post-6257","page","type-page","status-publish","hentry"],"publishpress_future_action":{"enabled":false,"date":"2026-04-30 19:30:41","action":"delete","newStatus":"draft","terms":[],"taxonomy":"","extraData":[]},"publishpress_future_workflow_manual_trigger":{"enabledWorkflows":[]},"_links":{"self":[{"href":"https:\/\/hlrnet.com\/sites\/gzorg\/wp-json\/wp\/v2\/pages\/6257","targetHints":{"allow":["GET"]}}],"collection":[{"href":"https:\/\/hlrnet.com\/sites\/gzorg\/wp-json\/wp\/v2\/pages"}],"about":[{"href":"https:\/\/hlrnet.com\/sites\/gzorg\/wp-json\/wp\/v2\/types\/page"}],"author":[{"embeddable":true,"href":"https:\/\/hlrnet.com\/sites\/gzorg\/wp-json\/wp\/v2\/users\/1"}],"replies":[{"embeddable":true,"href":"https:\/\/hlrnet.com\/sites\/gzorg\/wp-json\/wp\/v2\/comments?post=6257"}],"version-history":[{"count":0,"href":"https:\/\/hlrnet.com\/sites\/gzorg\/wp-json\/wp\/v2\/pages\/6257\/revisions"}],"wp:attachment":[{"href":"https:\/\/hlrnet.com\/sites\/gzorg\/wp-json\/wp\/v2\/media?parent=6257"}],"curies":[{"name":"wp","href":"https:\/\/api.w.org\/{rel}","templated":true}]}}