{"id":6239,"date":"2016-10-15T09:08:43","date_gmt":"2016-10-15T09:08:43","guid":{"rendered":"http:\/\/hlrnet.com\/sites\/gzorg\/?page_id=6239"},"modified":"2018-10-25T10:14:46","modified_gmt":"2018-10-25T10:14:46","slug":"benin","status":"publish","type":"page","link":"https:\/\/hlrnet.com\/sites\/gzorg\/benin\/","title":{"rendered":"Benin"},"content":{"rendered":"<p>G\u00e9ographie et donn\u00e9es sur le B\u00e9nin<br \/>\n<a href=\"https:\/\/fr.wikipedia.org\/wiki\/B%C3%A9nin\" class=\"autohyperlink\">fr.wikipedia.org\/wiki\/B%C3%A9nin<\/a><br \/>\n<a href=\"http:\/\/www.who.int\/countries\/ben\/fr\/\" class=\"autohyperlink\">www.who.int\/countries\/ben\/fr\/<\/a><\/p>\n<p>Minist\u00e8re de la sant\u00e9 au B\u00e9nin<br \/>\n<a href=\"http:\/\/www.sante.gouv.bj\/\" class=\"autohyperlink\">www.sante.gouv.bj\/<\/a><\/p>\n<p>Malnutrition &#8211; OMS<br \/>\n<a href=\"http:\/\/www.who.int\/water_sanitation_health\/diseases\/malnutrition\/fr\/\" class=\"autohyperlink\">www.who.int\/water_sanitation_health\/diseases\/malnutrition\/fr\/<\/a><\/p>\n<p>Paludisme \/ malaria &#8211; OMS<br \/>\n<a href=\"http:\/\/www.who.int\/topics\/malaria\/fr\/\" class=\"autohyperlink\">www.who.int\/topics\/malaria\/fr\/<\/a><\/p>\n<p>OMS: Dossiers: maladies infectieuses<br \/>\n<a href=\"http:\/\/www.who.int\/features\/infectious_diseases\/fr\/\" class=\"autohyperlink\">www.who.int\/features\/infectious_diseases\/fr\/<\/a><\/p>\n<p>OMS: Mutilations sexuelles f\u00e9minines<br \/>\n<a href=\"http:\/\/www.who.int\/features\/infectious_diseases\/fr\/\" class=\"autohyperlink\">www.who.int\/features\/infectious_diseases\/fr\/<\/a><\/p>\n<p>OMS: Classification des mutilations sexuelles f\u00e9minines<br \/>\n<a href=\"http:\/\/www.who.int\/reproductivehealth\/topics\/fgm\/overview\/fr\/\" class=\"autohyperlink\">www.who.int\/reproductivehealth\/topics\/fgm\/overview\/fr\/<\/a><\/p>\n<p>OMS: cancer<br \/>\n<a href=\"http:\/\/www.who.int\/mediacentre\/factsheets\/fs297\/fr\/\" class=\"autohyperlink\">www.who.int\/mediacentre\/factsheets\/fs297\/fr\/<\/a><\/p>\n<p>Le cancer du col de l&#8217;ut\u00e9rus est fr\u00e9quent chez les femmes africaines<br \/>\n<a href=\"http:\/\/www.afro.who.int\/fr\/centre-des-medias\/afro-feature\/item\/7564-le-cancer-du-col-de-l%E2%80%99ut%C3%A9rus-est-fr%C3%A9quent-chez-les-femmes-africaines.html\" class=\"autohyperlink\">www.afro.who.int\/fr\/centre-des-medias\/afro-feature\/item\/7564-le-cancer-du-col-de-l%E2%80%99ut%C3%A9rus-est-fr%C3%A9quent-chez-les-femmes-africaines.html<\/a><\/p>\n<p>Hypertension et diab\u00e8te sont en forte hausse selon les derni\u00e8res statistiques de l&#8217;OMS<br \/>\n<a href=\"http:\/\/www.who.int\/mediacentre\/news\/releases\/2012\/world_health_statistics_20120516\/fr\/\" class=\"autohyperlink\">www.who.int\/mediacentre\/news\/releases\/2012\/world_health_statistics_20120516\/fr\/<\/a><\/p>\n<p>OMS: maladies chroniques<br \/>\n<a href=\"http:\/\/www.who.int\/topics\/chronic_diseases\/fr\/\" class=\"autohyperlink\">www.who.int\/topics\/chronic_diseases\/fr\/<\/a><\/p>\n<span class=\"last-modified-timestamp\">okt 25, 2018 @ 10:14 am<\/span>\n","protected":false},"excerpt":{"rendered":"<p>G\u00e9ographie et donn\u00e9es sur le B\u00e9nin <a href=\"http:\/\/fr.wikipedia.org\/wiki\/B%C3%A9nin\" class=\"autohyperlink\">fr.wikipedia.org\/wiki\/B%C3%A9nin<\/a> www.who.int\/countries\/ben\/fr\/ Minist\u00e8re de la sant\u00e9 au B\u00e9nin www.sante.gouv.bj\/ Malnutrition &#8211; OMS www.who.int\/water_sanitation_health\/diseases\/malnutrition\/fr\/ Paludisme \/ malaria &#8211; OMS www.who.int\/topics\/malaria\/fr\/ OMS: Dossiers: maladies infectieuses www.who.int\/features\/infectious_diseases\/fr\/ OMS: Mutilations sexuelles f\u00e9minines www.who.int\/features\/infectious_diseases\/fr\/ OMS: Classification des mutilations sexuelles f\u00e9minines www.who.int\/reproductivehealth\/topics\/fgm\/overview\/fr\/ OMS: cancer www.who.int\/mediacentre\/factsheets\/fs297\/fr\/ Le cancer du col de<\/p>\n","protected":false},"author":1,"featured_media":0,"parent":0,"menu_order":0,"comment_status":"closed","ping_status":"closed","template":"","meta":{"footnotes":"","_wp_rev_ctl_limit":""},"class_list":["post-6239","page","type-page","status-publish","hentry"],"publishpress_future_action":{"enabled":false,"date":"2026-04-30 18:00:31","action":"delete","newStatus":"draft","terms":[],"taxonomy":"","extraData":[]},"publishpress_future_workflow_manual_trigger":{"enabledWorkflows":[]},"_links":{"self":[{"href":"https:\/\/hlrnet.com\/sites\/gzorg\/wp-json\/wp\/v2\/pages\/6239","targetHints":{"allow":["GET"]}}],"collection":[{"href":"https:\/\/hlrnet.com\/sites\/gzorg\/wp-json\/wp\/v2\/pages"}],"about":[{"href":"https:\/\/hlrnet.com\/sites\/gzorg\/wp-json\/wp\/v2\/types\/page"}],"author":[{"embeddable":true,"href":"https:\/\/hlrnet.com\/sites\/gzorg\/wp-json\/wp\/v2\/users\/1"}],"replies":[{"embeddable":true,"href":"https:\/\/hlrnet.com\/sites\/gzorg\/wp-json\/wp\/v2\/comments?post=6239"}],"version-history":[{"count":0,"href":"https:\/\/hlrnet.com\/sites\/gzorg\/wp-json\/wp\/v2\/pages\/6239\/revisions"}],"wp:attachment":[{"href":"https:\/\/hlrnet.com\/sites\/gzorg\/wp-json\/wp\/v2\/media?parent=6239"}],"curies":[{"name":"wp","href":"https:\/\/api.w.org\/{rel}","templated":true}]}}