{"id":12955,"date":"2020-09-24T11:35:24","date_gmt":"2020-09-24T11:35:24","guid":{"rendered":"https:\/\/hlrnet.com\/sites\/gzorg\/?page_id=12955"},"modified":"2026-03-20T19:50:32","modified_gmt":"2026-03-20T19:50:32","slug":"oogzorg-in-het-frans","status":"publish","type":"page","link":"https:\/\/hlrnet.com\/sites\/gzorg\/oogzorg-in-het-frans\/","title":{"rendered":"Oogzorg in het Frans"},"content":{"rendered":"<p>Connaissances g\u00e9n\u00e9rales<\/p>\n<ul>\n<li><a href=\"https:\/\/hlrnet.com\/sites\/fss\/\">Le fran\u00e7ais et les soins de sant\u00e9<\/a><\/li>\n<li><a href=\"https:\/\/hlrnet.com\/sites\/alt128\/podcasts-pour-autoapprentissage\/\">Podcasts pour autoapprentissage<\/a> \u2013 <a href=\"http:\/\/Alt128.info\" class=\"autohyperlink\">Alt128.info<\/a><\/li>\n<li>Traduction \/ lexique\n<ul>\n<li><a class=\"autohyperlink\" href=\"http:\/\/www.linguee.com\">www.linguee.com<\/a><\/li>\n<\/ul>\n<\/li>\n<\/ul>\n<p>Lexique sp\u00e9cifique<\/p>\n<ul>\n<li><a href=\"https:\/\/www.aideopto.com\/\">Aid&#8217;Opto<\/a>: site d&#8217;aide en optom\u00e9trie et contacto<\/li>\n<li><a href=\"http:\/\/www.chirurgivision.com\/lexique\/\">Chirugivision: lexique<\/a><\/li>\n<li><a href=\"http:\/\/acces.ens-lyon.fr\/acces\/ressources\/neurosciences\/a-corriger-a-la-main\/glossaire_vision\">Glossaire des termes utilis\u00e9s dans la vision et les techniques d\u2019exploration de la fonction visuelle<\/a> (Acces)<\/li>\n<li><a href=\"https:\/\/www.creteilophtalmo.fr\/patient\/informations-generales\/lexique\/\">Cr\u00e9teil ophtalmo: lexique<\/a><\/li>\n<li><a href=\"https:\/\/www.elsan.care\/fr\/pathologie-et-traitement\/glossaire-medical\/ophtalmologie\">Elsan: glossaire de l&#8217;opthalomologie<\/a><\/li>\n<li><a href=\"https:\/\/www.allaboutvision.com\/resources\/glossary.htm\">Vision Care Glossary | Definitions of Eye Care and Vision<\/a><\/li>\n<li><a href=\"https:\/\/www.cmpop.com\/fr\/lexique\/\">Lexique | Cliniques Michel Pop<\/a><\/li>\n<li><a href=\"https:\/\/www.verre2vue.com\/glossaire-optique\">GLOSSAIRE optique : tout le vocabulaire de l&#8217;opticien<\/a><\/li>\n<li><a href=\"https:\/\/www.guide-vue.fr\/glossaire\">Guide-Vue: glossaire<\/a><\/li>\n<li><a href=\"http:\/\/www.ophtalmo.net\/bv\/GP\/IndexGP\/G\/Lexique\/lexique.htm\">LEXIQUE DU HANDICAP VISUEL<\/a><\/li>\n<li><a href=\"https:\/\/www.chirurgivision.com\/lexique\">Lexique &#8211; ChirurgiVision | Chirurgie laser | Correction de la vue<\/a><\/li>\n<li><a href=\"https:\/\/www.optical-center.fr\/Lexique-de-l-optique\">Optical Center: Lexique de l&#8217;optique<\/a><\/li>\n<li><a href=\"https:\/\/www.opticiensparconviction.fr\/le-lexique-de-l-optique-et-de-la-vision\">Opticiens par conviction<\/a><\/li>\n<li><a href=\"http:\/\/www.dicoptic.izispot.com\/\">L&#8217;Optique de A \u00e0 Z: dictionnaire d&#8217;optique<\/a><\/li>\n<li><a href=\"http:\/\/www.optique-tunisie.com\/fr\/lexique-optique.htm\">Optique Tunisie: Lexique Optique<\/a><\/li>\n<li><a href=\"https:\/\/opto.ca\/sites\/default\/files\/resources\/documents\/Glossaire%20de%20la%20terminologie%20ophtalmique%20courante%20Mar152023.pdf\">Optoca<\/a><\/li>\n<li><a href=\"https:\/\/www.pointvision.com\/le-glossaire\/\">Point Vision: glossaire<\/a><\/li>\n<li><a href=\"http:\/\/www.lexicool.com\/dictionnaire.asp?ID=GG8XT73799\">SLT: Vocabulaire d&#8217;optique et optom\u00e9trie<\/a> (CA-EN-ES)<\/li>\n<\/ul>\n<p>Le fran\u00e7ais de sp\u00e9cialit\u00e9<\/p>\n<ul>\n<li><a href=\"https:\/\/hlrnet.com\/sites\/fss\/?p=485\">Vid\u00e9os (YT)<\/a><\/li>\n<li><a href=\"https:\/\/hlrnet.com\/sites\/fss\/?p=528\">Lexique m\u00e9dical \u2013<\/a> Le fran\u00e7ais et les soins de sant\u00e9<\/li>\n<li><a href=\"https:\/\/hlrnet.com\/sites\/fss\/?p=1373\">L\u2019optom\u00e9trie en fran\u00e7ais<\/a> \u2013 Le fran\u00e7ais et les soins de sant\u00e9<\/li>\n<li>Activit\u00e9s de vocabulaire\n<ul>\n<li><a href=\"https:\/\/fr.wikipedia.org\/wiki\/%C5%92il\">fr.wikipedia.org\/wiki\/%C5%92il<\/a><\/li>\n<li><a href=\"https:\/\/fr.wikipedia.org\/wiki\/Lunettes\">fr.wikipedia.org\/wiki\/Lunettes<\/a><\/li>\n<li><a href=\"https:\/\/fr.wikipedia.org\/wiki\/Lentilles_de_contact\">fr.wikipedia.org\/wiki\/Lentilles_de_contact<\/a><\/li>\n<\/ul>\n<\/li>\n<li>Actualit\u00e9 en optique\n<ul>\n<li><a href=\"http:\/\/www.acuite.fr\">acuite.fr<\/a><\/li>\n<li><a href=\"http:\/\/www.bienvu.ws\/\" target=\"_blank\" rel=\"noopener noreferrer\">BienVu<\/a><\/li>\n<li><a href=\"http:\/\/www.inform-optique.com\/\">Inform\u2019Optique: revue de r\u00e9f\u00e9rence des professionnels de l\u2019optique<\/a><\/li>\n<li><a href=\"http:\/\/www.presse-optique.com\">Presse-optique<\/a><\/li>\n<li><a href=\"http:\/\/www.opticien-presse.fr\">Opticien-presse<\/a><\/li>\n<\/ul>\n<\/li>\n<\/ul>\n<p>Les affaires en fran\u00e7ais<\/p>\n<ul>\n<li><a href=\"https:\/\/wirtschaftssprachen.hslu.ch\/francais\/\">Hochschule Luzern<\/a><\/li>\n<li><a href=\"http:\/\/www.calliope.be\/french\/html\/topic_1B000538-280A-4A6F-BBC3-8976CB5C1851_D6C2EE16-2474-4101-A502-AF5CE0120C7D_1.htm\">La lettre d\u2019affaires (Calliope)<\/a><\/li>\n<li><a href=\"https:\/\/www.lepointdufle.net\/p\/francais-sur-objectifs-specifiques.htm\">Le Point du FLE<\/a><\/li>\n<\/ul>\n<p>Documents authentiques avec des activit\u00e9s<\/p>\n<ul>\n<li><a href=\"https:\/\/hlrnet.com\/sites\/actu-fr\/\">Actualit\u00e9s du monde francophone<\/a><\/li>\n<li><a href=\"http:\/\/hlrnet.net\/sites\/actu-ec\/\">Actualit\u00e9s du monde \u00e9conomique<\/a><\/li>\n<\/ul>\n","protected":false},"excerpt":{"rendered":"<p>Connaissances g\u00e9n\u00e9rales Le fran\u00e7ais et les soins de sant\u00e9 Podcasts pour autoapprentissage \u2013 <a href=\"http:\/\/Alt128.info\" class=\"autohyperlink\">Alt128.info<\/a> Traduction \/ lexique <a href=\"http:\/\/www.linguee.com\" class=\"autohyperlink\">www.linguee.com<\/a> Lexique sp\u00e9cifique Aid&#8217;Opto: site d&#8217;aide en optom\u00e9trie et contacto Chirugivision: lexique Glossaire des termes utilis\u00e9s dans la vision et les techniques d\u2019exploration de la fonction visuelle (Acces) Cr\u00e9teil ophtalmo: lexique Elsan: glossaire<\/p>\n","protected":false},"author":1,"featured_media":0,"parent":0,"menu_order":0,"comment_status":"closed","ping_status":"closed","template":"","meta":{"footnotes":"","_wp_rev_ctl_limit":""},"class_list":["post-12955","page","type-page","status-publish","hentry"],"publishpress_future_action":{"enabled":false,"date":"2026-05-02 00:36:04","action":"delete","newStatus":"draft","terms":[],"taxonomy":"","extraData":[]},"publishpress_future_workflow_manual_trigger":{"enabledWorkflows":[]},"_links":{"self":[{"href":"https:\/\/hlrnet.com\/sites\/gzorg\/wp-json\/wp\/v2\/pages\/12955","targetHints":{"allow":["GET"]}}],"collection":[{"href":"https:\/\/hlrnet.com\/sites\/gzorg\/wp-json\/wp\/v2\/pages"}],"about":[{"href":"https:\/\/hlrnet.com\/sites\/gzorg\/wp-json\/wp\/v2\/types\/page"}],"author":[{"embeddable":true,"href":"https:\/\/hlrnet.com\/sites\/gzorg\/wp-json\/wp\/v2\/users\/1"}],"replies":[{"embeddable":true,"href":"https:\/\/hlrnet.com\/sites\/gzorg\/wp-json\/wp\/v2\/comments?post=12955"}],"version-history":[{"count":5,"href":"https:\/\/hlrnet.com\/sites\/gzorg\/wp-json\/wp\/v2\/pages\/12955\/revisions"}],"predecessor-version":[{"id":25385,"href":"https:\/\/hlrnet.com\/sites\/gzorg\/wp-json\/wp\/v2\/pages\/12955\/revisions\/25385"}],"wp:attachment":[{"href":"https:\/\/hlrnet.com\/sites\/gzorg\/wp-json\/wp\/v2\/media?parent=12955"}],"curies":[{"name":"wp","href":"https:\/\/api.w.org\/{rel}","templated":true}]}}