{"id":34,"date":"2012-04-07T11:51:53","date_gmt":"2012-04-07T11:51:53","guid":{"rendered":"http:\/\/hlrnet.com\/sites\/alt164\/?page_id=34"},"modified":"2018-08-02T11:44:00","modified_gmt":"2018-08-02T11:44:00","slug":"y-ademas","status":"publish","type":"page","link":"https:\/\/hlrnet.com\/sites\/alt164\/y-ademas\/","title":{"rendered":"Y adem\u00e1s&#8230;"},"content":{"rendered":"<ul>\n<li><a href=\"https:\/\/hlrnet.com\/sites\/alt164\/cajon-de-sastre\/\">Caj\u00f3n de sastre<\/a>\u00a0&#8211; Lo interesante que no cabe en las otras categor\u00edas<\/li>\n<li><a href=\"https:\/\/hlrnet.com\/sites\/alt164\/humor\/\">el humor en espa\u00f1ol<\/a><\/li>\n<li><a href=\"https:\/\/hlrnet.com\/sites\/alt164\/actualidad-en-tiempo-real\/\">la actualidad en espa\u00f1ol<\/a><\/li>\n<li>mi p\u00e1gina de recursos en ense\u00f1anza de idiomas<\/li>\n<li>una p\u00e1gina en neerland\u00e9s de recursos.<\/li>\n<\/ul>\n","protected":false},"excerpt":{"rendered":"<p>Caj\u00f3n de sastre\u00a0&#8211; Lo interesante que no cabe en las otras categor\u00edas el humor en espa\u00f1ol la actualidad en espa\u00f1ol mi p\u00e1gina de recursos en ense\u00f1anza de idiomas una p\u00e1gina en neerland\u00e9s de recursos.<\/p>\n","protected":false},"author":1,"featured_media":0,"parent":0,"menu_order":0,"comment_status":"closed","ping_status":"closed","template":"","meta":{"iawp_total_views":8,"footnotes":"","_wp_rev_ctl_limit":""},"class_list":["post-34","page","type-page","status-publish","hentry"],"publishpress_future_action":{"enabled":false,"date":"2026-05-08 08:53:01","action":"change-status","newStatus":"draft","terms":[],"taxonomy":"","extraData":[]},"publishpress_future_workflow_manual_trigger":{"enabledWorkflows":[]},"_links":{"self":[{"href":"https:\/\/hlrnet.com\/sites\/alt164\/wp-json\/wp\/v2\/pages\/34","targetHints":{"allow":["GET"]}}],"collection":[{"href":"https:\/\/hlrnet.com\/sites\/alt164\/wp-json\/wp\/v2\/pages"}],"about":[{"href":"https:\/\/hlrnet.com\/sites\/alt164\/wp-json\/wp\/v2\/types\/page"}],"author":[{"embeddable":true,"href":"https:\/\/hlrnet.com\/sites\/alt164\/wp-json\/wp\/v2\/users\/1"}],"replies":[{"embeddable":true,"href":"https:\/\/hlrnet.com\/sites\/alt164\/wp-json\/wp\/v2\/comments?post=34"}],"version-history":[{"count":0,"href":"https:\/\/hlrnet.com\/sites\/alt164\/wp-json\/wp\/v2\/pages\/34\/revisions"}],"wp:attachment":[{"href":"https:\/\/hlrnet.com\/sites\/alt164\/wp-json\/wp\/v2\/media?parent=34"}],"curies":[{"name":"wp","href":"https:\/\/api.w.org\/{rel}","templated":true}]}}