{"id":24,"date":"2012-04-07T11:24:09","date_gmt":"2012-04-07T11:24:09","guid":{"rendered":"http:\/\/hlrnet.com\/sites\/alt164\/?page_id=24"},"modified":"2026-03-04T09:02:52","modified_gmt":"2026-03-04T09:02:52","slug":"alt164-info-enlaces-agenda-y-mas","status":"publish","type":"page","link":"https:\/\/hlrnet.com\/sites\/alt164\/","title":{"rendered":"Alt164.info: agendas, enlaces y m\u00e1s materiales"},"content":{"rendered":"<p>Desde marzo 1996 mantengo en l\u00ednea una colecci\u00f3n de enlaces sobre el espa\u00f1ol en Internet, que con el tiempo se transformado en <strong><a href=\"http:\/\/www.alt164.info\" class=\"autohyperlink\">www.alt164.info<\/a><\/strong>. El nombre me lo inspir\u00f3 la letra \u00f1 que en un teclado de ordenador internacional (con teclado no espa\u00f1ol) hay que hacer con la combinaci\u00f3n Alt+164.<\/p>\n<p>Aparte de los enlaces, la web cuenta con una agenda, agenda que se centra sobre todo (pero no exclusivamente) en eventos en B\u00e9lgica y eventos interesantes para profesores y aprendices belgas &#8211; y una serie de fichas de referencias que son ayudas o respuestas a preguntas.<\/p>\n<hr \/>\n<p>&nbsp;<\/p>\n<table border=\"0\">\n<tbody>\n<tr>\n<td valign=\"center\"><img loading=\"lazy\" decoding=\"async\" class=\"alignnone size-full wp-image-17890\" src=\"https:\/\/hlrnet.com\/sites\/alt164\/files\/2022\/04\/dardos.png\" alt=\"\" width=\"120\" height=\"120\" srcset=\"https:\/\/hlrnet.com\/sites\/alt164\/files\/2022\/04\/dardos.png 120w, https:\/\/hlrnet.com\/sites\/alt164\/files\/2022\/04\/dardos-25x25.png 25w, https:\/\/hlrnet.com\/sites\/alt164\/files\/2022\/04\/dardos-50x50.png 50w\" sizes=\"auto, (max-width: 120px) 100vw, 120px\" \/><\/td>\n<td valign=\"center\">\n<ul>\n<li>Herramientas y enlaces<\/li>\n<li>Fichas did\u00e1cticas<\/li>\n<li>Fichas t\u00e9cnicas<\/li>\n<li>Agenda cultural y de formaciones<\/li>\n<li>Taller de autonom\u00eda<\/li>\n<li>Pistas de lectura<\/li>\n<\/ul>\n<\/td>\n<\/tr>\n<\/tbody>\n<\/table>\n<hr \/>\n<li id=\"nav_menu-3\" class=\"widget widget_nav_menu amr_widget\"><h2 class=\"widgettitle\">Men\u00fa<\/h2><div class=\"menu-menu-container\"><ul id=\"menu-menu\" class=\"menu\"><li id=\"menu-item-62\" class=\"menu-item menu-item-type-post_type menu-item-object-page menu-item-has-children menu-item-62\"><a href=\"https:\/\/hlrnet.com\/sites\/alt164\/alt164\/\">Alt164<\/a>\n<ul class=\"sub-menu\">\n\t<li id=\"menu-item-16207\" class=\"menu-item menu-item-type-post_type menu-item-object-page menu-item-has-children menu-item-16207\"><a href=\"https:\/\/hlrnet.com\/sites\/alt164\/tecnologia-y-educacion\/\">Tecnolog\u00eda y educaci\u00f3n \u2013 mis sugerencias<\/a>\n\t<ul class=\"sub-menu\">\n\t\t<li id=\"menu-item-27837\" class=\"menu-item menu-item-type-custom menu-item-object-custom menu-item-27837\"><a href=\"https:\/\/hlrnet.com\/sites\/ai\/?cat=6\">Inteligencia Artifical<\/a><\/li>\n\t<\/ul>\n<\/li>\n\t<li id=\"menu-item-23903\" class=\"menu-item menu-item-type-post_type menu-item-object-page menu-item-23903\"><a href=\"https:\/\/hlrnet.com\/sites\/alt164\/tipos-de-actividades-y-herramientas\/\">Tipos de actividades y herramientas<\/a><\/li>\n\t<li id=\"menu-item-16595\" class=\"menu-item menu-item-type-post_type menu-item-object-page menu-item-16595\"><a href=\"https:\/\/hlrnet.com\/sites\/alt164\/seleccion-de-mis-fichas-didacticas\/\">Selecci\u00f3n de mis fichas did\u00e1cticas<\/a><\/li>\n<\/ul>\n<\/li>\n<li id=\"menu-item-58\" class=\"menu-item menu-item-type-post_type menu-item-object-page menu-item-has-children menu-item-58\"><a href=\"https:\/\/hlrnet.com\/sites\/alt164\/vida-y-cultura\/\">Vida y cultura<\/a>\n<ul class=\"sub-menu\">\n\t<li id=\"menu-item-60\" class=\"menu-item menu-item-type-post_type menu-item-object-page menu-item-has-children menu-item-60\"><a href=\"https:\/\/hlrnet.com\/sites\/alt164\/paises-hispanohablantes\/\">Pa\u00edses hispanohablantes<\/a>\n\t<ul class=\"sub-menu\">\n\t\t<li id=\"menu-item-56\" class=\"menu-item menu-item-type-post_type menu-item-object-page menu-item-56\"><a href=\"https:\/\/hlrnet.com\/sites\/alt164\/y-ademas\/\">Y adem\u00e1s\u2026<\/a><\/li>\n\t<\/ul>\n<\/li>\n<\/ul>\n<\/li>\n<li id=\"menu-item-670\" class=\"menu-item menu-item-type-post_type menu-item-object-page menu-item-has-children menu-item-670\"><a href=\"https:\/\/hlrnet.com\/sites\/alt164\/actualidad\/\">Actualidad<\/a>\n<ul class=\"sub-menu\">\n\t<li id=\"menu-item-10979\" class=\"menu-item menu-item-type-custom menu-item-object-custom menu-item-10979\"><a href=\"http:\/\/hlrnet.com\/sites\/actu-es\">Titulares de actualidad<\/a><\/li>\n\t<li id=\"menu-item-669\" class=\"menu-item menu-item-type-post_type menu-item-object-page menu-item-669\"><a href=\"https:\/\/hlrnet.com\/sites\/alt164\/actualidad-en-tiempo-real\/\">Actualidad en tiempo real<\/a><\/li>\n\t<li id=\"menu-item-13490\" class=\"menu-item menu-item-type-post_type menu-item-object-page menu-item-13490\"><a href=\"https:\/\/hlrnet.com\/sites\/alt164\/tecnologia-e-innovacion\/\">Tecnolog\u00eda e innovaci\u00f3n: actualidad en directo<\/a><\/li>\n<\/ul>\n<\/li>\n<li id=\"menu-item-64\" class=\"menu-item menu-item-type-taxonomy menu-item-object-category menu-item-has-children menu-item-64\"><a href=\"https:\/\/hlrnet.com\/sites\/alt164\/category\/agenda\/\">Agenda<\/a>\n<ul class=\"sub-menu\">\n\t<li id=\"menu-item-65\" class=\"menu-item menu-item-type-taxonomy menu-item-object-category menu-item-has-children menu-item-65\"><a href=\"https:\/\/hlrnet.com\/sites\/alt164\/category\/agenda\/belgica\/\">B\u00e9lgica<\/a>\n\t<ul class=\"sub-menu\">\n\t\t<li id=\"menu-item-66\" class=\"menu-item menu-item-type-taxonomy menu-item-object-category menu-item-66\"><a href=\"https:\/\/hlrnet.com\/sites\/alt164\/category\/agenda\/belgica\/cultura\/\">Cultura (B)<\/a><\/li>\n\t\t<li id=\"menu-item-67\" class=\"menu-item menu-item-type-taxonomy menu-item-object-category menu-item-67\"><a href=\"https:\/\/hlrnet.com\/sites\/alt164\/category\/agenda\/belgica\/jornadas-y-congresos\/\">Jornadas y congresos (B)<\/a><\/li>\n\t<\/ul>\n<\/li>\n\t<li id=\"menu-item-68\" class=\"menu-item menu-item-type-taxonomy menu-item-object-category menu-item-has-children menu-item-68\"><a href=\"https:\/\/hlrnet.com\/sites\/alt164\/category\/agenda\/internacional\/\">Internacional<\/a>\n\t<ul class=\"sub-menu\">\n\t\t<li id=\"menu-item-69\" class=\"menu-item menu-item-type-taxonomy menu-item-object-category menu-item-69\"><a href=\"https:\/\/hlrnet.com\/sites\/alt164\/category\/agenda\/internacional\/cultura-int\/\">Cultura (int)<\/a><\/li>\n\t\t<li id=\"menu-item-70\" class=\"menu-item menu-item-type-taxonomy menu-item-object-category menu-item-70\"><a href=\"https:\/\/hlrnet.com\/sites\/alt164\/category\/agenda\/internacional\/jornadas-y-congresos-int\/\">Jornadas y congresos (int)<\/a><\/li>\n\t<\/ul>\n<\/li>\n<\/ul>\n<\/li>\n<li id=\"menu-item-73\" class=\"menu-item menu-item-type-taxonomy menu-item-object-category menu-item-has-children menu-item-73\"><a href=\"https:\/\/hlrnet.com\/sites\/alt164\/category\/noticias\/\">Noticias<\/a>\n<ul class=\"sub-menu\">\n\t<li id=\"menu-item-74\" class=\"menu-item menu-item-type-taxonomy menu-item-object-category menu-item-74\"><a href=\"https:\/\/hlrnet.com\/sites\/alt164\/category\/novedades-editoriales\/\">Novedades editoriales<\/a><\/li>\n\t<li id=\"menu-item-72\" class=\"menu-item menu-item-type-taxonomy menu-item-object-category menu-item-72\"><a href=\"https:\/\/hlrnet.com\/sites\/alt164\/category\/materiales\/\">Materiales y actividades<\/a><\/li>\n\t<li id=\"menu-item-71\" class=\"menu-item menu-item-type-taxonomy menu-item-object-category menu-item-71\"><a href=\"https:\/\/hlrnet.com\/sites\/alt164\/category\/enlaces-interesantes\/\">Enlaces interesantes<\/a><\/li>\n\t<li id=\"menu-item-345\" class=\"menu-item menu-item-type-taxonomy menu-item-object-category menu-item-345\"><a href=\"https:\/\/hlrnet.com\/sites\/alt164\/category\/dudas\/\">Dudas<\/a><\/li>\n\t<li id=\"menu-item-346\" class=\"menu-item menu-item-type-taxonomy menu-item-object-category menu-item-346\"><a href=\"https:\/\/hlrnet.com\/sites\/alt164\/category\/preguntas\/\">Preguntas<\/a><\/li>\n\t<li id=\"menu-item-3260\" class=\"menu-item menu-item-type-taxonomy menu-item-object-category menu-item-3260\"><a href=\"https:\/\/hlrnet.com\/sites\/alt164\/category\/herramientas\/\">Herramientas<\/a><\/li>\n\t<li id=\"menu-item-13500\" class=\"menu-item menu-item-type-post_type menu-item-object-page menu-item-13500\"><a href=\"https:\/\/hlrnet.com\/sites\/alt164\/tecnologia-e-innovacion\/\">Tecnolog\u00eda e innovaci\u00f3n: actualidad en directo<\/a><\/li>\n\t<li id=\"menu-item-22512\" class=\"menu-item menu-item-type-custom menu-item-object-custom menu-item-22512\"><a href=\"https:\/\/hlrnet.net\/sites\/ele\/recursos-en-ele\/\">ELE: noticias de fuentes externas<\/a><\/li>\n<\/ul>\n<\/li>\n<li id=\"menu-item-11969\" class=\"menu-item menu-item-type-post_type menu-item-object-page menu-item-has-children menu-item-11969\"><a href=\"https:\/\/hlrnet.com\/sites\/alt164\/fuentes-en-tiempo-real\/\">El mundo ELE en tiempo real<\/a>\n<ul class=\"sub-menu\">\n\t<li id=\"menu-item-16551\" class=\"menu-item menu-item-type-custom menu-item-object-custom menu-item-has-children menu-item-16551\"><a href=\"https:\/\/hlrnet.net\/sites\/ele\/\">Fuentes externas: recopilaci\u00f3n automatizada<\/a>\n\t<ul class=\"sub-menu\">\n\t\t<li id=\"menu-item-22511\" class=\"menu-item menu-item-type-custom menu-item-object-custom menu-item-22511\"><a href=\"https:\/\/hlrnet.net\/sites\/ele\/recursos-en-ele\/\">ELE: noticias de fuentes externas<\/a><\/li>\n\t<\/ul>\n<\/li>\n\t<li id=\"menu-item-668\" class=\"menu-item menu-item-type-post_type menu-item-object-page menu-item-668\"><a href=\"https:\/\/hlrnet.com\/sites\/alt164\/hilos-rss\/\">Nuestros hilos RSS<\/a><\/li>\n\t<li id=\"menu-item-11184\" class=\"menu-item menu-item-type-custom menu-item-object-custom menu-item-11184\"><a href=\"https:\/\/paper.li\/hlr\/1510245926#\/\">Paper.li ELE<\/a><\/li>\n\t<li id=\"menu-item-12633\" class=\"menu-item menu-item-type-post_type menu-item-object-page menu-item-has-children menu-item-12633\"><a href=\"https:\/\/hlrnet.com\/sites\/alt164\/actualidades-literarias\/\">Actualidades literarias<\/a>\n\t<ul class=\"sub-menu\">\n\t\t<li id=\"menu-item-22481\" class=\"menu-item menu-item-type-post_type menu-item-object-page menu-item-22481\"><a href=\"https:\/\/hlrnet.com\/sites\/alt164\/consejos-de-lectura\/\">Consejos de lectura<\/a><\/li>\n\t<\/ul>\n<\/li>\n\t<li id=\"menu-item-13524\" class=\"menu-item menu-item-type-post_type menu-item-object-page menu-item-13524\"><a href=\"https:\/\/hlrnet.com\/sites\/alt164\/actualidades-de-ele\/\">Actualidades de ELE<\/a><\/li>\n<\/ul>\n<\/li>\n<li id=\"menu-item-14347\" class=\"menu-item menu-item-type-post_type menu-item-object-page menu-item-14347\"><a href=\"https:\/\/hlrnet.com\/sites\/alt164\/sobre-mi\/\">Sobre m\u00ed<\/a><\/li>\n<\/ul><\/div><\/li>\n<p><strong>En otras webs sobre el ELE<\/strong><\/p>\n<div id='1' class='widgets_on_page wop_tiny1  wop_small1  wop_medium1  wop_large1  wop_wide1'>\n\t\t\t<ul><li id=\"rss-50\" class=\"widget widget_rss\"><h2 class=\"widgettitle\"><a class=\"rsswidget rss-widget-feed\" href=\"http:\/\/cvc.cervantes.es\/rss\/rss.asp\"><img decoding=\"async\" class=\"rss-widget-icon\" style=\"border:0\" width=\"14\" height=\"14\" src=\"https:\/\/hlrnet.com\/sites\/alt164\/wp-includes\/images\/rss.png\" alt=\"RSS\" loading=\"lazy\" \/><\/a> <a class=\"rsswidget rss-widget-title\" href=\"http:\/\/cvc.cervantes.es\/\">Centro Virtual Cervantes<\/a><\/h2><ul><li><a class='rsswidget' href='https:\/\/blogscvc.cervantes.es\/martes-neologico\/sextorsion\/'>[Lengua] \u00abMartes Neol\u00f3gico\u00bb: sextorsi\u00f3n<\/a><\/li><li><a class='rsswidget' href='https:\/\/cvc.cervantes.es\/literatura\/pocenar\/antologia_poetica\/default.htm'>[Literatura] POCENAR: Joan Margarit, \u00abAntolog\u00eda po\u00e9tica\u00bb<\/a><\/li><li><a class='rsswidget' href='https:\/\/cvc.cervantes.es\/literatura\/alirfan\/default.htm'>[Literatura] Revista \u00abAl Irfan\u00bb<\/a><\/li><li><a class='rsswidget' href='https:\/\/cvc.cervantes.es\/literatura\/cuadernos_baalbek\/default.htm'>[Literatura] Cuadernos de Baalbek<\/a><\/li><\/ul><\/li><li id=\"rss-51\" class=\"widget widget_rss\"><h2 class=\"widgettitle\"><a class=\"rsswidget rss-widget-feed\" href=\"https:\/\/difusion.com\/feed\/\"><img decoding=\"async\" class=\"rss-widget-icon\" style=\"border:0\" width=\"14\" height=\"14\" src=\"https:\/\/hlrnet.com\/sites\/alt164\/wp-includes\/images\/rss.png\" alt=\"RSS\" loading=\"lazy\" \/><\/a> <a class=\"rsswidget rss-widget-title\" href=\"https:\/\/difusion.com\/\">Difusi\u00f3n<\/a><\/h2><ul><li><a class='rsswidget' href='https:\/\/difusion.com\/blog\/por-que-no-evaluar-con-tareas\/'>\u00bfPor qu\u00e9 no evaluar con tareas?<\/a><\/li><li><a class='rsswidget' href='https:\/\/difusion.com\/blog\/hacia-una-comunicacion-autentica-y-de-calidad-en-el-aula-de-ele\/'>Hacia una comunicaci\u00f3n aut\u00e9ntica y de calidad en el aula de ELE<\/a><\/li><li><a class='rsswidget' href='https:\/\/difusion.com\/blog\/que-va-antes-que-va-despues-la-secuencia-didactica\/'>\u00bfQu\u00e9 va antes, qu\u00e9 va despu\u00e9s? La secuencia did\u00e1ctica<\/a><\/li><li><a class='rsswidget' href='https:\/\/difusion.com\/blog\/discursos-autenticos-las-comprensiones-audiovisuales-a-prueba\/'>Discursos aut\u00e9nticos: las comprensiones audiovisuales a prueba<\/a><\/li><li><a class='rsswidget' href='https:\/\/difusion.com\/blog\/del-saber-al-saber-hacer-aprendizaje-activo-en-los-proyectos-en-grupo\/'>Del saber al saber hacer: aprendizaje activo en los proyectos en grupo<\/a><\/li><li><a class='rsswidget' href='https:\/\/difusion.com\/blog\/hacia-el-exito-en-clase-participacion-e-interaccion-autenticas\/'>Hacia el \u00e9xito en clase: participaci\u00f3n e interacci\u00f3n aut\u00e9nticas<\/a><\/li><li><a class='rsswidget' href='https:\/\/difusion.com\/blog\/menos-instruccion-y-mas-retos\/'>Menos instrucci\u00f3n y m\u00e1s retos<\/a><\/li><li><a class='rsswidget' href='https:\/\/difusion.com\/blog\/la-tarea-posibilitadora-como-pieza-clave-en-la-preparacion-de-la-tarea-final\/'>La tarea posibilitadora como pieza clave en la preparaci\u00f3n de la tarea final<\/a><\/li><li><a class='rsswidget' href='https:\/\/difusion.com\/blog\/el-uso-de-juegos-en-el-aula-de-ele\/'>El uso de juegos en el aula de ELE<\/a><\/li><li><a class='rsswidget' href='https:\/\/difusion.com\/blog\/clases-con-humor\/'>Clases con humor: facilitar el aprendizaje con una sonrisa<\/a><\/li><\/ul><\/li><li id=\"rss-52\" class=\"widget widget_rss\"><h2 class=\"widgettitle\"><a class=\"rsswidget rss-widget-feed\" href=\"https:\/\/www.educaciontrespuntocero.com\/feed\/\"><img decoding=\"async\" class=\"rss-widget-icon\" style=\"border:0\" width=\"14\" height=\"14\" src=\"https:\/\/hlrnet.com\/sites\/alt164\/wp-includes\/images\/rss.png\" alt=\"RSS\" loading=\"lazy\" \/><\/a> <a class=\"rsswidget rss-widget-title\" href=\"https:\/\/www.educaciontrespuntocero.com\/\">Educaci\u00f3n 3.0<\/a><\/h2><ul><li><a class='rsswidget' href='https:\/\/www.educaciontrespuntocero.com\/familias\/viajes-educativos-giocamondo-study\/'>M\u00e1s que un idioma: c\u00f3mo los viajes educativos transforman a los adolescentes<\/a><\/li><li><a class='rsswidget' href='https:\/\/www.educaciontrespuntocero.com\/tecnologia\/monitores-economicos\/'>Renueva tu pantalla sin gastar mucho: 5 monitores de calidad por menos de 150 euros<\/a><\/li><li><a class='rsswidget' href='https:\/\/www.educaciontrespuntocero.com\/familias\/aprende-tiktok-origami\/'>Aprende origami en familia con estas cuentas de TikTok<\/a><\/li><li><a class='rsswidget' href='https:\/\/www.educaciontrespuntocero.com\/tecnologia\/robot-de-telepresencia-en-educacion\/'>Cuando ir al colegio no es posible: el robot que evita que los alumnos se queden atr\u00e1s<\/a><\/li><li><a class='rsswidget' href='https:\/\/www.educaciontrespuntocero.com\/libros\/libros-sobre-matematicas\/'>Estos libros te ayudar\u00e1n a trasladar a tu alumnado el amor por las Matem\u00e1ticas<\/a><\/li><li><a class='rsswidget' href='https:\/\/www.educaciontrespuntocero.com\/tecnologia\/audiolibros-gratis\/'>10 webs para descargar audiolibros gratis (y de forma legal)<\/a><\/li><li><a class='rsswidget' href='https:\/\/www.educaciontrespuntocero.com\/libros\/mujeres-extraordinarias\/'>Libros que reivindican la vida y obra de mujeres extraordinarias (y muchas veces olvidadas)<\/a><\/li><li><a class='rsswidget' href='https:\/\/www.educaciontrespuntocero.com\/noticias\/proveedor-material-y-mobiliario-kalamazoo-mondoffice\/'>Kalamazoo se transforma en Mondoffice y refuerza su apuesta por el equipamiento educativo flexible y sostenible\u00a0<\/a><\/li><li><a class='rsswidget' href='https:\/\/www.educaciontrespuntocero.com\/recursos\/final-del-curso-fichas\/'>\u00a1Llega el final del curso! Usa estas fichas gratuitas para que los estudiantes reflexionen sobre su a\u00f1o escolar<\/a><\/li><li><a class='rsswidget' href='https:\/\/www.educaciontrespuntocero.com\/familias\/explicar-a-un-nino-la-muerte-de-su-mascota\/'>C\u00f3mo explicar a un ni\u00f1o la muerte de su mascota: gu\u00eda para acompa\u00f1ar el duelo en familia<\/a><\/li><\/ul><\/li><li id=\"rss-54\" class=\"widget widget_rss\"><h2 class=\"widgettitle\"><a class=\"rsswidget rss-widget-feed\" href=\"http:\/\/www.fundeu.es\/feed\/\"><img decoding=\"async\" class=\"rss-widget-icon\" style=\"border:0\" width=\"14\" height=\"14\" src=\"https:\/\/hlrnet.com\/sites\/alt164\/wp-includes\/images\/rss.png\" alt=\"RSS\" loading=\"lazy\" \/><\/a> <a class=\"rsswidget rss-widget-title\" href=\"https:\/\/www.fundeu.es\/\">Fundeu<\/a><\/h2><ul><li><a class='rsswidget' href='https:\/\/www.fundeu.es\/blog\/radio-5-despavimentar\/'>Radio 5: \u00abdespavimentar\u00bb<\/a><\/li><li><a class='rsswidget' href='https:\/\/www.fundeu.es\/recomendacion\/en-concreto-o-concreta-no-en-concreta\/'>\u00aben concreto\u00bb o \u00abconcreta\u00bb, no \u00aben concreta\u00bb<\/a><\/li><li><a class='rsswidget' href='https:\/\/www.fundeu.es\/noticia\/la-rae-celebrara-en-leon-un-pleno-publico-extraordinario\/'>La RAE celebrar\u00e1 en Le\u00f3n un pleno p\u00fablico extraordinario<\/a><\/li><li><a class='rsswidget' href='https:\/\/www.fundeu.es\/consulta\/exhausto\/'>exhausto<\/a><\/li><li><a class='rsswidget' href='https:\/\/www.fundeu.es\/consulta\/bonsai-bonsay\/'>bons\u00e1i \/ bonsay<\/a><\/li><li><a class='rsswidget' href='https:\/\/www.fundeu.es\/noticia\/el-escritor-y-premio-cervantes-sergio-ramirez-candidato-a-la-silla-l-de-la-rae\/'>El escritor y Premio Cervantes Sergio Ram\u00edrez, candidato a la silla \u00abL\u00bb de la RAE<\/a><\/li><li><a class='rsswidget' href='https:\/\/www.fundeu.es\/recomendacion\/ex-catedraex-cathedra\/'>\u00abex cathedra\u00bb, \u00abex c\u00e1tedra\u00bb y \u00abexc\u00e1tedra\u00bb, formas adecuadas<\/a><\/li><li><a class='rsswidget' href='https:\/\/www.fundeu.es\/recomendacion\/ingreso-minimo-vital-con-minusculas\/'>\u00abingreso m\u00ednimo vital\u00bb, con min\u00fasculas<\/a><\/li><li><a class='rsswidget' href='https:\/\/www.fundeu.es\/consulta\/anime-tilde\/'>anime \/ \u00e1nime \/ anim\u00e9<\/a><\/li><li><a class='rsswidget' href='https:\/\/www.fundeu.es\/recomendacion\/sospechar-algo-no-de-algo-indica-que-se-imagina-eso\/'>\u00absospecho que se ha ido\u00bb, no \u00absospecho de que se ha ido\u00bb<\/a><\/li><\/ul><\/li><li id=\"rss-56\" class=\"widget widget_rss\"><h2 class=\"widgettitle\"><a class=\"rsswidget rss-widget-feed\" href=\"http:\/\/www.rutaele.es\/feed\"><img decoding=\"async\" class=\"rss-widget-icon\" style=\"border:0\" width=\"14\" height=\"14\" src=\"https:\/\/hlrnet.com\/sites\/alt164\/wp-includes\/images\/rss.png\" alt=\"RSS\" loading=\"lazy\" \/><\/a> <a class=\"rsswidget rss-widget-title\" href=\"https:\/\/rutaele.es\/\">RutaELE<\/a><\/h2><ul><li><a class='rsswidget' href='https:\/\/rutaele.es\/21-de-marzo-dia-mundia-de-la-poesia\/'>21 de marzo D\u00eda Mundia de la Poes\u00eda<\/a><\/li><li><a class='rsswidget' href='https:\/\/rutaele.es\/en-navidad-participarias-en-un-reality-show-navideno\/'>En Navidad: \u00bfparticipar\u00edas en un reality show navide\u00f1o?<\/a><\/li><li><a class='rsswidget' href='https:\/\/rutaele.es\/rutaele-recomienda-libroecturas-navidad\/'>El rinc\u00f3n de la Navidad: RutaEle recomienda libros para Navidad<\/a><\/li><li><a class='rsswidget' href='https:\/\/rutaele.es\/autores-colaboradores\/'>Autores<\/a><\/li><li><a class='rsswidget' href='https:\/\/rutaele.es\/aprendemos-en-casa-rtve-contenidos-a-partir-del-lunes-1-de-junio2\/'>Aprendemos en casa, RTVE: contenidos a partir del lunes 1 de junio<\/a><\/li><li><a class='rsswidget' href='https:\/\/rutaele.es\/aprendemos-en-casa-rtve-contenidos-del-lunes-25-al-viernes-29-de-mayo\/'>Aprendemos en casa, RTVE: contenidos del lunes 25 al viernes 29 de mayo<\/a><\/li><li><a class='rsswidget' href='https:\/\/rutaele.es\/11511-2\/'>Aprendemos en casa, RTVE: contenidos del lunes 18 al viernes 22 de mayo<\/a><\/li><li><a class='rsswidget' href='https:\/\/rutaele.es\/viernes-15-ciencias-naturales\/'>Viernes 15: Ciencias naturales<\/a><\/li><li><a class='rsswidget' href='https:\/\/rutaele.es\/jueves-14-literatura-comic\/'>Jueves 14: Literatura y c\u00f3mics<\/a><\/li><li><a class='rsswidget' href='https:\/\/rutaele.es\/miercoles-13-educacion-artistica-y-educacion-fisica\/'>Mi\u00e9rcoles 13: Educaci\u00f3n art\u00edstica y Educaci\u00f3n f\u00edsica<\/a><\/li><\/ul><\/li><\/ul><\/div><!-- widgets_on_page -->\n<p><a href=\"#\"><img decoding=\"async\" class=\"img-responsive\" title=\"SiteLock\" src=\"\/\/shield.sitelock.com\/shield\/hlrnet.com\" alt=\"SiteLock\" \/><\/a><br \/>\n<a href=\"https:\/\/info.flagcounter.com\/OMWP\"><img loading=\"lazy\" decoding=\"async\" src=\"https:\/\/s01.flagcounter.com\/count2\/OMWP\/bg_FFFFFF\/txt_000000\/border_CCCCCC\/columns_2\/maxflags_10\/viewers_0\/labels_1\/pageviews_1\/flags_0\/percent_0\/\" alt=\"Flag Counter\" width=\"1\" height=\"1\" border=\"0\" \/><\/a><\/p>\n<div id=\"simple-translate\" class=\"simple-translate-system-theme\">\n<div>\n<div class=\"simple-translate-button isShow\" style=\"background-image: url('moz-extension:\/\/4fe9cde6-e923-4f4e-95a2-0682052323f6\/icons\/512.png'); height: 22px; width: 22px; top: 28px; left: 14px;\"><\/div>\n<div class=\"simple-translate-panel \" style=\"width: 300px; height: 200px; top: 0px; left: 0px; font-size: 13px;\">\n<div class=\"simple-translate-result-wrapper\" style=\"overflow: hidden;\">\n<div class=\"simple-translate-move\" draggable=\"true\"><\/div>\n<div class=\"simple-translate-result-contents\">\n<p class=\"simple-translate-result\" dir=\"auto\">\n<p class=\"simple-translate-candidate\" dir=\"auto\">\n<\/div>\n<\/div>\n<\/div>\n<\/div>\n<\/div>\n","protected":false},"excerpt":{"rendered":"<p>Desde marzo 1996 mantengo en l\u00ednea una colecci\u00f3n de enlaces sobre el espa\u00f1ol en Internet, que con el tiempo se transformado en <a href=\"http:\/\/www.alt164.info\" class=\"autohyperlink\">www.alt164.info<\/a>. El nombre me lo inspir\u00f3 la letra \u00f1 que en un teclado de ordenador internacional (con teclado no espa\u00f1ol) hay que hacer con la combinaci\u00f3n Alt+164. Aparte<\/p>\n","protected":false},"author":1,"featured_media":0,"parent":0,"menu_order":0,"comment_status":"closed","ping_status":"closed","template":"","meta":{"iawp_total_views":1068,"footnotes":"","_wp_rev_ctl_limit":""},"class_list":["post-24","page","type-page","status-publish","hentry"],"publishpress_future_action":{"enabled":false,"date":"2026-05-20 15:12:22","action":"change-status","newStatus":"draft","terms":[],"taxonomy":"","extraData":[]},"publishpress_future_workflow_manual_trigger":{"enabledWorkflows":[]},"_links":{"self":[{"href":"https:\/\/hlrnet.com\/sites\/alt164\/wp-json\/wp\/v2\/pages\/24","targetHints":{"allow":["GET"]}}],"collection":[{"href":"https:\/\/hlrnet.com\/sites\/alt164\/wp-json\/wp\/v2\/pages"}],"about":[{"href":"https:\/\/hlrnet.com\/sites\/alt164\/wp-json\/wp\/v2\/types\/page"}],"author":[{"embeddable":true,"href":"https:\/\/hlrnet.com\/sites\/alt164\/wp-json\/wp\/v2\/users\/1"}],"replies":[{"embeddable":true,"href":"https:\/\/hlrnet.com\/sites\/alt164\/wp-json\/wp\/v2\/comments?post=24"}],"version-history":[{"count":1,"href":"https:\/\/hlrnet.com\/sites\/alt164\/wp-json\/wp\/v2\/pages\/24\/revisions"}],"predecessor-version":[{"id":27696,"href":"https:\/\/hlrnet.com\/sites\/alt164\/wp-json\/wp\/v2\/pages\/24\/revisions\/27696"}],"wp:attachment":[{"href":"https:\/\/hlrnet.com\/sites\/alt164\/wp-json\/wp\/v2\/media?parent=24"}],"curies":[{"name":"wp","href":"https:\/\/api.w.org\/{rel}","templated":true}]}}