{"id":23897,"date":"2024-01-18T13:18:23","date_gmt":"2024-01-18T13:18:23","guid":{"rendered":"https:\/\/hlrnet.com\/sites\/alt164\/?page_id=23897"},"modified":"2026-04-07T08:53:19","modified_gmt":"2026-04-07T08:53:19","slug":"tipos-de-actividades-y-herramientas","status":"publish","type":"page","link":"https:\/\/hlrnet.com\/sites\/alt164\/tipos-de-actividades-y-herramientas\/","title":{"rendered":"Tipos de actividades y herramientas"},"content":{"rendered":"<div class=\"entry-content\">\n<p><strong>TIPOS DE ACTIVIDADES Y HERRAMIENTAS<br \/>\n<\/strong><\/p>\n<p>No olvides consultar<\/p>\n<ul>\n<li><a href=\"https:\/\/hlrnet.com\/sites\/alt164\/tecnologia-y-educacion\/\">esta lista<\/a><\/li>\n<li><a href=\"https:\/\/hlrnet.com\/sites\/alt164\/tag\/a-distancia\/\">mis \u00faltimas contribuciones<\/a>.<\/li>\n<li><a href=\"https:\/\/hlrnet.com\/sites\/ai\/?page_id=10007\">mi selecci\u00f3n de herramientas esenciales de IA<\/a><\/li>\n<\/ul>\n<p>&nbsp;<\/p>\n<ul>\n<li><em>Acortar url y crear qr<\/em>\n<ul>\n<li>Tinyurl<\/li>\n<\/ul>\n<\/li>\n<li><em>Ahorcado<\/em>\n<ul>\n<li>Snman de Flippity, Learningapps<\/li>\n<\/ul>\n<\/li>\n<li><em>Buscar elementos en im\u00e1genes<\/em>\n<ul>\n<li>H5P, Learningapps<\/li>\n<\/ul>\n<\/li>\n<li><em>Calcular<\/em>\n<ul>\n<li>H5P<\/li>\n<\/ul>\n<\/li>\n<li><em>Colaborar en textos<\/em>\n<ul>\n<li>Office, Google Drive<\/li>\n<li>Padlet, Linoit<\/li>\n<\/ul>\n<\/li>\n<li><em>Combinar im\u00e1genes<\/em>\n<ul>\n<li>H5P, Learningapps<\/li>\n<\/ul>\n<\/li>\n<li><em>Combinar elementos<\/em>\n<ul>\n<li>Learningapps<\/li>\n<li>Hotpotatoes (TIP puede hacer una selecci\u00f3n aleatoria de una lista importante)<\/li>\n<li>Quizlet (TIP se puede pegar desde Excel)<\/li>\n<\/ul>\n<\/li>\n<li><em>Crucigramas<\/em>\n<ul>\n<li>Eclipsecrossword, H5P<\/li>\n<\/ul>\n<\/li>\n<li><em>Desplazar y soltar<\/em>\n<ul>\n<li>H5P, Learningapps<\/li>\n<\/ul>\n<\/li>\n<li><em>Flashcards<\/em>\n<ul>\n<li>Cram (para listas largas)<\/li>\n<li>Quizlet (TIP se puede pegar desde Excel)<\/li>\n<li>H5P<\/li>\n<\/ul>\n<\/li>\n<li><em>Lluvia de ideas<\/em>\n<ul>\n<li><a href=\"http:\/\/Bubbl.us\" class=\"autohyperlink\">Bubbl.us<\/a><\/li>\n<li>Mentimeter<\/li>\n<\/ul>\n<\/li>\n<li><em>L\u00ednea de tiempo<\/em>\n<ul>\n<li>H5P, Learningapps<\/li>\n<\/ul>\n<\/li>\n<li><em>Maze (laberinto, \u00e1rbol de decisiones)<\/em>\n<ul>\n<li>H5P, WordPress, Powerpoint (Action buttons)<\/li>\n<\/ul>\n<\/li>\n<li><em>Ordenar<\/em>\n<ul>\n<li>Learningapps<\/li>\n<\/ul>\n<\/li>\n<li><em>Selecci\u00f3n m\u00faltiple<\/em>\n<ul>\n<li>H5P, Hotpotatoes, Learningapps<\/li>\n<\/ul>\n<\/li>\n<li><em>Sopa de letras<\/em>\n<ul>\n<li>H5P<\/li>\n<\/ul>\n<\/li>\n<li><em>Textos con blancos<\/em>\n<ul>\n<li>H5P<\/li>\n<li>Learningapps<\/li>\n<\/ul>\n<\/li>\n<li><em>Videos de instrucci\u00f3n<\/em>\n<ul>\n<li>Youtube (encontrar), Video Puppet (crear a base de Powerpoint)<\/li>\n<\/ul>\n<\/li>\n<li><em>Video interactivo<\/em>\n<ul>\n<li>Timeline.ly (textos en puntos determinados), H5P (textos, preguntas, saltar)<\/li>\n<\/ul>\n<\/li>\n<\/ul>\n<p><strong>HERRAMIENTAS<\/strong><\/p>\n<ul>\n<li><em><a href=\"https:\/\/bubbl.us\">Bubbl.us<\/a><\/em>\n<ul>\n<li>Lluvia de ideas sin complicaciones<\/li>\n<\/ul>\n<\/li>\n<li><a href=\"https:\/\/www.cram.com\"><em>Cram<\/em><\/a>\n<ul>\n<li>Flashcards<\/li>\n<\/ul>\n<\/li>\n<li><a href=\"https:\/\/www.eclipsecrossword.com\/\"><em>Eclipsecrossword<\/em><\/a>\n<ul>\n<li>creado de crucigrama<\/li>\n<li>el crucigrama hay que publicarlo en un servidor<\/li>\n<\/ul>\n<\/li>\n<li><a href=\"https:\/\/www.educaplay.com\/\"><em>Educaplay<\/em><\/a>\n<ul>\n<li>plataforma en l\u00ednea para crear textos con blancos, crucigramas, ejercicios de ordenar, ejercicios de combinaci\u00f3n, sopa de letras, mapas interactivas, quiz de v\u00eddeo<\/li>\n<\/ul>\n<\/li>\n<li><a href=\"https:\/\/flippity.net\/\"><em>Flippity<\/em><\/a>\n<ul>\n<li>add-on a Google Docs para crear sopa de letras, crucigrama o juegos del ahorcado<\/li>\n<\/ul>\n<\/li>\n<li><a href=\"https:\/\/h5p.org\/content-types-and-applications\"><em>H5P<\/em><\/a>\n<ul>\n<li>plataforma para crear actividades que se pueden integrar a una web como WordPress o Moodle<\/li>\n<li>por ejemplo blancos, sopas de letras, crucigramas, combinaciones, selecci\u00f3n m\u00faltiple, c\u00e1lculo, l\u00ednea de tiempo<\/li>\n<\/ul>\n<\/li>\n<li><a href=\"https:\/\/hotpot.uvic.ca\/\"><em>Hotpotatoes<\/em><\/a>\n<ul>\n<li>ejercicios con blancos o de combinaci\u00f3n que se pueden integrar a una p\u00e1gina web<\/li>\n<\/ul>\n<\/li>\n<li><a href=\"https:\/\/learningapps.org\/\"><em>Learningapps<\/em><\/a>\n<ul>\n<li>crear ejercicios en l\u00ednea, como combinar texto e imagen, l\u00ednea, ordenar, indicar en una imagen, texto con blancos, ahorcado<\/li>\n<\/ul>\n<\/li>\n<li><a href=\"https:\/\/www.mentimeter.com\/\"><em>Mentimeter<\/em><\/a>\n<ul>\n<li>Lluvia de ideas interactivas en clase<\/li>\n<\/ul>\n<\/li>\n<li><a href=\"https:\/\/www.quizlet.com\"><em>Quizlet<\/em><\/a>\n<ul>\n<li>Flashcards, con hasta 2000 elementos, con interfaz agradable y posibilidad de importar desde Excel<\/li>\n<\/ul>\n<\/li>\n<\/ul>\n<\/div>\n","protected":false},"excerpt":{"rendered":"<p>TIPOS DE ACTIVIDADES Y HERRAMIENTAS No olvides consultar esta lista mis \u00faltimas contribuciones. mi selecci\u00f3n de herramientas esenciales de IA &nbsp; Acortar url y crear qr Tinyurl Ahorcado Snman de Flippity, Learningapps Buscar elementos en im\u00e1genes H5P, Learningapps Calcular H5P Colaborar en textos Office, Google Drive Padlet, Linoit Combinar im\u00e1genes<\/p>\n","protected":false},"author":1,"featured_media":0,"parent":0,"menu_order":0,"comment_status":"closed","ping_status":"closed","template":"","meta":{"iawp_total_views":27,"footnotes":"","_wp_rev_ctl_limit":""},"class_list":["post-23897","page","type-page","status-publish","hentry"],"publishpress_future_action":{"enabled":false,"date":"2026-05-04 02:41:52","action":"change-status","newStatus":"draft","terms":[],"taxonomy":"","extraData":[]},"publishpress_future_workflow_manual_trigger":{"enabledWorkflows":[]},"_links":{"self":[{"href":"https:\/\/hlrnet.com\/sites\/alt164\/wp-json\/wp\/v2\/pages\/23897","targetHints":{"allow":["GET"]}}],"collection":[{"href":"https:\/\/hlrnet.com\/sites\/alt164\/wp-json\/wp\/v2\/pages"}],"about":[{"href":"https:\/\/hlrnet.com\/sites\/alt164\/wp-json\/wp\/v2\/types\/page"}],"author":[{"embeddable":true,"href":"https:\/\/hlrnet.com\/sites\/alt164\/wp-json\/wp\/v2\/users\/1"}],"replies":[{"embeddable":true,"href":"https:\/\/hlrnet.com\/sites\/alt164\/wp-json\/wp\/v2\/comments?post=23897"}],"version-history":[{"count":4,"href":"https:\/\/hlrnet.com\/sites\/alt164\/wp-json\/wp\/v2\/pages\/23897\/revisions"}],"predecessor-version":[{"id":27836,"href":"https:\/\/hlrnet.com\/sites\/alt164\/wp-json\/wp\/v2\/pages\/23897\/revisions\/27836"}],"wp:attachment":[{"href":"https:\/\/hlrnet.com\/sites\/alt164\/wp-json\/wp\/v2\/media?parent=23897"}],"curies":[{"name":"wp","href":"https:\/\/api.w.org\/{rel}","templated":true}]}}