{"id":14345,"date":"2020-03-23T13:33:58","date_gmt":"2020-03-23T13:33:58","guid":{"rendered":"https:\/\/hlrnet.com\/sites\/alt164\/?page_id=14345"},"modified":"2025-09-27T07:53:28","modified_gmt":"2025-09-27T07:53:28","slug":"sobre-mi","status":"publish","type":"page","link":"https:\/\/hlrnet.com\/sites\/alt164\/sobre-mi\/","title":{"rendered":"Sobre m\u00ed"},"content":{"rendered":"<p>Soy Hans Le Roy, profesor belga de ELE en la ense\u00f1anza para adultos desde hace m\u00e1s de 30 a\u00f1os, y profesor de inform\u00e1tica en el cuidado de la salud desde hace m\u00e1s de 20. Me apasiona la inform\u00e1tica, y fui Microsoft MVP durante 14 a\u00f1os..<\/p>\n<p>En la actualidad soy webmaster de la Sociedad Belga de Profesores de Espa\u00f1ol, de la Federaci\u00f3n Internacional de Asociaciones de Profesores, y de la Vereniging van Leuvense Romanisten.<\/p>\n<p>Mis escuelas<\/p>\n<ul>\n<li><a href=\"https:\/\/www.odisee.be\/\">Odisee<\/a><\/li>\n<li><a href=\"https:\/\/www.cvosemper.be\/\" target=\"_blank\" rel=\"noopener noreferrer\">CVO Semper<\/a><\/li>\n<\/ul>\n<p>Mis asociaciones:<\/p>\n<ul>\n<li><a href=\"https:\/\/www.sbpe.info\">SBPE<\/a><\/li>\n<li><a href=\"https:\/\/www.fiape.org\">FIAPE<\/a><\/li>\n<li><a href=\"https:\/\/www.vlrom.be\">VLR<\/a><\/li>\n<\/ul>\n<p>Para saber m\u00e1s:<\/p>\n<ul>\n<li><a href=\"https:\/\/mvp.microsoft.com\/\">MS MVP del 2003 al 2017<\/a><\/li>\n<li><a class=\"broken_link\" href=\"https:\/\/www.linkedin.com\/in\/hansleroy\">LinkedIn &#8211; mi perfil profesional<\/a><\/li>\n<li><a href=\"https:\/\/lirias.kuleuven.be\/cv?u=U0037499&amp;allItems=true&amp;layout=APA-style&amp;link=true\">Lirias &#8211; mis publicaciones<\/a><\/li>\n<\/ul>\n<p>&nbsp;<\/p>\n","protected":false},"excerpt":{"rendered":"<p>Soy Hans Le Roy, profesor belga de ELE en la ense\u00f1anza para adultos desde hace m\u00e1s de 30 a\u00f1os, y profesor de inform\u00e1tica en el cuidado de la salud desde hace m\u00e1s de 20. Me apasiona la inform\u00e1tica, y fui Microsoft MVP durante 14 a\u00f1os.. En la actualidad soy webmaster<\/p>\n","protected":false},"author":1,"featured_media":0,"parent":0,"menu_order":0,"comment_status":"closed","ping_status":"closed","template":"","meta":{"iawp_total_views":50,"footnotes":"","_wp_rev_ctl_limit":""},"class_list":["post-14345","page","type-page","status-publish","hentry"],"publishpress_future_action":{"enabled":false,"date":"2026-05-04 04:19:18","action":"change-status","newStatus":"draft","terms":[],"taxonomy":"","extraData":[]},"publishpress_future_workflow_manual_trigger":{"enabledWorkflows":[]},"_links":{"self":[{"href":"https:\/\/hlrnet.com\/sites\/alt164\/wp-json\/wp\/v2\/pages\/14345","targetHints":{"allow":["GET"]}}],"collection":[{"href":"https:\/\/hlrnet.com\/sites\/alt164\/wp-json\/wp\/v2\/pages"}],"about":[{"href":"https:\/\/hlrnet.com\/sites\/alt164\/wp-json\/wp\/v2\/types\/page"}],"author":[{"embeddable":true,"href":"https:\/\/hlrnet.com\/sites\/alt164\/wp-json\/wp\/v2\/users\/1"}],"replies":[{"embeddable":true,"href":"https:\/\/hlrnet.com\/sites\/alt164\/wp-json\/wp\/v2\/comments?post=14345"}],"version-history":[{"count":1,"href":"https:\/\/hlrnet.com\/sites\/alt164\/wp-json\/wp\/v2\/pages\/14345\/revisions"}],"predecessor-version":[{"id":26925,"href":"https:\/\/hlrnet.com\/sites\/alt164\/wp-json\/wp\/v2\/pages\/14345\/revisions\/26925"}],"wp:attachment":[{"href":"https:\/\/hlrnet.com\/sites\/alt164\/wp-json\/wp\/v2\/media?parent=14345"}],"curies":[{"name":"wp","href":"https:\/\/api.w.org\/{rel}","templated":true}]}}