{"id":13862,"date":"2019-11-28T20:37:48","date_gmt":"2019-11-28T20:37:48","guid":{"rendered":"https:\/\/hlrnet.com\/sites\/alt164\/?page_id=13862"},"modified":"2024-04-26T06:46:21","modified_gmt":"2024-04-26T06:46:21","slug":"gramatica-y-dudas","status":"publish","type":"page","link":"https:\/\/hlrnet.com\/sites\/alt164\/gramatica-y-dudas\/","title":{"rendered":"Gram\u00e1tica y dudas"},"content":{"rendered":"<ul>\n<li>Gram\u00e1tica\n<ul>\n<li><a href=\"https:\/\/www.verbix.com\/languages\/spanish.shtml\" target=\"_blank\" rel=\"noopener noreferrer\">Conjugue Spanish<\/a><\/li>\n<li><a href=\"https:\/\/www.esfacil.eu\/es\/gramatica.html\">Es F\u00e1cil<\/a><\/li>\n<li><a href=\"https:\/\/espanolplus.com\/gramatica\/\">Espa\u00f1ol Plus<\/a><\/li>\n<li><a href=\"https:\/\/www.gramaticas.net\/\">Gram\u00e1ticas.net<\/a><\/li>\n<li><a href=\"https:\/\/www.lengalia.com\/es\/cursos-espanol-online\/gramatica-espanola.html\">Lengalia<\/a><\/li>\n<li><a href=\"https:\/\/espanol.lingolia.com\/es\/gramatica\">Lingolia<\/a><\/li>\n<li><a href=\"http:\/\/openbooks.library.umass.edu\/gramatica-espanol\/\">Manual de gram\u00e1tica b\u00e1sica y avanzada del espa\u00f1ol<\/a> \u2013 Simple Book Publishing<\/li>\n<li><a href=\"https:\/\/morforetem.wordpress.com\/\">Morforetem: blog de morfolog\u00eda espa\u00f1ola<\/a><\/li>\n<li><a href=\"https:\/\/www.onoma.es\/\">Onoma<\/a>: conjugador<\/li>\n<li><a href=\"https:\/\/www.ucm.es\/plataformaele\/\">Plataforma gramatical de ense\u00f1anza de espa\u00f1ol como lengua extranjera<\/a> &#8211; Universidad Complutense<\/li>\n<li><a href=\"https:\/\/reglasdeortografia.com\/\">Reglas de ortograf\u00eda<\/a><\/li>\n<li><a href=\"https:\/\/spanishchecker.com\/\">Spanish checker<\/a><\/li>\n<li><a href=\"https:\/\/www.spanishconjugator.com\/\">Spanish Conjugator<\/a><\/li>\n<li><a href=\"https:\/\/grammar.spanishintexas.org\/\">Spanish Grammar in Context<\/a><\/li>\n<li><a href=\"https:\/\/superespanol.com\/gramatica-espanola\/\">Superespa\u00f1ol<\/a><\/li>\n<li><a href=\"https:\/\/www.verbix.com\/\">Verbix<\/a><\/li>\n<li><a href=\"https:\/\/es.wikipedia.org\/wiki\/Gram%C3%A1tica_del_espa%C3%B1ol\">Wikipedia: Gram\u00e1tica espa\u00f1ola<\/a><\/li>\n<\/ul>\n<\/li>\n<li>Ejercicios\n<ul>\n<li><a href=\"https:\/\/aprenderespanol.org\/gramatica-ejercicios\">Aprender espanol<\/a><\/li>\n<li><a href=\"https:\/\/www.ver-taal.com\/gramatica.htm\">Ver-Taal<\/a><\/li>\n<\/ul>\n<\/li>\n<li>Dudas\n<ul>\n<li><a href=\"https:\/\/blog.lengua-e.com\/\">Blog de lengua<\/a><\/li>\n<li><a href=\"https:\/\/www.como-se-escribe.com\/\">C\u00f3mo se escribe<\/a><\/li>\n<li><a href=\"https:\/\/www.rae.es\/consultas-linguisticas\">Consultas ling\u00fc\u00edsticas<\/a> (RAE)<\/li>\n<li><a href=\"https:\/\/www.diccionariodedudas.com\/numeros-ordinales\/\">Diccionario de dudas<\/a><\/li>\n<li><a href=\"https:\/\/www.rae.es\/recursos\/diccionarios\/dpd\">Diccionario panhisp\u00e1nico de dudas<\/a><\/li>\n<li><a href=\"https:\/\/consultasescritura.wordpress.com\/\">Escritura acad\u00e9mica<\/a><\/li>\n<li><a href=\"https:\/\/www.fundeu.es\/\">Fund\u00e9u<\/a>: Fundaci\u00f3n de espa\u00f1ol urgente<\/li>\n<li><a href=\"https:\/\/ortografiaparaninos.blogspot.be\/\">Ortograf\u00eda para ni\u00f1os<\/a><\/li>\n<li><a href=\"https:\/\/reglasdeortografia.com\/\">Reglas de ortograf\u00eda<\/a><\/li>\n<\/ul>\n<\/li>\n<\/ul>\n<span class=\"last-modified-timestamp\">Abr 26, 2024 @ 6:46 am<\/span>\n","protected":false},"excerpt":{"rendered":"<p>Gram\u00e1tica Conjugue Spanish Es F\u00e1cil Espa\u00f1ol Plus Gram\u00e1ticas.net Lengalia Lingolia Manual de gram\u00e1tica b\u00e1sica y avanzada del espa\u00f1ol \u2013 Simple Book Publishing Morforetem: blog de morfolog\u00eda espa\u00f1ola Onoma: conjugador Plataforma gramatical de ense\u00f1anza de espa\u00f1ol como lengua extranjera &#8211; Universidad Complutense Reglas de ortograf\u00eda Spanish checker Spanish Conjugator Spanish Grammar<\/p>\n","protected":false},"author":1,"featured_media":0,"parent":0,"menu_order":0,"comment_status":"closed","ping_status":"closed","template":"","meta":{"iawp_total_views":3,"footnotes":"","_wp_rev_ctl_limit":""},"class_list":["post-13862","page","type-page","status-publish","hentry"],"publishpress_future_action":{"enabled":false,"date":"2026-05-04 04:20:19","action":"change-status","newStatus":"draft","terms":[],"taxonomy":"","extraData":[]},"publishpress_future_workflow_manual_trigger":{"enabledWorkflows":[]},"_links":{"self":[{"href":"https:\/\/hlrnet.com\/sites\/alt164\/wp-json\/wp\/v2\/pages\/13862","targetHints":{"allow":["GET"]}}],"collection":[{"href":"https:\/\/hlrnet.com\/sites\/alt164\/wp-json\/wp\/v2\/pages"}],"about":[{"href":"https:\/\/hlrnet.com\/sites\/alt164\/wp-json\/wp\/v2\/types\/page"}],"author":[{"embeddable":true,"href":"https:\/\/hlrnet.com\/sites\/alt164\/wp-json\/wp\/v2\/users\/1"}],"replies":[{"embeddable":true,"href":"https:\/\/hlrnet.com\/sites\/alt164\/wp-json\/wp\/v2\/comments?post=13862"}],"version-history":[{"count":4,"href":"https:\/\/hlrnet.com\/sites\/alt164\/wp-json\/wp\/v2\/pages\/13862\/revisions"}],"predecessor-version":[{"id":24776,"href":"https:\/\/hlrnet.com\/sites\/alt164\/wp-json\/wp\/v2\/pages\/13862\/revisions\/24776"}],"wp:attachment":[{"href":"https:\/\/hlrnet.com\/sites\/alt164\/wp-json\/wp\/v2\/media?parent=13862"}],"curies":[{"name":"wp","href":"https:\/\/api.w.org\/{rel}","templated":true}]}}