{"id":11786,"date":"2018-04-19T17:14:00","date_gmt":"2018-04-19T17:14:00","guid":{"rendered":"http:\/\/hlrnet.com\/sites\/alt164\/?page_id=11786"},"modified":"2026-02-14T20:23:25","modified_gmt":"2026-02-14T20:23:25","slug":"cursos-en-linea-sitios-para-aprendices","status":"publish","type":"page","link":"https:\/\/hlrnet.com\/sites\/alt164\/cursos-en-linea-sitios-para-aprendices\/","title":{"rendered":"Cursos en l\u00ednea &#8211; sitios para aprendices"},"content":{"rendered":"<ul>\n<li><a href=\"https:\/\/www.1001reasonstolearnspanish.com\/\">1001 Reasons to Learn Spanish<\/a><\/li>\n<li><a href=\"https:\/\/www.123teachme.com\/\">123TeachMe: learn Spanish free online<\/a><\/li>\n<li><a href=\"https:\/\/www.antonioluna.org\/\">Antonio Luna<\/a>: lista en forma de blog<\/li>\n<li><a href=\"https:\/\/www.aprenderespanol.org\/\">Aprenderespa\u00f1ol<\/a><\/li>\n<li><a href=\"https:\/\/apronunciar.blogspot.com\/\">A pronunciar<\/a><\/li>\n<li><a href=\"https:\/\/es.akinator.com\/\">Akinator, el genio de la web<\/a>: jugar a descubrir un personaje<\/li>\n<li><a href=\"https:\/\/www.audiria.com\/\">Audiria<\/a>: a listening based learning<\/li>\n<li><a href=\"https:\/\/www.auladiez.com\/\" target=\"_blank\" rel=\"noopener noreferrer\">AulaDiez &#8211; aprender espa\u00f1ol en l\u00ednea<\/a><\/li>\n<li><a href=\"https:\/\/www.babbel.com\/\">Babbel<\/a>: learn languages online (Spanish, French, Italian, English, German)<\/li>\n<li><a href=\"https:\/\/www.bbc.co.uk\/languages\/spanish\/\">BBC Languages: Spanish<\/a>\n<ul>\n<li><a href=\"https:\/\/www.bbc.co.uk\/languages\/spanish\/cool\/\">Cool Spanish<\/a><\/li>\n<li><a href=\"https:\/\/www.bbc.co.uk\/languages\/spanish\/mividaloca\/\">Mi vida loca<\/a><\/li>\n<\/ul>\n<\/li>\n<li><a href=\"https:\/\/www.klascement.be\/bis\/\">BIS Online<\/a> (BE, fuente abierta &#8211; pero las audios ya no funcionan porque se apoyan en Flash)<\/li>\n<li><a href=\"https:\/\/www.bitgab.com\/en\/learn-spanish\">Bitgab<\/a>: social network to learn Spanish<\/li>\n<li><a href=\"https:\/\/burbujadelespanol.com\/\">BurbujaDELEspa\u00f1ol<\/a><\/li>\n<li><a href=\"https:\/\/www.busuu.com\/es\">Busuu<\/a>: 10 minutos al d\u00eda<\/li>\n<li><a href=\"https:\/\/camino.ccdmd.qc.ca\/\">El Camino de Santiago<\/a>: ser, estar, en, a, por, para<\/li>\n<li><a href=\"https:\/\/campus.difusion.com\">Campus Difusi\u00f3n<\/a><\/li>\n<li><a href=\"https:\/\/www.cela-ve.com\/moodle\/\" target=\"_blank\" rel=\"noopener noreferrer\">Cela: Spanish courses on-line, free online Spanish lessons, Cela Spanish School, Isla Margarita, Venezuela<\/a><\/li>\n<li><a href=\"https:\/\/cvc.cervantes.es\/portada.htm\" target=\"_blank\" rel=\"noopener noreferrer\">Centro Virtual Cervantes<\/a>\n<ul>\n<li><a href=\"https:\/\/ave.cervantes.es\/\">Aula Virtual<\/a><\/li>\n<\/ul>\n<\/li>\n<li><a href=\"https:\/\/www.cruzroja.es\/portal\/page?_pageid=33,80171&amp;_dad=portal30&amp;_schema=PORTAL30\" target=\"_blank\" rel=\"noopener noreferrer\">Cruz Roja: aprendiendo un idioma para trabajar<\/a><\/li>\n<li>Cursos comerciales a distancia\n<ul>\n<li><a href=\"https:\/\/www.fidescu.org\/\">Fidescu<\/a><\/li>\n<\/ul>\n<\/li>\n<li><a href=\"https:\/\/deleahora.com\/\">DELE Ahora<\/a>: Aprende y practica espa\u00f1ol online gratis: vocabulario, gram\u00e1tica, ejercicios, certificados, material pr\u00e1ctico, cultura &#8211; todo sobre ELE, desde el nivel A1 hasta el nivel C2<\/li>\n<li><a href=\"https:\/\/deleb2.wordpress.com\/\">DELEB2<\/a><\/li>\n<li><a href=\"https:\/\/www.dilealsol.es\/\">Dilealsol<\/a><\/li>\n<li><a href=\"https:\/\/doncarlos123.tripod.com\/\" target=\"_blank\" rel=\"noopener noreferrer\">Don Carlos<\/a><\/li>\n<li><a href=\"https:\/\/hablamossle.com\/\">Easy Spanish<\/a><\/li>\n<li><a href=\"https:\/\/camino.ccdmd.qc.ca\/\">El camino de Santiago<\/a> (A1-A2)<\/li>\n<li><a href=\"https:\/\/www.eldigoras.com\/\" target=\"_blank\" rel=\"noopener noreferrer\">Eld\u00edgoras<\/a> (con <a href=\"https:\/\/www.eldigoras.com\/eldyele\/06ejerciciosvrb.htm\" target=\"_blank\" rel=\"noopener noreferrer\">ejercicios<\/a>)<\/li>\n<li>Escuelas\n<ul>\n<li><a href=\"https:\/\/www.fedele.org\/\">Fedele<\/a>: federaci\u00f3n de escuelas de espa\u00f1ol como lengua extranjera<\/li>\n<\/ul>\n<\/li>\n<li><a href=\"https:\/\/www.espagnolfacile.com\/\">EspagnolFacile<\/a><\/li>\n<li><a href=\"https:\/\/es.wikibooks.org\/wiki\/Espa%C3%B1ol\/Como_lengua_extranjera\/Vocabulario\">El espa\u00f1ol como lengua extranjera<\/a> (Wikibooks)<\/li>\n<li><a href=\"https:\/\/estudiarespanol.wordpress.com\">Estudiarespa\u00f1ol<\/a><\/li>\n<li><a href=\"https:\/\/espanolparainmigrantes.wordpress.com\/\">Espa\u00f1ol para inmigrantes<\/a><\/li>\n<li><a href=\"https:\/\/www.e-spanyol.hu\/\">E-spanyol<\/a><\/li>\n<li><a href=\"https:\/\/www.fluencia.com\/\">fluencia:<\/a> learn Spanish online<\/li>\n<li><a href=\"https:\/\/www.fluencyprof.com\/free-spanish-audio.html\">FluencyProf: audiociones<\/a><\/li>\n<li><a href=\"https:\/\/pot-pourri.fltr.ucl.ac.be\/gra\/\">Gram@clicando<\/a> (UCL)<\/li>\n<li><a href=\"https:\/\/edinumen.es\/guadalingo\/english\/index.html\">Guadalingo<\/a>: videojuego para aprender el espa\u00f1ol en inmersi\u00f3n<\/li>\n<li><a href=\"https:\/\/hablametodo.com\/\">Habla m\u00e9todo: <\/a>curso en l\u00ednea<\/li>\n<li><a href=\"https:\/\/hablacultura.com\/\">Hablacultura<\/a>: recursos para estudiantes y profesores de espa\u00f1ol<\/li>\n<li><a href=\"https:\/\/herramientasele.weebly.com\/\">Herramientas ELE<\/a>\n<ul>\n<li><a href=\"https:\/\/herramientasele.weebly.com\/a2.html\">A2<\/a> &#8211; <a href=\"https:\/\/herramientasele.weebly.com\/b1.html\">B1<\/a> &#8211; <a href=\"https:\/\/herramientasele.weebly.com\/b2.html\">B2<\/a><\/li>\n<\/ul>\n<\/li>\n<li>Intercambiar y practica con nativos\n<ul>\n<li><a href=\"https:\/\/www.hellotalk.com\/\">HelloTalk<\/a><\/li>\n<li><a href=\"https:\/\/www.italki.com\/\">italki<\/a><\/li>\n<li><a href=\"https:\/\/www.lingbe.com\/\">Lingbe<\/a><\/li>\n<li><a href=\"https:\/\/www.language-exchanges.org\/\">The Mixxer<\/a><\/li>\n<li><a href=\"https:\/\/www.mylanguageexchange.com\/\">mylanguageexchange<\/a><\/li>\n<li><a href=\"https:\/\/www.speaky.com\/\">Speaky<\/a><\/li>\n<\/ul>\n<\/li>\n<li>Juegos (de lengua) en l\u00ednea: crucigramas, buscapalabras, enigmas, &#8230;\n<ul>\n<li><a href=\"https:\/\/www.juegos.com\/\">Juegos.com<\/a><\/li>\n<li><a href=\"https:\/\/www.minijuegos.com\/juegos-de-palabras\">Minijuegos<\/a>: juegos de palabras<\/li>\n<li><a href=\"https:\/\/www.quiz.es\">Quiz.es<\/a><\/li>\n<li><a href=\"https:\/\/www.zylom.com\/es\/juegos-online-gratis\/rompecabezas\/juegos-de-palabras\/\">Zylom<\/a>: juegos de palabras<\/li>\n<\/ul>\n<\/li>\n<li><a href=\"https:\/\/www.knowspanish.com\/\">Know Spanish<\/a>: 20.000 words Spanish in 20 minutes<\/li>\n<li><a href=\"https:\/\/www.langfox.com\/en\/es\/path\">Langfox<\/a><\/li>\n<li><a href=\"file:\/\/\/C:\/Users\/hlr\/OneDrive\/-MAIN-\/learnlanguagesonyourown.com\/how-to-learn-Spanish-on-your-own.html\">LearnLanguagesOnYourOwn<\/a><\/li>\n<li><a href=\"https:\/\/www.lengalia.com\/es\/aprender-espanol-gratis.html\">Lengalia<\/a><\/li>\n<li><a href=\"https:\/\/www.lenguajeyotrasluces.com\/\">Lenguaje y otras luces<\/a><\/li>\n<li><a href=\"https:\/\/www.lingolex.com\/spanish.htm\" target=\"_blank\" rel=\"noopener noreferrer\">Lingolex: Learn Spanish<\/a><\/li>\n<li><a href=\"https:\/\/www.linguaenlinea.eu\/\">Linguaenlinea<\/a><\/li>\n<li><a href=\"https:\/\/www.lingus.tv\/\">Lingus.tv<\/a>: Spanish learning videos<\/li>\n<li><a href=\"https:\/\/www.listofwords.com\/\">Listofwords<\/a><\/li>\n<li>Liveworksheets<\/li>\n<li><a href=\"https:\/\/www.mansionspanish.com\/\" target=\"_blank\" rel=\"noopener noreferrer\">Mansionspanish<\/a>: curso online multimedia gratuito de espa\u00f1ol<\/li>\n<li><a href=\"https:\/\/www.mylanguageexchange.com\/Learn_spn\/spanish.asp\">MyLanguageExchange<\/a>: Aprender a hablar espa\u00f1ol &#8211; Intercambio de idiomas mediante correo electr\u00f3nico, charla de texto y charla de voz<\/li>\n<li><a href=\"https:\/\/www.netlanguages.com\/\">Netlanguages<\/a><\/li>\n<li><a href=\"https:\/\/palabraspormadrid.blogspot.com\/\">Palabras por Madrid<\/a>: aprende espa\u00f1ol callejeando por Madrid<\/li>\n<li><a href=\"https:\/\/principiantes.wordpress.com\/\">Para los principiantes<\/a> (Mar\u00eda Gonz\u00e1lez)<\/li>\n<li>Podcasts \/ audio\n<ul>\n<li><a href=\"https:\/\/www.notesinspanish.com\/category\/beginners-podcast\/\">Notes in Spanish<\/a><\/li>\n<li><a href=\"http:\/\/www.englishnspanish.com\/audio\">English &amp; Spanish<\/a><\/li>\n<li><a href=\"http:\/\/www.englishnspanish.com\/audio\">Podcast from Spain<\/a><\/li>\n<li><a href=\"https:\/\/podcastsinspanish.org\/\">Podcast in Spanish<\/a><\/li>\n<li><a href=\"https:\/\/www.lengalia.com\/en\/learn-spanish-for-free\/podcasts.html\">Lengalia<\/a><\/li>\n<li><a href=\"https:\/\/hablamossle.com\/\">Hablamos SLE<\/a><\/li>\n<li>y en Youtube:\n<ul>\n<li><a href=\"https:\/\/www.youtube.com\/channel\/UCQK4L3hsPP0ei2_54lDaB6g\">Videoele<\/a><\/li>\n<li><a href=\"https:\/\/www.youtube.com\/channel\/UC30I0ZZ54oOVBYeXJtafYIA\">Maria Espa\u00f1ol<\/a><\/li>\n<\/ul>\n<\/li>\n<\/ul>\n<\/li>\n<li><a href=\"https:\/\/trainer.pons.eu\/\">Pons Trainer<\/a><\/li>\n<li><a href=\"https:\/\/espanol.online\/\">Portal Espa\u00f1ol<\/a><\/li>\n<li><a href=\"https:\/\/freexmen.es\/\">El Puente<\/a>: un lugar para practicar tu espa\u00f1ol<\/li>\n<li>RadioFLE: emisora de aprendizaje de espa\u00f1ol<\/li>\n<li><a href=\"https:\/\/rockalingua.com\/\">Rockalingua<\/a>: music based Spanish leaning &#8211; for kids<\/li>\n<li><a href=\"https:\/\/www.rutaele.es\/\">RutaELE<\/a><\/li>\n<li>Sitios para aprender varias lenguas (incluyendo el espa\u00f1ol)\n<ul>\n<li><a href=\"https:\/\/www.babbel.com\/\">Babbel<\/a>: learn languages online<\/li>\n<li><a href=\"https:\/\/www.busuu.com\/\">Busuu<\/a> language learning community<\/li>\n<li><a href=\"https:\/\/en.langolab.com\/\">LangoLAB<\/a><\/li>\n<li><a href=\"https:\/\/www.livemocha.com\/\">LiveMocha<\/a>: Language Learning Community<\/li>\n<\/ul>\n<\/li>\n<li><a href=\"https:\/\/spaansetaal.org\/\">Spaansetaal.org<\/a>: para neerland\u00f3fonos<\/li>\n<li><a href=\"https:\/\/www.spanisharea.com\/\">Spanish Area<\/a><\/li>\n<li><a href=\"https:\/\/www.spanishboat.com\/\">Spanish Boat<\/a><\/li>\n<li><a href=\"https:\/\/www.laits.utexas.edu\/spex\/siteindex.php\">Spanish Grammar Exercises<\/a><\/li>\n<li><a href=\"https:\/\/www.laits.utexas.edu\/spe\/index.html\" target=\"_blank\" rel=\"noopener noreferrer\">Spanish Proficiency Exercises<\/a> (Univ. Texas)<\/li>\n<li><a href=\"https:\/\/www.studyspanish.com\/\" target=\"_blank\" rel=\"noopener noreferrer\">Study Spanish<\/a><\/li>\n<li><a href=\"https:\/\/sumarpalabras.com\/\">Sumar Palabras<\/a>: Mejora tu espa\u00f1ol, mejora la sociedad. Haz que tu inter\u00e9s por la justicia social se refleje en la fluidez de tu espa\u00f1ol<\/li>\n<li><a href=\"https:\/\/www.syvum.com\/squizzes\/spanish\/learn\/\" target=\"_blank\" rel=\"noopener noreferrer\">Syvum<\/a><\/li>\n<li><a href=\"https:\/\/www.todo-claro.com\/\">Todo-claro<\/a><\/li>\n<li><a href=\"https:\/\/www.todoele.net\/gramatica\" target=\"_blank\" rel=\"noopener noreferrer\">Todo ele: lista de ejercicios gramaticales<\/a><\/li>\n<li><a href=\"https:\/\/www.ver-taal.com\/\" target=\"_blank\" rel=\"noopener noreferrer\">Ver-taal<\/a>: ejercicios de espa\u00f1ol para extranjeros &#8211; vocabulario, gram\u00e1tica, ejercicios de escucha<\/li>\n<li><a href=\"https:\/\/rea.ccdmd.qc.ca\/ri\/aztecas\/\" target=\"_blank\" rel=\"noopener noreferrer\">Viaje al pasado: los aztecas<\/a> (los tiempos del pasado)<\/li>\n<li><a href=\"https:\/\/www.videoele.com\/\">Videoele<\/a>: videos para aprender el espa\u00f1ol<\/li>\n<li><a href=\"https:\/\/es.wikibooks.org\/wiki\/Espa%C3%B1ol\/Como_lengua_extranjera\">Wikibooks: espa\u00f1ol lengua extranjera<\/a><\/li>\n<li><a href=\"https:\/\/en.wikibooks.org\/wiki\/Spanish\/Lesson_1\">Wikibooks: Spanish<\/a><\/li>\n<li><a href=\"https:\/\/www.wlingua.com\/\">Wlingua<\/a><\/li>\n<li>Youtube (entre los muchos que hay&#8230;)\n<ul>\n<li><a href=\"https:\/\/www.youtube.com\/playlist?list=PLUKlJas17MPjEkmt-94rSsap3Ntedy3sc\">Tapas de espa\u00f1ol<\/a><\/li>\n<\/ul>\n<\/li>\n<li>Conjugaciones\n<ul>\n<li><a href=\"https:\/\/conjuguemos.com\/\" target=\"_blank\" rel=\"noopener noreferrer\">Conjuguemos<\/a><\/li>\n<li><a href=\"https:\/\/www.spaleon.com\/\" target=\"_blank\" rel=\"noopener noreferrer\">Spaleon<\/a> (en l\u00ednea)<\/li>\n<li><a href=\"https:\/\/www.verbix.com\/\" target=\"_blank\" rel=\"noopener noreferrer\">Verbix<\/a> (conjugador sin ejercicios; a bajar y a instalar)<\/li>\n<\/ul>\n<\/li>\n<li>Gram\u00e1tica\n<ul>\n<li><a href=\"https:\/\/marcoele.com\/gramatica\/gramatica-b\/\">eleFANTE: gram\u00e1tica nivel B<\/a><\/li>\n<li><a href=\"https:\/\/www.spaleon.com\/\">SPALEON: Spanish Learn It Online<\/a> &#8211; verb conjugation trainer<\/li>\n<li><a href=\"https:\/\/www.todoele.net\/gramatica\" target=\"_blank\" rel=\"noopener noreferrer\">Todo ele: lista de ejercicios gramaticales<\/a><\/li>\n<li><a href=\"https:\/\/www.ver-taal.com\/\" target=\"_blank\" rel=\"noopener noreferrer\">Ver-taal<\/a>: ejercicios de espa\u00f1ol para extranjeros &#8211; vocabulario, gram\u00e1tica, ejercicios de escucha<\/li>\n<\/ul>\n<\/li>\n<li>Varios\n<ul>\n<li><a href=\"https:\/\/www.espanolsinfronteras.com\/\">Espa\u00f1ol sin fronteras<\/a>: lengua, historia, poes\u00eda, cocina, &#8230;<\/li>\n<\/ul>\n<\/li>\n<\/ul>\n<span class=\"last-modified-timestamp\">Feb 14, 2026 @ 8:23 pm<\/span>\n","protected":false},"excerpt":{"rendered":"<p>1001 Reasons to Learn Spanish 123TeachMe: learn Spanish free online Antonio Luna: lista en forma de blog Aprenderespa\u00f1ol A pronunciar Akinator, el genio de la web: jugar a descubrir un personaje Audiria: a listening based learning AulaDiez &#8211; aprender espa\u00f1ol en l\u00ednea Babbel: learn languages online (Spanish, French, Italian, English,<\/p>\n","protected":false},"author":1,"featured_media":0,"parent":0,"menu_order":0,"comment_status":"closed","ping_status":"closed","template":"","meta":{"iawp_total_views":27,"footnotes":"","_wp_rev_ctl_limit":""},"class_list":["post-11786","page","type-page","status-publish","hentry"],"publishpress_future_action":{"enabled":false,"date":"2026-05-08 08:43:06","action":"change-status","newStatus":"draft","terms":[],"taxonomy":"","extraData":[]},"publishpress_future_workflow_manual_trigger":{"enabledWorkflows":[]},"_links":{"self":[{"href":"https:\/\/hlrnet.com\/sites\/alt164\/wp-json\/wp\/v2\/pages\/11786","targetHints":{"allow":["GET"]}}],"collection":[{"href":"https:\/\/hlrnet.com\/sites\/alt164\/wp-json\/wp\/v2\/pages"}],"about":[{"href":"https:\/\/hlrnet.com\/sites\/alt164\/wp-json\/wp\/v2\/types\/page"}],"author":[{"embeddable":true,"href":"https:\/\/hlrnet.com\/sites\/alt164\/wp-json\/wp\/v2\/users\/1"}],"replies":[{"embeddable":true,"href":"https:\/\/hlrnet.com\/sites\/alt164\/wp-json\/wp\/v2\/comments?post=11786"}],"version-history":[{"count":4,"href":"https:\/\/hlrnet.com\/sites\/alt164\/wp-json\/wp\/v2\/pages\/11786\/revisions"}],"predecessor-version":[{"id":27610,"href":"https:\/\/hlrnet.com\/sites\/alt164\/wp-json\/wp\/v2\/pages\/11786\/revisions\/27610"}],"wp:attachment":[{"href":"https:\/\/hlrnet.com\/sites\/alt164\/wp-json\/wp\/v2\/media?parent=11786"}],"curies":[{"name":"wp","href":"https:\/\/api.w.org\/{rel}","templated":true}]}}