{"id":11766,"date":"2018-04-19T17:09:33","date_gmt":"2018-04-19T17:09:33","guid":{"rendered":"http:\/\/hlrnet.com\/sites\/alt164\/?page_id=11766"},"modified":"2026-02-14T20:19:17","modified_gmt":"2026-02-14T20:19:17","slug":"librerias-y-editoriales-espanolas-e-hispanicas","status":"publish","type":"page","link":"https:\/\/hlrnet.com\/sites\/alt164\/librerias-y-editoriales-espanolas-e-hispanicas\/","title":{"rendered":"Librer\u00edas y editoriales espa\u00f1olas e hisp\u00e1nicas"},"content":{"rendered":"<p><center>Librer\u00edas y editoriales espa\u00f1olas e hisp\u00e1nicas o c\u00f3mo conseguir un libro en castellano<\/center><\/p>\n<table border=\"0\">\n<tbody>\n<tr>\n<td>Librer\u00edas\/Editoriales con colecciones de ELE<\/td>\n<td>Librer\u00edas donde se pueden conseguir libros<\/td>\n<td>Otras fuentes de informaci\u00f3n<\/td>\n<\/tr>\n<tr valign=\"top\">\n<td>\n<ul>\n<li><a href=\"https:\/\/www.grupoanaya.es\/\" target=\"_blank\" rel=\"noopener noreferrer\">Anaya<\/a><\/li>\n<li><a href=\"https:\/\/www.anayaele.es\/\" target=\"_blank\" rel=\"noopener noreferrer\">Anaya ELE<\/a><\/li>\n<li><a href=\"https:\/\/www.difusion.com\/\" target=\"_blank\" rel=\"noopener noreferrer\">Difusi\u00f3n<\/a>\n<ul>\n<li><a href=\"https:\/\/campus.difusion.com\/\">Campus<\/a><\/li>\n<\/ul>\n<\/li>\n<li><a href=\"https:\/\/www.edelsa.es\/\" target=\"_blank\" rel=\"noopener noreferrer\">Edelsa<\/a><\/li>\n<li><a href=\"https:\/\/www.edinumen.es\/\" target=\"_blank\" rel=\"noopener noreferrer\">Edinumen<\/a><\/li>\n<li><a href=\"http:\/\/enclave-ele.com\/\">enClave<\/a><\/li>\n<li><a href=\"https:\/\/www.editorialgredos.com\/\" target=\"_blank\" rel=\"noopener noreferrer\">Editorial Gredos<\/a><\/li>\n<li><a href=\"https:\/\/www.hablaconene.com\/\">Hable con e\u00f1e<\/a><\/li>\n<li><a href=\"https:\/\/www.marcialpons.es\/\" target=\"_blank\" rel=\"noopener noreferrer\">Marcial Pons<\/a><\/li>\n<li><a href=\"https:\/\/www.trotta.es\/\" target=\"_blank\" rel=\"noopener noreferrer\">Editorial Trotta<\/a><\/li>\n<li><a href=\"https:\/\/www.profes.net\/\">Profes.net &#8211; editorial SM<\/a><\/li>\n<li><a href=\"https:\/\/www.santillanaele.com\/\">Santillana ELE<\/a><\/li>\n<li><a href=\"https:\/\/www.sgel.es\/\" target=\"_blank\" rel=\"noopener noreferrer\">SGEL<\/a><\/li>\n<li><a href=\"https:\/\/www.grupo-sm.com\/\">SM Ele<\/a><\/li>\n<\/ul>\n<\/td>\n<td>\n<ul>\n<li>E-books\n<ul>\n<li><a href=\"https:\/\/www.amabook.com\/\">Amabook<\/a><\/li>\n<li><a href=\"https:\/\/www.casadellibro.com\/ebooks\">Casa del libro<\/a><\/li>\n<li><a href=\"https:\/\/ebooks-espanol.com\/\">Ebooks espa\u00f1ol<\/a> (Smashwords)<\/li>\n<li><a href=\"https:\/\/www.elaleph.com\/\">elaleph<\/a><\/li>\n<li><a href=\"https:\/\/www.free-ebooks.net\/espanol\">Free e-books<\/a><\/li>\n<li>iBooks gallery (iOS)<\/li>\n<li><a href=\"https:\/\/www.lectulandia.com\/\">Lectulandia<\/a><\/li>\n<li><a href=\"https:\/\/leerlibrosonline.net\/\">LeerLibrosOnline<\/a><\/li>\n<li><a href=\"https:\/\/literaturascomlibros.es\/\">Literaturas com libros<\/a><\/li>\n<li><a href=\"https:\/\/www.overdrive.com\/\">Overdrive<\/a><\/li>\n<\/ul>\n<\/li>\n<li><a href=\"https:\/\/hlrnet.com\/sites\/alt164\/audiolibros-en-espanol\/\">Audiolibros<\/a><\/li>\n<li><a href=\"https:\/\/www.agapea.com\/\">Agapea<\/a><\/li>\n<li><a href=\"https:\/\/www.casadellibro.com\/\" target=\"_blank\" rel=\"noopener noreferrer\">Casa del Libro<\/a><\/li>\n<li><a href=\"https:\/\/www.cervantes.com\/\" target=\"_blank\" rel=\"noopener noreferrer\">Cervantes<\/a><\/li>\n<li><a href=\"https:\/\/www.libreriacomplices.com\/\">C\u00f3mplices<\/a><\/li>\n<li><a href=\"https:\/\/www.paquebote.com\/\" target=\"_blank\" rel=\"noopener noreferrer\">E\u00d1E &#8211; Paquebote<\/a><\/li>\n<li><a href=\"https:\/\/www.guia-editores.org\/\" target=\"_blank\" rel=\"noopener noreferrer\">Gu\u00eda-Editores<\/a><\/li>\n<li><a href=\"https:\/\/www.iberlibro.com\/\">IberLibro<\/a>: libros nuevos, antiguos, agotados y de ocasi\u00f3n (PR)<\/li>\n<li><a href=\"https:\/\/www.laie.es\/\">Laie<\/a>, el placer de la cultura<\/li>\n<li><a href=\"https:\/\/www.libreriacompas.com\/\" target=\"_blank\" rel=\"noopener noreferrer\">Librer\u00eda Compas<\/a> (Alicante) &#8211; textos universitarios, libros t\u00e9cnicos, oposiciones, literatura espa\u00f1ola y materiales para el estudio del espa\u00f1ol<\/li>\n<li><a href=\"https:\/\/www.alibri.es\/\" target=\"_blank\" rel=\"noopener noreferrer\">A Llibri<\/a><\/li>\n<li><a href=\"https:\/\/www.librerianorma.com\/\">Librer\u00eda Norma<\/a><\/li>\n<li><a href=\"https:\/\/www.porrua.com\/\" target=\"_blank\" rel=\"noopener noreferrer\">Librer\u00eda y editorial Porr\u00faa<\/a> (M\u00e9xico)<\/li>\n<li><a href=\"https:\/\/www.lsf.com.ar\/\" target=\"_blank\" rel=\"noopener noreferrer\">Librer\u00eda Santa Fe<\/a> (Argentina)<\/li>\n<li><a href=\"https:\/\/www.libreriasindependientes.com\/\">Librer\u00edas independientes<\/a><\/li>\n<li><a href=\"https:\/\/www.lanormallibros.com.ar\/\" target=\"_blank\" rel=\"noopener noreferrer\">La Normal<\/a> (Argentina)<\/li>\n<li><a href=\"https:\/\/www.pasajeslibros.com\/\">Pasajes<\/a><\/li>\n<li><a href=\"https:\/\/www.santillana.es\/\">Santillana<\/a> (con tres servicios al profesorado: Informaci\u00f3n, Debates y Experiencias) y publicaciones por asignatura.<\/li>\n<li><a href=\"https:\/\/www.santosochoa.es\/\">Santos Ochoa<\/a><\/li>\n<\/ul>\n<\/td>\n<td>\n<ul>\n<li><a href=\"https:\/\/members.tripod.com\/spainresources\/\" target=\"_blank\" rel=\"noopener noreferrer\">Bibliographical Resources Spain<\/a><\/li>\n<li><a href=\"https:\/\/www.booksfactory.com\/\">Books of the World<\/a>: buscar libros antiguos, nuevos, usados, raros, gratuitos, en m\u00e1s de 10.000 bibliotecas, librer\u00edas y editoriales de todo el mundo<\/li>\n<li><a href=\"https:\/\/www.biografiasyvidas.com\/\" target=\"_blank\" rel=\"noopener noreferrer\">Biograf\u00edas y Vidas<\/a><\/li>\n<li><a href=\"https:\/\/buscabiografias.com\/\" target=\"_blank\" rel=\"noopener noreferrer\">Busca biograf\u00edas<\/a><\/li>\n<li><a href=\"https:\/\/brumario.usal.es\/\" target=\"_blank\" rel=\"noopener noreferrer\">Cat\u00e1logo de la biblioteca de la Universidad de Salamanca<\/a><\/li>\n<li><a href=\"https:\/\/www.cegal.es\/\" target=\"_blank\" rel=\"noopener noreferrer\">Cegal<\/a>: asociaci\u00f3n de libreros<\/li>\n<li><a href=\"http:\/\/www.fande.es\/\" target=\"_blank\" rel=\"noopener noreferrer\">Federaci\u00f3n de Asociaciones Nacionales de Distribuidores de Ediciones (FANDE)<\/a><\/li>\n<li><a href=\"https:\/\/es.wikipedia.org\/w\/index.php?title=Especial:Booksources\">Fuente de libros<\/a>: encontrar un libro a partir del c\u00f3digo ISBN (Wikipedia)<\/li>\n<li>Se puede obtener m\u00e1s informaci\u00f3n sobre <i>libros<\/i> en <a href=\"https:\/\/www.sgae.es\/\" target=\"_blank\" rel=\"noopener noreferrer\">SGAE &#8211; Sociedad General de Autores y Editores<\/a><\/li>\n<li><a href=\"https:\/\/www.une.es\/\">UNE &#8211; Uni\u00f3n de Editoriales Universitarias Espa\u00f1olas<\/a><\/li>\n<li>Intercambiar libros\n<ul>\n<li><a href=\"https:\/\/www.bookcrossing.com\/\">bookcrossing<\/a><\/li>\n<\/ul>\n<\/li>\n<\/ul>\n<\/td>\n<\/tr>\n<\/tbody>\n<\/table>\n<span class=\"last-modified-timestamp\">Feb 14, 2026 @ 8:19 pm<\/span>\n<div id=\"simple-translate\" class=\"simple-translate-system-theme\">\n<div>\n<div class=\"simple-translate-button isShow\" style=\"background-image: url('moz-extension:\/\/4fe9cde6-e923-4f4e-95a2-0682052323f6\/icons\/512.png'); height: 22px; width: 22px; top: 1199px; left: 410px;\"><\/div>\n<div class=\"simple-translate-panel \" style=\"width: 300px; height: 200px; top: 0px; left: 0px; font-size: 13px;\">\n<div class=\"simple-translate-result-wrapper\" style=\"overflow: hidden;\">\n<div class=\"simple-translate-move\" draggable=\"true\"><\/div>\n<div class=\"simple-translate-result-contents\">\n<p class=\"simple-translate-result\" dir=\"auto\">\n<p class=\"simple-translate-candidate\" dir=\"auto\">\n<\/div>\n<\/div>\n<\/div>\n<\/div>\n<\/div>\n","protected":false},"excerpt":{"rendered":"<p>Librer\u00edas y editoriales espa\u00f1olas e hisp\u00e1nicas o c\u00f3mo conseguir un libro en castellano Librer\u00edas\/Editoriales con colecciones de ELE Librer\u00edas donde se pueden conseguir libros Otras fuentes de informaci\u00f3n Anaya Anaya ELE Difusi\u00f3n Campus Edelsa Edinumen enClave Editorial Gredos Hable con e\u00f1e Marcial Pons Editorial Trotta <a href=\"http:\/\/Profes.net\" class=\"autohyperlink\">Profes.net<\/a> &#8211; editorial SM Santillana<\/p>\n","protected":false},"author":1,"featured_media":0,"parent":0,"menu_order":0,"comment_status":"closed","ping_status":"closed","template":"","meta":{"iawp_total_views":51,"footnotes":"","_wp_rev_ctl_limit":""},"class_list":["post-11766","page","type-page","status-publish","hentry"],"publishpress_future_action":{"enabled":false,"date":"2026-04-30 15:44:27","action":"change-status","newStatus":"draft","terms":[],"taxonomy":"","extraData":[]},"publishpress_future_workflow_manual_trigger":{"enabledWorkflows":[]},"_links":{"self":[{"href":"https:\/\/hlrnet.com\/sites\/alt164\/wp-json\/wp\/v2\/pages\/11766","targetHints":{"allow":["GET"]}}],"collection":[{"href":"https:\/\/hlrnet.com\/sites\/alt164\/wp-json\/wp\/v2\/pages"}],"about":[{"href":"https:\/\/hlrnet.com\/sites\/alt164\/wp-json\/wp\/v2\/types\/page"}],"author":[{"embeddable":true,"href":"https:\/\/hlrnet.com\/sites\/alt164\/wp-json\/wp\/v2\/users\/1"}],"replies":[{"embeddable":true,"href":"https:\/\/hlrnet.com\/sites\/alt164\/wp-json\/wp\/v2\/comments?post=11766"}],"version-history":[{"count":4,"href":"https:\/\/hlrnet.com\/sites\/alt164\/wp-json\/wp\/v2\/pages\/11766\/revisions"}],"predecessor-version":[{"id":27604,"href":"https:\/\/hlrnet.com\/sites\/alt164\/wp-json\/wp\/v2\/pages\/11766\/revisions\/27604"}],"wp:attachment":[{"href":"https:\/\/hlrnet.com\/sites\/alt164\/wp-json\/wp\/v2\/media?parent=11766"}],"curies":[{"name":"wp","href":"https:\/\/api.w.org\/{rel}","templated":true}]}}