{"id":11760,"date":"2018-04-19T17:08:07","date_gmt":"2018-04-19T17:08:07","guid":{"rendered":"http:\/\/hlrnet.com\/sites\/alt164\/?page_id=11760"},"modified":"2026-02-14T20:16:37","modified_gmt":"2026-02-14T20:16:37","slug":"musica-en-espanol-en-internet","status":"publish","type":"page","link":"https:\/\/hlrnet.com\/sites\/alt164\/musica-en-espanol-en-internet\/","title":{"rendered":"M\u00fasica en espa\u00f1ol en Internet"},"content":{"rendered":"<ul>\n<li>Fuentes de informaci\u00f3n primaria\n<ul>\n<li><a href=\"https:\/\/lacuerda.net\/\" target=\"_blank\" rel=\"noopener noreferrer\">La cuerda<\/a>: Tablaturas y acordes en espa\u00f1ol<\/li>\n<li><a href=\"https:\/\/www.grupocanaveral.com\/\" target=\"_blank\" rel=\"noopener noreferrer\">Grupo Caveral<\/a><br \/>\nHispanic Music For The Foreign Language, ESOL, Spanish language&#8230;<\/li>\n<li><a href=\"https:\/\/www.radiocable.com\/secciones\/musica\" target=\"_blank\" rel=\"noopener noreferrer\">M\u00fasica en RadioCable<\/a><\/li>\n<li><a href=\"https:\/\/www.sgae.es\/\">SGAE &#8211; Sociedad General de Autores y Editores<\/a><\/li>\n<li><a href=\"https:\/\/www.todomusica.org\/\">Todomusica<\/a><\/li>\n<\/ul>\n<\/li>\n<li>Fuentes de informaci\u00f3n secundaria (sobre la m\u00fasica)\n<ul>\n<li><a href=\"https:\/\/www.elpais.com\/musica\/\">El Pa\u00eds: m\u00fasica<\/a><\/li>\n<li><a href=\"https:\/\/www.infanmusic.com\/\">Infanmusic<\/a>: m\u00fasica y diversi\u00f3n en familia<\/li>\n<li><a href=\"https:\/\/www.lahiguera.net\/\" target=\"_blank\" rel=\"noopener noreferrer\">LaHiguera<\/a>: m\u00fasica y cine<\/li>\n<li><a href=\"https:\/\/www.lamusica.com\/\" target=\"_blank\" rel=\"noopener noreferrer\">LaM\u00fasica<\/a><\/li>\n<li><a href=\"https:\/\/www.lyred.com\/\" target=\"_blank\" rel=\"noopener noreferrer\">Lyred<\/a>: lyrics &#8211; texts for educational purposes and language learning<\/li>\n<li><a href=\"https:\/\/www.mundolatino.org\/\" target=\"_blank\" rel=\"noopener noreferrer\">Mundo Latino: m\u00fasica<\/a><\/li>\n<li><a href=\"https:\/\/www.zonadeobras.com\/\">Zona de Obras <\/a><\/li>\n<\/ul>\n<\/li>\n<li>Distribuidores y editores\n<ul>\n<li><a href=\"https:\/\/www.kasbamusic.com\/\">Kasba music<\/a><\/li>\n<li><a href=\"https:\/\/promusicae.es\/\" target=\"_blank\" rel=\"noopener noreferrer\">Promusicae<\/a>: productores de m\u00fasica de Espa\u00f1a<\/li>\n<li><a href=\"https:\/\/www.sonymusiclatin.com\/\" target=\"_blank\" rel=\"noopener noreferrer\">Sony Music Latin<\/a><\/li>\n<\/ul>\n<\/li>\n<li>Comprar m\u00fasica\n<ul>\n<li><a href=\"https:\/\/www.fnac.es\/\" target=\"_blank\" rel=\"noopener noreferrer\">Fnac<\/a> &#8211; con audici\u00f3n de una muestra de las pistas de los discos<\/li>\n<li>Spotify y otros servicios de streaming<\/li>\n<li><a href=\"https:\/\/www.apple.com\/es\/itunes\/\" target=\"_blank\" rel=\"noopener noreferrer\">iTunes<\/a> &#8211; pero s\u00f3lo si uno vive en un pa\u00eds hispanohablante<\/li>\n<\/ul>\n<\/li>\n<li>Radio \/ TV\n<ul>\n<li><a href=\"https:\/\/www.cadena100.es\/\">Cadena 100<\/a><\/li>\n<li><a href=\"https:\/\/www.europafm.com\/\">Europa FM<\/a><\/li>\n<li><a href=\"https:\/\/www.kissfm.es\/\">Kiss FM<\/a><\/li>\n<li><a href=\"https:\/\/www.los40.com\/\">Los 40<\/a><\/li>\n<li><a href=\"https:\/\/solmusica.com\/\">Sol m\u00fasica<\/a><\/li>\n<\/ul>\n<\/li>\n<li>Descargar \/ escuchar m\u00fasica\n<ul>\n<li><a href=\"https:\/\/www.deezer.com\/es\">Deezer<\/a>: m\u00fasica a petici\u00f3n<\/li>\n<li><a href=\"https:\/\/www.jamendo.com\/es\/\">Jamendo<\/a><\/li>\n<li>Spotify<\/li>\n<\/ul>\n<\/li>\n<li>Letras\n<ul>\n<li><a href=\"https:\/\/www.letrascanciones.org\/\" target=\"_blank\" rel=\"noopener noreferrer\">Letras de canciones.org<\/a><\/li>\n<li><a href=\"https:\/\/www.letrasmania.com\/\">Letrasmania<\/a><\/li>\n<li><a href=\"https:\/\/www.midicorreo.com\/\" target=\"_blank\" rel=\"noopener noreferrer\">MidiCorreo<\/a><\/li>\n<li><a href=\"https:\/\/www.musixmatch.com\/\">Musixmatch<\/a><\/li>\n<li><a href=\"https:\/\/www.quedeletras.com\/\">Quedeletras<\/a><\/li>\n<\/ul>\n<\/li>\n<li>Explotaci\u00f3n did\u00e1ctica\n<ul>\n<li><a href=\"http:\/\/cancionele.com\/\">CancionELE<\/a>: canciones para aprender espa\u00f1ol<\/li>\n<li><a href=\"https:\/\/marcoele.com\/actividades\/canciones\/\">Marcoele<\/a><\/li>\n<li><a href=\"https:\/\/www.todoele.net\/\">Todoele<\/a><\/li>\n<li><a href=\"https:\/\/www.mariajesusmusica.com\/\">mariajesusmusic: clase de m\u00fasica 2.0<\/a><\/li>\n<\/ul>\n<\/li>\n<li>M\u00fasica por regiones\n<ul>\n<li><a href=\"https:\/\/memory.loc.gov\/ammem\/rghtml\/rgcultureb.html\" target=\"_blank\" rel=\"noopener noreferrer\">M\u00fasica \u00abhispano\u00bb y la cultura del norte del R\u00edo Grande<\/a> (Enrique Lamadrid)<\/li>\n<\/ul>\n<\/li>\n<li>M\u00fasica por estilos\n<ul>\n<li><a href=\"https:\/\/www.musicaantigua.com\/\">Musica antigua<\/a><\/li>\n<li>M\u00fasica popular\n<ul>\n<li><a href=\"https:\/\/www.cadena100.es\/\">Cadena100<\/a><\/li>\n<li><a href=\"https:\/\/www.los40.com\/\">Los40<\/a><\/li>\n<li><a href=\"file:\/\/\/C:\/Users\/hlr\/OneDrive\/-MAIN-\/sprtv.htm\">m\u00e1s radios<\/a><\/li>\n<\/ul>\n<\/li>\n<li>Rap &#8211; hiphop\n<ul>\n<li><a href=\"https:\/\/www.doble-h.com\/\">Doble-H<\/a>: portal del hip hop en M\u00e9xico<\/li>\n<\/ul>\n<\/li>\n<li>Flamenco\n<ul>\n<li><a href=\"https:\/\/www.centroandaluzdeflamenco.es\/\" target=\"_blank\" rel=\"noopener noreferrer\">Centro Andaluz de Flamenco<\/a><\/li>\n<li><a href=\"https:\/\/www.granadafestival.org\/\" target=\"_blank\" rel=\"noopener noreferrer\">Festival de Granada<\/a><\/li>\n<li><a href=\"https:\/\/www.red2000.com\/spain\/flamenco\/1index.html\" target=\"_blank\" rel=\"noopener noreferrer\">Flamenco<\/a> (red2000)<\/li>\n<li><a href=\"https:\/\/www.flamencoheeren.com\/\" target=\"_blank\" rel=\"noopener noreferrer\">Fundaci\u00f3n Cristina Heeren de Arte Flamenco<\/a><\/li>\n<li><a href=\"https:\/\/www.andalucia.org\/actividades-y-atracciones\/flamenco\/\" target=\"_blank\" rel=\"noopener noreferrer\">Gu\u00eda telem\u00e1tica del flamenco<\/a><\/li>\n<li><a href=\"https:\/\/www.horizonteflamenco.com\/\" target=\"_blank\" rel=\"noopener noreferrer\">Horizonte Flamenco<\/a><\/li>\n<li><a href=\"https:\/\/www.flamenco.no\/\" target=\"_blank\" rel=\"noopener noreferrer\">Pe\u00f1a flamenca noruega<\/a><\/li>\n<\/ul>\n<\/li>\n<li>Tango\n<ul>\n<li><a href=\"https:\/\/www.todotango.com\/\" target=\"_blank\" rel=\"noopener noreferrer\">TodoTango<\/a><\/li>\n<\/ul>\n<\/li>\n<li>Zarzuela\n<ul>\n<li><a href=\"https:\/\/www.zarzuela.net\/\">Zarzuela.net<\/a><\/li>\n<\/ul>\n<\/li>\n<li><a href=\"https:\/\/www.cancioneros.com\/\">Cancioneros<\/a><\/li>\n<li><a href=\"https:\/\/www.mundoclasico.com\/\" target=\"_blank\" rel=\"noopener noreferrer\">Mundo Cl\u00e1sico<\/a>, diario de m\u00fasica cl\u00e1sica en espa\u00f1ol<\/li>\n<li><a href=\"https:\/\/www.pianomundo.com.ar\/\">Piano Mundo<\/a> (AR)<\/li>\n<li><a href=\"https:\/\/www.rock.com.ar\/\" target=\"_blank\" rel=\"noopener noreferrer\">Rock.com.ar<\/a><\/li>\n<\/ul>\n<\/li>\n<\/ul>\n<span class=\"last-modified-timestamp\">Feb 14, 2026 @ 8:16 pm<\/span>\n","protected":false},"excerpt":{"rendered":"<p>Fuentes de informaci\u00f3n primaria La cuerda: Tablaturas y acordes en espa\u00f1ol Grupo Caveral Hispanic Music For The Foreign Language, ESOL, Spanish language&#8230; M\u00fasica en RadioCable SGAE &#8211; Sociedad General de Autores y Editores Todomusica Fuentes de informaci\u00f3n secundaria (sobre la m\u00fasica) El Pa\u00eds: m\u00fasica Infanmusic: m\u00fasica y diversi\u00f3n en familia<\/p>\n","protected":false},"author":1,"featured_media":0,"parent":0,"menu_order":0,"comment_status":"closed","ping_status":"closed","template":"","meta":{"iawp_total_views":0,"footnotes":"","_wp_rev_ctl_limit":""},"class_list":["post-11760","page","type-page","status-publish","hentry"],"publishpress_future_action":{"enabled":false,"date":"2026-05-07 15:46:47","action":"change-status","newStatus":"draft","terms":[],"taxonomy":"","extraData":[]},"publishpress_future_workflow_manual_trigger":{"enabledWorkflows":[]},"_links":{"self":[{"href":"https:\/\/hlrnet.com\/sites\/alt164\/wp-json\/wp\/v2\/pages\/11760","targetHints":{"allow":["GET"]}}],"collection":[{"href":"https:\/\/hlrnet.com\/sites\/alt164\/wp-json\/wp\/v2\/pages"}],"about":[{"href":"https:\/\/hlrnet.com\/sites\/alt164\/wp-json\/wp\/v2\/types\/page"}],"author":[{"embeddable":true,"href":"https:\/\/hlrnet.com\/sites\/alt164\/wp-json\/wp\/v2\/users\/1"}],"replies":[{"embeddable":true,"href":"https:\/\/hlrnet.com\/sites\/alt164\/wp-json\/wp\/v2\/comments?post=11760"}],"version-history":[{"count":4,"href":"https:\/\/hlrnet.com\/sites\/alt164\/wp-json\/wp\/v2\/pages\/11760\/revisions"}],"predecessor-version":[{"id":27602,"href":"https:\/\/hlrnet.com\/sites\/alt164\/wp-json\/wp\/v2\/pages\/11760\/revisions\/27602"}],"wp:attachment":[{"href":"https:\/\/hlrnet.com\/sites\/alt164\/wp-json\/wp\/v2\/media?parent=11760"}],"curies":[{"name":"wp","href":"https:\/\/api.w.org\/{rel}","templated":true}]}}