{"id":11756,"date":"2018-04-19T17:07:21","date_gmt":"2018-04-19T17:07:21","guid":{"rendered":"http:\/\/hlrnet.com\/sites\/alt164\/?page_id=11756"},"modified":"2026-02-14T20:15:37","modified_gmt":"2026-02-14T20:15:37","slug":"argentina","status":"publish","type":"page","link":"https:\/\/hlrnet.com\/sites\/alt164\/argentina\/","title":{"rendered":"Argentina"},"content":{"rendered":"<ul>\n<li>Buscar: <a href=\"https:\/\/dale.virtualizar.com\/\" target=\"_blank\" rel=\"noopener noreferrer\">DALE<\/a><\/li>\n<li>Prensa: <a href=\"https:\/\/www.laarena.com.ar\/\" target=\"_blank\" rel=\"noopener noreferrer\">La Arena<\/a>, <a href=\"https:\/\/www.lacapital.com.ar\/\">La Capital<\/a>, <a href=\"https:\/\/www.clarin.com\/\" target=\"_blank\" rel=\"noopener noreferrer\">Clar\u00edn<\/a>, <a href=\"https:\/\/www.eldia.com.ar\/\" target=\"_blank\" rel=\"noopener noreferrer\">El D\u00eda<\/a>, El Diario, <a href=\"https:\/\/www.lagaceta.com.ar\/\">La Gaceta<\/a>, <a href=\"https:\/\/www.diarioelnorte.com.ar\/\">El Norte<\/a>, <a href=\"https:\/\/www.la-libertad.com.ar\/\" target=\"_blank\" rel=\"noopener noreferrer\">La Libertad<\/a>, <a href=\"https:\/\/www.lanacion.com.ar\/\" target=\"_blank\" rel=\"noopener noreferrer\">La Naci\u00f3n<\/a>, <a href=\"https:\/\/www.latecla.info\/\" target=\"_blank\" rel=\"noopener noreferrer\">La Tecla<\/a>, <a href=\"https:\/\/www.minutouno.com\/\">Minuto 1<\/a>, <a href=\"https:\/\/www.pagina12.com.ar\/\" target=\"_blank\" rel=\"noopener noreferrer\">P\u00e1gina 12<\/a>, <a href=\"https:\/\/www.perfil.com\">Perfil<\/a>, <a href=\"https:\/\/www.rionegro.com.ar\/\" target=\"_blank\" rel=\"noopener noreferrer\">R\u00edo Negro<\/a>\n<ul>\n<li>La lista de <a href=\"https:\/\/kiosko.net\/ar\/\">Kiosko<\/a><\/li>\n<\/ul>\n<\/li>\n<li><a href=\"https:\/\/dale.virtualizar.com\/\" target=\"_blank\" rel=\"noopener noreferrer\">DALE<\/a>: Directorio de Argentina y Am\u00e9rica Latina<\/li>\n<li><a href=\"https:\/\/www.elcastellano.org\/miyara\">Diccionario argentino-espa\u00f1ol<\/a> (Alberto Miyara)<\/li>\n<li><a href=\"https:\/\/www.grippo.com\/\" target=\"_blank\" rel=\"noopener noreferrer\">Grippo.com<\/a>: directorio de Argentina<\/li>\n<li><a href=\"https:\/\/www.turning-pages.com\/mafalda\/\" target=\"_blank\" rel=\"noopener noreferrer\">Mafalda<\/a><\/li>\n<li><a href=\"https:\/\/www.mnad.org\/\" target=\"_blank\" rel=\"noopener noreferrer\">Museo Nacional de Arte Decorativo<\/a><\/li>\n<li><a href=\"https:\/\/caballodefuego.wordpress.com\/\">Portal de Educaci\u00f3n<\/a> (Fernando Carlos)<\/li>\n<li><a href=\"https:\/\/www.paginasamarillas.com.ar\/\" target=\"_blank\" rel=\"noopener noreferrer\">P\u00e1ginas amarillas de Argentina<\/a><\/li>\n<li><a href=\"https:\/\/www.santafe.com.ar\/\" target=\"_blank\" rel=\"noopener noreferrer\">Santa Fe<\/a><\/li>\n<li><a href=\"https:\/\/www.surdelsur.com\/\" target=\"_blank\" rel=\"noopener noreferrer\">Sur del Sur<\/a><\/li>\n<li><a href=\"https:\/\/www.todo-argentina.net\/\" target=\"_blank\" rel=\"noopener noreferrer\">Todo Argentina<\/a>: todo lo quiere saber sobre Argentina<\/li>\n<li>Autoridades\n<ul>\n<li><a href=\"https:\/\/www.afip.gov.ar\/\">Administraci\u00f3n Federal<\/a><\/li>\n<li><a href=\"https:\/\/www.bcra.gov.ar\/\" target=\"_blank\" rel=\"noopener noreferrer\">Banco Central<\/a><\/li>\n<li><a href=\"https:\/\/www.jus.gov.ar\/\" target=\"_blank\" rel=\"noopener noreferrer\">Ministerio de Justicia<\/a><\/li>\n<\/ul>\n<\/li>\n<li>Lenguas de Argentina\n<ul>\n<li><a href=\"https:\/\/es.wikipedia.org\/wiki\/Lenguas_de_Argentina\">Lenguas de Argentina<\/a> &#8211; Wikipedia, la enciclopedia libre<\/li>\n<li><a href=\"https:\/\/www.familysearch.org\/es\/wiki\/Idiomas_de_Argentina\">Idiomas de Argentina<\/a> &#8211; FamilySearch Wiki<\/li>\n<\/ul>\n<\/li>\n<li>\u00a0Tango\n<ul>\n<li><a href=\"https:\/\/www.buenosairestango.com\/\" target=\"_blank\" rel=\"noopener noreferrer\">Buenos Aires Tango<\/a><\/li>\n<\/ul>\n<\/li>\n<\/ul>\n<span class=\"last-modified-timestamp\">Feb 14, 2026 @ 8:15 pm<\/span>\n","protected":false},"excerpt":{"rendered":"<p>Buscar: DALE Prensa: La Arena, La Capital, Clar\u00edn, El D\u00eda, El Diario, La Gaceta, El Norte, La Libertad, La Naci\u00f3n, La Tecla, Minuto 1, P\u00e1gina 12, Perfil, R\u00edo Negro La lista de Kiosko DALE: Directorio de Argentina y Am\u00e9rica Latina Diccionario argentino-espa\u00f1ol (Alberto Miyara) <a href=\"http:\/\/Grippo.com\" class=\"autohyperlink\">Grippo.com<\/a>: directorio de Argentina Mafalda Museo<\/p>\n","protected":false},"author":1,"featured_media":0,"parent":0,"menu_order":0,"comment_status":"closed","ping_status":"closed","template":"","meta":{"iawp_total_views":14,"footnotes":"","_wp_rev_ctl_limit":""},"class_list":["post-11756","page","type-page","status-publish","hentry"],"publishpress_future_action":{"enabled":false,"date":"2026-05-04 02:41:35","action":"change-status","newStatus":"draft","terms":[],"taxonomy":"","extraData":[]},"publishpress_future_workflow_manual_trigger":{"enabledWorkflows":[]},"_links":{"self":[{"href":"https:\/\/hlrnet.com\/sites\/alt164\/wp-json\/wp\/v2\/pages\/11756","targetHints":{"allow":["GET"]}}],"collection":[{"href":"https:\/\/hlrnet.com\/sites\/alt164\/wp-json\/wp\/v2\/pages"}],"about":[{"href":"https:\/\/hlrnet.com\/sites\/alt164\/wp-json\/wp\/v2\/types\/page"}],"author":[{"embeddable":true,"href":"https:\/\/hlrnet.com\/sites\/alt164\/wp-json\/wp\/v2\/users\/1"}],"replies":[{"embeddable":true,"href":"https:\/\/hlrnet.com\/sites\/alt164\/wp-json\/wp\/v2\/comments?post=11756"}],"version-history":[{"count":4,"href":"https:\/\/hlrnet.com\/sites\/alt164\/wp-json\/wp\/v2\/pages\/11756\/revisions"}],"predecessor-version":[{"id":27599,"href":"https:\/\/hlrnet.com\/sites\/alt164\/wp-json\/wp\/v2\/pages\/11756\/revisions\/27599"}],"wp:attachment":[{"href":"https:\/\/hlrnet.com\/sites\/alt164\/wp-json\/wp\/v2\/media?parent=11756"}],"curies":[{"name":"wp","href":"https:\/\/api.w.org\/{rel}","templated":true}]}}