{"id":11750,"date":"2018-04-19T17:06:37","date_gmt":"2018-04-19T17:06:37","guid":{"rendered":"http:\/\/hlrnet.com\/sites\/alt164\/?page_id=11750"},"modified":"2024-04-26T06:55:20","modified_gmt":"2024-04-26T06:55:20","slug":"colombia","status":"publish","type":"page","link":"https:\/\/hlrnet.com\/sites\/alt164\/colombia\/","title":{"rendered":"Colombia"},"content":{"rendered":"<ul>\n<li>Prensa: <a href=\"https:\/\/www.eltiempo.com\/\">El Tiempo<\/a>, <a href=\"https:\/\/www.las2orillas.co\/\">Las 2 Orillas<\/a>\n<ul>\n<li>La lista de <a href=\"https:\/\/kiosko.net\/co\/\">Kiosko<\/a><\/li>\n<\/ul>\n<\/li>\n<li>Estad\u00edsticas: <a href=\"https:\/\/www.dane.gov.co\/\" target=\"_blank\" rel=\"noopener\">DANE &#8211; Departamento Administrativo Nacional de Estad\u00edstica<\/a><\/li>\n<li><a href=\"https:\/\/www.arquicol.com\/\" target=\"_blank\" rel=\"noopener\">Arquitectos y Dise\u00f1adores de Colombia<\/a><\/li>\n<li><a href=\"https:\/\/www.colombianistas.org\/\">Asociaci\u00f3n de colombianistas<\/a><\/li>\n<li><a href=\"https:\/\/www.businesscol.com\/\" target=\"_blank\" rel=\"noopener\">BusinesssCol<\/a>: econom\u00eda, negocios, empresas<\/li>\n<li><a href=\"https:\/\/www.caracol.com.co\/\" target=\"_blank\" rel=\"noopener\">Caracol Colombia<\/a><\/li>\n<li><a href=\"https:\/\/www.colciencias.gov.co\/\" target=\"_blank\" rel=\"noopener\">ColCiencias<\/a><\/li>\n<li><a href=\"https:\/\/www.colombia.com\/\" target=\"_blank\" rel=\"noopener\">Colombia.com<\/a><\/li>\n<li>Instituciones\n<ul>\n<li><a href=\"https:\/\/www.dane.gov.co\/\">Departamento Administrativo Nacional de Estad\u00edstica<\/a><\/li>\n<li><a href=\"https:\/\/www.icbf.gov.co\/\">Instituto Colombiano de Bienestar Familiar<\/a><\/li>\n<li><a href=\"https:\/\/www.mineducacion.gov.co\/\">Ministerio de Educaci\u00f3n<\/a><\/li>\n<li><a href=\"https:\/\/www.policia.gov.co\/\">Polic\u00eda Judicial<\/a><\/li>\n<\/ul>\n<\/li>\n<li>La <a href=\"https:\/\/www.presidencia.gov.co\/\" target=\"_blank\" rel=\"noopener\">presidencia<\/a> propone entre otra cosas una p\u00e1gina de geograf\u00eda.<\/li>\n<li><a href=\"https:\/\/www.uniandes.edu.co\/\" target=\"_blank\" rel=\"noopener\">Universidad de los Andes<\/a><\/li>\n<li><a href=\"https:\/\/unal.edu.co\/\" target=\"_blank\" rel=\"noopener\">Universidad Nacional de Colombia<\/a><\/li>\n<li><a href=\"https:\/\/www.unicauca.edu.co\/\" target=\"_blank\" rel=\"noopener\">Universidad del Cauca<\/a><\/li>\n<li><a href=\"https:\/\/www.univalle.edu.co\/\" target=\"_blank\" rel=\"noopener\">Universidad del Valle<\/a><\/li>\n<li><a href=\"https:\/\/www.universidad.edu.co\/\">Observatorio de la Universidad Colombiana<\/a><\/li>\n<li>Lenguas\n<ul>\n<li><a href=\"https:\/\/es.wikipedia.org\/wiki\/Lenguas_de_Colombia\">Lenguas de Colombia<\/a> &#8211; Wikipedia, la enciclopedia libre<\/li>\n<li>ONIC &#8211; <a href=\"https:\/\/www.onic.org.co\/noticias\/636-65-lenguas-nativas-de-las-69-en-colombia-son-indigenas\">65 Lenguas Nativas de las 69 en Colombia son Ind\u00edgenas<\/a><\/li>\n<li><a href=\"https:\/\/colombia.un.org\/es\/148986-las-lenguas-indigenas-cultura-identidad-e-historia\">Las lenguas ind\u00edgenas: cultura, identidad e historia<\/a> | Naciones Unidas en Colombia<\/li>\n<li><a href=\"https:\/\/es.tomedes.com\/blog-de-traduccion\/lenguas-indigenas-de-colombia\">Lenguas ind\u00edgenas de Colombia<\/a> | Tomedes<\/li>\n<\/ul>\n<\/li>\n<\/ul>\n<span class=\"last-modified-timestamp\">Abr 26, 2024 @ 6:55 am<\/span>\n","protected":false},"excerpt":{"rendered":"<p>Prensa: El Tiempo, Las 2 Orillas La lista de Kiosko Estad\u00edsticas: DANE &#8211; Departamento Administrativo Nacional de Estad\u00edstica Arquitectos y Dise\u00f1adores de Colombia Asociaci\u00f3n de colombianistas BusinesssCol: econom\u00eda, negocios, empresas Caracol Colombia ColCiencias <a href=\"http:\/\/Colombia.com\" class=\"autohyperlink\">Colombia.com<\/a> Instituciones Departamento Administrativo Nacional de Estad\u00edstica Instituto Colombiano de Bienestar Familiar Ministerio de Educaci\u00f3n Polic\u00eda Judicial<\/p>\n","protected":false},"author":1,"featured_media":0,"parent":0,"menu_order":0,"comment_status":"closed","ping_status":"closed","template":"","meta":{"iawp_total_views":4,"footnotes":"","_wp_rev_ctl_limit":""},"class_list":["post-11750","page","type-page","status-publish","hentry"],"publishpress_future_action":{"enabled":false,"date":"2026-05-03 17:42:43","action":"change-status","newStatus":"draft","terms":[],"taxonomy":"","extraData":[]},"publishpress_future_workflow_manual_trigger":{"enabledWorkflows":[]},"_links":{"self":[{"href":"https:\/\/hlrnet.com\/sites\/alt164\/wp-json\/wp\/v2\/pages\/11750","targetHints":{"allow":["GET"]}}],"collection":[{"href":"https:\/\/hlrnet.com\/sites\/alt164\/wp-json\/wp\/v2\/pages"}],"about":[{"href":"https:\/\/hlrnet.com\/sites\/alt164\/wp-json\/wp\/v2\/types\/page"}],"author":[{"embeddable":true,"href":"https:\/\/hlrnet.com\/sites\/alt164\/wp-json\/wp\/v2\/users\/1"}],"replies":[{"embeddable":true,"href":"https:\/\/hlrnet.com\/sites\/alt164\/wp-json\/wp\/v2\/comments?post=11750"}],"version-history":[{"count":3,"href":"https:\/\/hlrnet.com\/sites\/alt164\/wp-json\/wp\/v2\/pages\/11750\/revisions"}],"predecessor-version":[{"id":24784,"href":"https:\/\/hlrnet.com\/sites\/alt164\/wp-json\/wp\/v2\/pages\/11750\/revisions\/24784"}],"wp:attachment":[{"href":"https:\/\/hlrnet.com\/sites\/alt164\/wp-json\/wp\/v2\/media?parent=11750"}],"curies":[{"name":"wp","href":"https:\/\/api.w.org\/{rel}","templated":true}]}}

<ul>
<li>Prensa: <a href="https://www.eltiempo.com/">El Tiempo</a>, <a href="https://www.las2orillas.co/">Las 2 Orillas</a>
<ul>
<li>La lista de <a href="https://kiosko.net/co/">Kiosko</a></li>
</ul>
</li>
<li>Estadísticas: <a href="https://www.dane.gov.co/" target="_blank" rel="noopener">DANE &#8211; Departamento Administrativo Nacional de Estadística</a></li>
<li><a href="https://www.arquicol.com/" target="_blank" rel="noopener">Arquitectos y Diseñadores de Colombia</a></li>
<li><a href="https://www.colombianistas.org/">Asociación de colombianistas</a></li>
<li><a href="https://www.businesscol.com/" target="_blank" rel="noopener">BusinesssCol</a>: economía, negocios, empresas</li>
<li><a href="https://www.caracol.com.co/" target="_blank" rel="noopener">Caracol Colombia</a></li>
<li><a href="https://www.colciencias.gov.co/" target="_blank" rel="noopener">ColCiencias</a></li>
<li><a href="https://www.colombia.com/" target="_blank" rel="noopener">Colombia.com</a></li>
<li>Instituciones
<ul>
<li><a href="https://www.dane.gov.co/">Departamento Administrativo Nacional de Estadística</a></li>
<li><a href="https://www.icbf.gov.co/">Instituto Colombiano de Bienestar Familiar</a></li>
<li><a href="https://www.mineducacion.gov.co/">Ministerio de Educación</a></li>
<li><a href="https://www.policia.gov.co/">Policía Judicial</a></li>
</ul>
</li>
<li>La <a href="https://www.presidencia.gov.co/" target="_blank" rel="noopener">presidencia</a> propone entre otra cosas una página de geografía.</li>
<li><a href="https://www.uniandes.edu.co/" target="_blank" rel="noopener">Universidad de los Andes</a></li>
<li><a href="https://unal.edu.co/" target="_blank" rel="noopener">Universidad Nacional de Colombia</a></li>
<li><a href="https://www.unicauca.edu.co/" target="_blank" rel="noopener">Universidad del Cauca</a></li>
<li><a href="https://www.univalle.edu.co/" target="_blank" rel="noopener">Universidad del Valle</a></li>
<li><a href="https://www.universidad.edu.co/">Observatorio de la Universidad Colombiana</a></li>
<li>Lenguas
<ul>
<li><a href="https://es.wikipedia.org/wiki/Lenguas_de_Colombia">Lenguas de Colombia</a> &#8211; Wikipedia, la enciclopedia libre</li>
<li>ONIC &#8211; <a href="https://www.onic.org.co/noticias/636-65-lenguas-nativas-de-las-69-en-colombia-son-indigenas">65 Lenguas Nativas de las 69 en Colombia son Indígenas</a></li>
<li><a href="https://colombia.un.org/es/148986-las-lenguas-indigenas-cultura-identidad-e-historia">Las lenguas indígenas: cultura, identidad e historia</a> | Naciones Unidas en Colombia</li>
<li><a href="https://es.tomedes.com/blog-de-traduccion/lenguas-indigenas-de-colombia">Lenguas indígenas de Colombia</a> | Tomedes</li>
</ul>
</li>
</ul>
<span class="last-modified-timestamp">Abr 26, 2024 @ 6:55 am</span>

<p>Prensa: El Tiempo, Las 2 Orillas La lista de Kiosko Estadísticas: DANE &#8211; Departamento Administrativo Nacional de Estadística Arquitectos y Diseñadores de Colombia Asociación de colombianistas BusinesssCol: economía, negocios, empresas Caracol Colombia ColCiencias <a href="http://Colombia.com" class="autohyperlink">Colombia.com</a> Instituciones Departamento Administrativo Nacional de Estadística Instituto Colombiano de Bienestar Familiar Ministerio de Educación Policía Judicial</p>
