{"id":11746,"date":"2018-04-19T17:06:02","date_gmt":"2018-04-19T17:06:02","guid":{"rendered":"http:\/\/hlrnet.com\/sites\/alt164\/?page_id=11746"},"modified":"2026-02-14T20:04:36","modified_gmt":"2026-02-14T20:04:36","slug":"cuba","status":"publish","type":"page","link":"https:\/\/hlrnet.com\/sites\/alt164\/cuba\/","title":{"rendered":"Cuba"},"content":{"rendered":"<ul>\n<li>Prensa: <a href=\"https:\/\/www.cubasi.cu\/\">Cuba s\u00ed<\/a>, <a href=\"https:\/\/www.granma.cu\/\" target=\"_blank\" rel=\"noopener noreferrer\">Granma<\/a>, <a href=\"https:\/\/www.juventudrebelde.cu\/\">Juventud Rebelde<\/a>, <a href=\"https:\/\/www.trabajadores.cu\/\">Trabajadores<\/a>\n<ul>\n<li>La lista de <a href=\"https:\/\/kiosko.net\/cu\/\">Kiosko<\/a><\/li>\n<\/ul>\n<\/li>\n<li><a href=\"http:\/\/www.cuba.cu\/\" target=\"_blank\" rel=\"noopener noreferrer\">Cuba.cu<\/a> &#8211; el portal de Cuba<\/li>\n<li><a href=\"https:\/\/cuba-atlantico.blogspot.com.es\/\">Cuba atl\u00e1ntico<\/a>: Blog de investigaci\u00f3n. Historia y Ciencias Sociales<\/li>\n<li><a href=\"https:\/\/www.cubaconecta.com\/\">Cubaconecta<\/a><\/li>\n<li><a href=\"http:\/\/www.cubadebate.cu\/\">Cuba debate<\/a><\/li>\n<li><a href=\"https:\/\/www.cubaencuentro.com\/\">Cuba encuentro<\/a><\/li>\n<li><a href=\"http:\/\/www.cubarte.cult.cu\/\" target=\"_blank\" rel=\"noopener noreferrer\">Cubarte<\/a><\/li>\n<li><a href=\"https:\/\/www.dtcuba.com\/\" target=\"_blank\" rel=\"noopener noreferrer\">Directorio Tur\u00edstico de Cuba<\/a><\/li>\n<li><a href=\"https:\/\/www.filosofia.cu\/\">Filosof\u00eda.cu<\/a> &#8211; El portal de la filosof\u00eda y el pensamiento cubano<\/li>\n<li><a href=\"https:\/\/www.infomed.sld.cu\/\" target=\"_blank\" rel=\"noopener noreferrer\">Infomed<\/a> &#8211; Red Telem\u00e1tica de Salud<\/li>\n<li><a href=\"https:\/\/www.uh.cu\/\" target=\"_blank\" rel=\"noopener noreferrer\">Universidad de La Habana<\/a><\/li>\n<li>Lenguas\n<ul>\n<li><a href=\"https:\/\/www.visitarcuba.org\/idioma\">Idioma en Cuba<\/a><\/li>\n<li><a href=\"https:\/\/www.donquijote.org\/es\/cultura-cubana\/tradiciones\/espanol-cuba\/\">Idiomas de Cuba \u2013 Las Lenguas de Cuba | don Quijote<\/a><\/li>\n<li><a href=\"https:\/\/queidioma.com\/hablan-en-cuba\/\">Idioma de Cuba \u25b7 Lenguas oficiales de los cubanos<\/a><\/li>\n<\/ul>\n<\/li>\n<li>Para mandar dinero a Cuba se puede usar los servicios de <a href=\"https:\/\/www.westernunion.com\/\" target=\"_blank\" rel=\"noopener noreferrer\">Western Union<\/a> o <a href=\"https:\/\/duales.com\/\" target=\"_blank\" rel=\"noopener noreferrer\">Duales<\/a>.<\/li>\n<\/ul>\n<hr width=\"100%\" \/>\n<p>Y desde el otro lado:<\/p>\n<ul>\n<li><a href=\"https:\/\/www.elnuevoherald.com\/\">El Nuevo Herald<\/a><\/li>\n<li><a href=\"https:\/\/www.nuevaprensa.com\/\" target=\"_blank\" rel=\"noopener noreferrer\">Nueva prensa cubana<\/a><\/li>\n<\/ul>\n<span class=\"last-modified-timestamp\">Feb 14, 2026 @ 8:04 pm<\/span>\n","protected":false},"excerpt":{"rendered":"<p>Prensa: Cuba s\u00ed, Granma, Juventud Rebelde, Trabajadores La lista de Kiosko Cuba.cu &#8211; el portal de Cuba Cuba atl\u00e1ntico: Blog de investigaci\u00f3n. Historia y Ciencias Sociales Cubaconecta Cuba debate Cuba encuentro Cubarte Directorio Tur\u00edstico de Cuba Filosof\u00eda.cu &#8211; El portal de la filosof\u00eda y el pensamiento cubano Infomed &#8211; Red<\/p>\n","protected":false},"author":1,"featured_media":0,"parent":0,"menu_order":0,"comment_status":"closed","ping_status":"closed","template":"","meta":{"iawp_total_views":3,"footnotes":"","_wp_rev_ctl_limit":""},"class_list":["post-11746","page","type-page","status-publish","hentry"],"publishpress_future_action":{"enabled":false,"date":"2026-05-03 03:29:44","action":"change-status","newStatus":"draft","terms":[],"taxonomy":"","extraData":[]},"publishpress_future_workflow_manual_trigger":{"enabledWorkflows":[]},"_links":{"self":[{"href":"https:\/\/hlrnet.com\/sites\/alt164\/wp-json\/wp\/v2\/pages\/11746","targetHints":{"allow":["GET"]}}],"collection":[{"href":"https:\/\/hlrnet.com\/sites\/alt164\/wp-json\/wp\/v2\/pages"}],"about":[{"href":"https:\/\/hlrnet.com\/sites\/alt164\/wp-json\/wp\/v2\/types\/page"}],"author":[{"embeddable":true,"href":"https:\/\/hlrnet.com\/sites\/alt164\/wp-json\/wp\/v2\/users\/1"}],"replies":[{"embeddable":true,"href":"https:\/\/hlrnet.com\/sites\/alt164\/wp-json\/wp\/v2\/comments?post=11746"}],"version-history":[{"count":3,"href":"https:\/\/hlrnet.com\/sites\/alt164\/wp-json\/wp\/v2\/pages\/11746\/revisions"}],"predecessor-version":[{"id":27580,"href":"https:\/\/hlrnet.com\/sites\/alt164\/wp-json\/wp\/v2\/pages\/11746\/revisions\/27580"}],"wp:attachment":[{"href":"https:\/\/hlrnet.com\/sites\/alt164\/wp-json\/wp\/v2\/media?parent=11746"}],"curies":[{"name":"wp","href":"https:\/\/api.w.org\/{rel}","templated":true}]}}