{"id":11710,"date":"2018-04-19T17:00:16","date_gmt":"2018-04-19T17:00:16","guid":{"rendered":"http:\/\/hlrnet.com\/sites\/alt164\/?page_id=11710"},"modified":"2026-02-14T20:09:04","modified_gmt":"2026-02-14T20:09:04","slug":"la-sociedad-espanola","status":"publish","type":"page","link":"https:\/\/hlrnet.com\/sites\/alt164\/la-sociedad-espanola\/","title":{"rendered":"La sociedad espa\u00f1ola"},"content":{"rendered":"<ul>\n<li>Informaciones\n<ul>\n<li><a href=\"https:\/\/www.ine.es\/\" target=\"_blank\" rel=\"noopener noreferrer\">INE<\/a> &#8211; Instituto Nacional de Estad\u00edstica<\/li>\n<li><a href=\"https:\/\/www.cis.es\/\">CIS<\/a> &#8211; Centro de Investigaciones Sociol\u00f3gicos<\/li>\n<\/ul>\n<\/li>\n<li>Instituciones\n<ul>\n<li><a href=\"https:\/\/www.aquieuropa.com\/\">Aqu\u00ed Europa<\/a><\/li>\n<li><a href=\"https:\/\/www.lamoncloa.gob.es\/\" target=\"_blank\" rel=\"noopener noreferrer\">Moncloa<\/a> &#8211; con noticias<\/li>\n<\/ul>\n<\/li>\n<li>Ministerios espa\u00f1oles\n<ul>\n<li><a href=\"https:\/\/www.mapa.gob.es\/\" target=\"_blank\" rel=\"noopener noreferrer\">Ministerio de Agricultura, Pesca y Alimentaci\u00f3n<\/a><\/li>\n<li><a href=\"https:\/\/www.exteriores.gob.es\/\" target=\"_blank\" rel=\"noopener noreferrer\">Ministerios de Asuntos Exteriores<\/a>\n<ul>\n<li><a href=\"https:\/\/www.aecid.es\/\">AECID: Agencia espa\u00f1ola de cooperaci\u00f3n internacional para el desarrollo<\/a><\/li>\n<\/ul>\n<\/li>\n<li><a href=\"https:\/\/www.culturaydeporte.gob.es\/\" target=\"_blank\" rel=\"noopener noreferrer\">Ministerio de Cultura<\/a><\/li>\n<li><a href=\"https:\/\/www.defensa.gob.es\/\" target=\"_blank\" rel=\"noopener noreferrer\">Ministerio de Defensa<\/a><\/li>\n<li><a href=\"https:\/\/www.educacion.gob.es\/\" target=\"_blank\" rel=\"noopener noreferrer\">Ministerio de Educaci\u00f3n<\/a><\/li>\n<li><a href=\"https:\/\/www.mitma.es\/\" target=\"_blank\" rel=\"noopener noreferrer\">Portada Ministerio de Transportes, Movilidad y Agenda Urbana<\/a><\/li>\n<li><a href=\"https:\/\/www.interior.gob.es\/\" target=\"_blank\" rel=\"noopener noreferrer\">Ministerio del Interior<\/a><\/li>\n<li><a href=\"https:\/\/www.mjusticia.gob.es\" target=\"_blank\" rel=\"noopener noreferrer\">Ministerio de Justicia<\/a><\/li>\n<li><a href=\"https:\/\/www.mpr.es\/\" target=\"_blank\" rel=\"noopener noreferrer\">Ministerio de la Presidencia<\/a><\/li>\n<li><a href=\"https:\/\/www.mincotur.gob.es\/\">Ministerio de Industria, Comercio y Turismo<\/a><\/li>\n<li><a href=\"https:\/\/www.sededgsfp.gob.es\/\">Sede electr\u00f3nica del Ministerio de Econom\u00eda y Competividad<\/a><\/li>\n<\/ul>\n<\/li>\n<li>Servicios oficiales\n<ul>\n<li><a href=\"https:\/\/www.admiweb.org\/\" target=\"_blank\" rel=\"noopener noreferrer\">Admiweb<\/a>: oposiciones, administraciones, instituciones, tr\u00e1mites, &#8230;<\/li>\n<li><a href=\"https:\/\/www.dgt.es\/\" target=\"_blank\" rel=\"noopener noreferrer\">Direcci\u00f3n del Tr\u00e1fico<\/a><\/li>\n<li><a href=\"https:\/\/www.policia.es\/\" target=\"_blank\" rel=\"noopener noreferrer\">Direcci\u00f3n General de la Polic\u00eda\u00a0<\/a><\/li>\n<li><a href=\"https:\/\/www.proteccioncivil.org\/\" target=\"_blank\" rel=\"noopener noreferrer\">Protecci\u00f3n Civil<\/a><\/li>\n<li><a href=\"https:\/\/www.seg-social.es\/\">Seguridad Social<\/a><\/li>\n<\/ul>\n<\/li>\n<li>Partidos pol\u00edticos\n<ul>\n<li><a href=\"https:\/\/partidoequo.es\/\">Equo<\/a><\/li>\n<li><a href=\"https:\/\/www.izquierda-unida.es\/\" target=\"_blank\" rel=\"noopener noreferrer\">IU<\/a><\/li>\n<li><a href=\"https:\/\/www.cdc.es\/\" target=\"_blank\" rel=\"noopener noreferrer\">CDC<\/a><\/li>\n<li><a href=\"https:\/\/www.upn.es\/\">Uni\u00f3n del Pueblo Navarro<\/a><\/li>\n<li><a href=\"https:\/\/podemos.info\/\">Podemos<\/a><\/li>\n<li><a href=\"https:\/\/www.pp.es\/\" target=\"_blank\" rel=\"noopener noreferrer\">PP<\/a><\/li>\n<li><a href=\"https:\/\/www.psoe.es\/\" target=\"_blank\" rel=\"noopener noreferrer\">PSOE<\/a><\/li>\n<\/ul>\n<\/li>\n<li>Sindicatos\n<ul>\n<li><a href=\"https:\/\/www.ugt.es\/\" target=\"_blank\" rel=\"noopener noreferrer\">UGT<\/a><\/li>\n<\/ul>\n<\/li>\n<li>Derecho\n<ul>\n<li><a href=\"https:\/\/www.mundojuridico.info\/\">Mundo jur\u00eddico<\/a><\/li>\n<\/ul>\n<\/li>\n<li>Otros\n<ul>\n<li><a href=\"https:\/\/www.avaaz.org\/\">Avaaz<\/a>: el mundo en acci\u00f3n<\/li>\n<li><a href=\"https:\/\/www.bloghemia.com\/\">Bloghemia<\/a><\/li>\n<li><a href=\"https:\/\/www.cronicasdelaemigracion.com\/\">Cr\u00f3nicas de la Emigraci\u00f3n<\/a><\/li>\n<li><a href=\"https:\/\/www.efeminista.com\">Efemenista<\/a><\/li>\n<li><a href=\"https:\/\/electomania.es\/\">Electomania<\/a><\/li>\n<li><a href=\"https:\/\/www.enbuenasmanos.com\/\">En Buenas Manos<\/a><\/li>\n<li><a href=\"https:\/\/escribirparaque.blogspot.com\/\">Escribirparaqu\u00e9<\/a>: blog de Leila Macor, sobre man\u00edas, mani\u00e1ticos, lo peque\u00f1o, lo transcendente y lo cotidiano<\/li>\n<li><a href=\"https:\/\/www.igualeseintransferibles.org\/\">Iguales e Intrasferibles<\/a>: plataformas por permisos iguales e intransefribles de nacimiento y adopci\u00f3n<\/li>\n<li><a href=\"https:\/\/historiasmujeresviajeras.blogspot.com\/\">Mujeres viajeras<\/a>: espacio de discusi\u00f3n interdisciplinaria en donde estudiosas\/os del g\u00e9nero, estudios culturales, historia y literatura puedan intercambiar perspectivas te\u00f3ricas, anal\u00edticas y pr\u00e1cticas sobre la literatura de viajes de mujeres en Am\u00e9rica Latina<\/li>\n<li><a href=\"https:\/\/www.autopista.es\/\">Autopista.es<\/a><\/li>\n<li><a href=\"https:\/\/www.sinpermiso.info\/\">Sinpermiso<\/a><\/li>\n<\/ul>\n<\/li>\n<li>V\u00e9ase tambi\u00e9n: <a href=\"https:\/\/hlrnet.com\/sites\/alt164\/vivir-en-espanol\/\">Vivir en espa\u00f1ol<\/a><\/li>\n<\/ul>\n<span class=\"last-modified-timestamp\">Feb 14, 2026 @ 8:09 pm<\/span>\n","protected":false},"excerpt":{"rendered":"<p>Informaciones INE &#8211; Instituto Nacional de Estad\u00edstica CIS &#8211; Centro de Investigaciones Sociol\u00f3gicos Instituciones Aqu\u00ed Europa Moncloa &#8211; con noticias Ministerios espa\u00f1oles Ministerio de Agricultura, Pesca y Alimentaci\u00f3n Ministerios de Asuntos Exteriores AECID: Agencia espa\u00f1ola de cooperaci\u00f3n internacional para el desarrollo Ministerio de Cultura Ministerio de Defensa Ministerio de Educaci\u00f3n<\/p>\n","protected":false},"author":1,"featured_media":0,"parent":0,"menu_order":0,"comment_status":"closed","ping_status":"closed","template":"","meta":{"iawp_total_views":3,"footnotes":"","_wp_rev_ctl_limit":""},"class_list":["post-11710","page","type-page","status-publish","hentry"],"publishpress_future_action":{"enabled":false,"date":"2026-05-04 05:42:42","action":"change-status","newStatus":"draft","terms":[],"taxonomy":"","extraData":[]},"publishpress_future_workflow_manual_trigger":{"enabledWorkflows":[]},"_links":{"self":[{"href":"https:\/\/hlrnet.com\/sites\/alt164\/wp-json\/wp\/v2\/pages\/11710","targetHints":{"allow":["GET"]}}],"collection":[{"href":"https:\/\/hlrnet.com\/sites\/alt164\/wp-json\/wp\/v2\/pages"}],"about":[{"href":"https:\/\/hlrnet.com\/sites\/alt164\/wp-json\/wp\/v2\/types\/page"}],"author":[{"embeddable":true,"href":"https:\/\/hlrnet.com\/sites\/alt164\/wp-json\/wp\/v2\/users\/1"}],"replies":[{"embeddable":true,"href":"https:\/\/hlrnet.com\/sites\/alt164\/wp-json\/wp\/v2\/comments?post=11710"}],"version-history":[{"count":4,"href":"https:\/\/hlrnet.com\/sites\/alt164\/wp-json\/wp\/v2\/pages\/11710\/revisions"}],"predecessor-version":[{"id":27588,"href":"https:\/\/hlrnet.com\/sites\/alt164\/wp-json\/wp\/v2\/pages\/11710\/revisions\/27588"}],"wp:attachment":[{"href":"https:\/\/hlrnet.com\/sites\/alt164\/wp-json\/wp\/v2\/media?parent=11710"}],"curies":[{"name":"wp","href":"https:\/\/api.w.org\/{rel}","templated":true}]}}