{"id":11700,"date":"2018-04-19T16:46:37","date_gmt":"2018-04-19T16:46:37","guid":{"rendered":"http:\/\/hlrnet.com\/sites\/alt164\/?page_id=11700"},"modified":"2026-02-14T20:12:00","modified_gmt":"2026-02-14T20:12:00","slug":"turismo","status":"publish","type":"page","link":"https:\/\/hlrnet.com\/sites\/alt164\/turismo\/","title":{"rendered":"Turismo y regiones"},"content":{"rendered":"<ul>\n<li>El pa\u00eds\n<ul>\n<li><a href=\"https:\/\/www.red2000.com\/\" target=\"_new\" rel=\"noopener noreferrer\">All about Spain<\/a><\/li>\n<li><a href=\"https:\/\/arteviajero.com\/\">Arte viajero<\/a><\/li>\n<li><a href=\"https:\/\/espanafascinante.com\/\">Espa\u00f1a Fascinante<\/a><\/li>\n<li><a href=\"https:\/\/www.guiarte.com\/\" target=\"_blank\" rel=\"noopener noreferrer\">Guiarte<\/a><\/li>\n<li><a href=\"https:\/\/guiarepsol.com\/\">Gu\u00eda Repsol<\/a><\/li>\n<li><a href=\"https:\/\/www.gulliveria.com\/\">Gulliveria<\/a>: destinos tur\u00edsticos<\/li>\n<li><a href=\"https:\/\/www.aena.es\/\">Los aeropuertos espa\u00f1oles<\/a><\/li>\n<li><a href=\"https:\/\/www.revistaiberica.com\/\">Revista ib\u00e9rica<\/a><\/li>\n<li><a href=\"https:\/\/www.spain.info\/\" target=\"_blank\" rel=\"noopener noreferrer\">Turespa\u00f1a<\/a><\/li>\n<li><a href=\"https:\/\/elviajero.elpais.com\/\">El Viajero<\/a>: gu\u00eda de viajes de El Pa\u00eds<\/li>\n<li><a href=\"https:\/\/wikitravel.org\/es\/Portada\">Wikitravel<\/a><\/li>\n<\/ul>\n<\/li>\n<li><a href=\"https:\/\/hlrnet.com\/sites\/alt164\/transportes\/\">Desplazamientos y transportes<\/a><\/li>\n<li><a href=\"https:\/\/hlrnet.com\/sites\/alt164\/la-cocina\/\">Cocina y restaurantes<\/a><\/li>\n<li><a href=\"https:\/\/hlrnet.com\/sites\/alt164\/la-meteorologia-el-tiempo-y-el-clima\/\">El tiempo y el clima<\/a><\/li>\n<li><a href=\"https:\/\/www.smarttravel.news\">SmartTravelNews<\/a><\/li>\n<li><a href=\"https:\/\/www.turismodeobservacion.com\/\">Turismo de observaci\u00f3n<\/a><\/li>\n<li>Agencias de viaje, experiencias, vivencias y similares\n<ul>\n<li><a href=\"https:\/\/www.aeropuertosdelmundo.com.ar\/\">Aeropuertos del Mundo<\/a><\/li>\n<li><a href=\"https:\/\/www.halconviajes.com\/\">Halcon viajes<\/a><\/li>\n<li><a href=\"https:\/\/www.iberia.com\/\">Iberia<\/a><\/li>\n<li><a href=\"https:\/\/www.minube.com\/\">Minube<\/a><\/li>\n<li><a href=\"https:\/\/www.muchoviaje.com\/\">Mucho viaje<\/a><\/li>\n<li><a href=\"https:\/\/www.reservalis.com\/\">Reservalis<\/a><\/li>\n<li><a href=\"https:\/\/www.rumbo.es\/\">Rumbo.es<\/a><\/li>\n<\/ul>\n<\/li>\n<li>Hoteles\n<ul>\n<li><a href=\"https:\/\/www.casasypalacios.com\/\">Casas y palacios<\/a><\/li>\n<li><a href=\"https:\/\/www.centraldereservas.com\/\" target=\"_blank\" rel=\"noopener noreferrer\">Central de Reservas<\/a><\/li>\n<li><a href=\"https:\/\/www.hesperia.com\/\" target=\"_blank\" rel=\"noopener noreferrer\">Hoteles Hesperia<\/a><\/li>\n<li><a href=\"https:\/\/www.hoteles-silken.com\/\" target=\"_blank\" rel=\"noopener noreferrer\">Hoteles Silken<\/a><\/li>\n<li><a href=\"https:\/\/www.hotelius.com\/\">Hotelius<\/a><\/li>\n<li><a href=\"https:\/\/www.nh-hotels.com\/\">NH Hotels<\/a><\/li>\n<li><a href=\"https:\/\/www.notodohoteles.com\/\">Notodohoteles<\/a><\/li>\n<li><a href=\"https:\/\/www.parador.es\/\" target=\"_blank\" rel=\"noopener noreferrer\">Paradores<\/a><\/li>\n<li><a href=\"https:\/\/www.quierohotel.com\/\">QuieroHotel<\/a><\/li>\n<li><a href=\"https:\/\/www.melia.com\/\">Meli\u00e1<\/a><\/li>\n<li><a href=\"https:\/\/zenithoteles.com\/\">Zenit hoteles<\/a><\/li>\n<\/ul>\n<\/li>\n<li>Para profesionales del turismo\n<ul>\n<li><a href=\"https:\/\/www.hosteltur.com\/\">Noticias de turismo para profesionales y empresas tur\u00edsticas | Hosteltur<\/a><\/li>\n<\/ul>\n<\/li>\n<li>Varios\n<ul>\n<li><a href=\"https:\/\/elviajero.elpais.com\/\">Elviajero.elpais.com<\/a><\/li>\n<li><a href=\"https:\/\/www.muchoviaje.com\/\">MuchoViaje<\/a><\/li>\n<li><a href=\"https:\/\/www.revistaiberica.com\/\" target=\"_blank\" rel=\"noopener noreferrer\">Revistaiberica<\/a>: viajes y turismo por Espa\u00f1a y Portugal<\/li>\n<li><a href=\"https:\/\/www.rinconesdelmundo.com\/\" target=\"_blank\" rel=\"noopener noreferrer\">Rincones del Mundo<\/a><\/li>\n<li><a href=\"https:\/\/es.wikipedia.org\/wiki\/Gran_Recorrido\">Senderos de Gran Recorrido<\/a><\/li>\n<li><a href=\"https:\/\/www.spain.info\">Spain.info<\/a><\/li>\n<li><a href=\"https:\/\/www.tourspain.es\">Tourspain.es<\/a><\/li>\n<li><a href=\"https:\/\/viajeros30.com\/\">Viajeros 3.0<\/a><\/li>\n<li><a href=\"https:\/\/es.wikivoyage.org\/\">Wikiviajes<\/a><\/li>\n<\/ul>\n<\/li>\n<li>Regiones de Espa\u00f1a\n<ul>\n<li><a href=\"https:\/\/mappuzzle.xyz\/\">MapPuzzle<\/a>: puzzle geogr\u00e1fico (regiones y pa\u00edses)<\/li>\n<li>\u00a0Andaluc\u00eda\n<ul>\n<li><a href=\"https:\/\/www.andalucia.com\/\" target=\"_blank\" rel=\"noopener noreferrer\">Andalucia.COM<\/a><\/li>\n<li><a href=\"https:\/\/www.andalunet.com\/\" target=\"_blank\" rel=\"noopener noreferrer\">AndaluNet, portal de Sevilla<\/a><\/li>\n<li><a href=\"https:\/\/www.baeza.net\/\" target=\"_blank\" rel=\"noopener noreferrer\">Ayuntamiento de Baeza<\/a><\/li>\n<li><a href=\"https:\/\/www.cadizturismo.com\/\" target=\"_blank\" rel=\"noopener noreferrer\">Provincia de C\u00e1diz<\/a><\/li>\n<li><a href=\"https:\/\/granadainfo.com\/\" target=\"_blank\" rel=\"noopener noreferrer\">Granada en la red<\/a><\/li>\n<li><a href=\"https:\/\/www.playasdehuelva.com\/\" target=\"_blank\" rel=\"noopener noreferrer\">Playas de Huelva<\/a><\/li>\n<li><a href=\"https:\/\/www.diariojaen.es\/\" target=\"_blank\" rel=\"noopener noreferrer\">Diario de Ja\u00e9n<\/a><\/li>\n<li><a href=\"https:\/\/www.dipujaen.es\/\" target=\"_blank\" rel=\"noopener noreferrer\">Diputaci\u00f3n de Ja\u00e9n<\/a><\/li>\n<li><a href=\"https:\/\/www.jaen.es\/\" target=\"_blank\" rel=\"noopener noreferrer\">Turismo en Ja\u00e9n<\/a><\/li>\n<li><a href=\"https:\/\/www.jerez.es\/\">Jerez.es<\/a><\/li>\n<li><a href=\"https:\/\/www.ronda.net\/\" target=\"_blank\" rel=\"noopener noreferrer\">Ronda.net<\/a><\/li>\n<li><a href=\"https:\/\/www.turismo.sevilla.org\/\">Turismo de Sevilla<\/a><\/li>\n<li><a href=\"https:\/\/www.visitacostadelsol.com\/\" target=\"_blank\" rel=\"noopener noreferrer\">Visitacostadelsol<\/a><\/li>\n<\/ul>\n<\/li>\n<li>Arag\u00f3n\n<ul>\n<li><a href=\"https:\/\/www.aramon.es\/\" target=\"_blank\" rel=\"noopener noreferrer\">Aram\u00f3n &#8211; Monta\u00f1as de Arag\u00f3n<\/a><\/li>\n<li><a href=\"https:\/\/www.aragonradio.es\/\">Arag\u00f3n Radio<\/a><\/li>\n<li><a href=\"https:\/\/www.aragontelevision.es\/\">Arag\u00f3n TV<\/a><\/li>\n<li><a href=\"https:\/\/www.cortesaragon.es\/\" target=\"_blank\" rel=\"noopener noreferrer\">Cortes de Arag\u00f3n<\/a>: parlamento aragon\u00e9s<\/li>\n<li><a href=\"https:\/\/www.elperiodicodearagon.com\/\" target=\"_blank\" rel=\"noopener noreferrer\">El Peri\u00f3dico de Arag\u00f3n<\/a><\/li>\n<li><a href=\"https:\/\/www.heraldo.es\/\" target=\"_blank\" rel=\"noopener noreferrer\">Heraldo de Arag\u00f3n <\/a>: peri\u00f3dico<\/li>\n<li><a href=\"https:\/\/www.iea.es\/\">Instituto de Estudios Altoaragoneses<\/a><\/li>\n<li><a href=\"https:\/\/www.redaragon.com\/\" target=\"_blank\" rel=\"noopener noreferrer\">RedArag\u00f3n<\/a><\/li>\n<li><a href=\"https:\/\/alojamientospirineos.com\/\" target=\"_blank\" rel=\"noopener noreferrer\">Ajolamientos Pirineos<\/a><\/li>\n<li><a href=\"https:\/\/www.turismodearagon.com\/\" target=\"_blank\" rel=\"noopener noreferrer\">Turismo de Arag\u00f3n<\/a><\/li>\n<li><a href=\"https:\/\/www.zaragoza-ciudad.com\/\" target=\"_blank\" rel=\"noopener noreferrer\">Zaragoza Ciudad<\/a><\/li>\n<\/ul>\n<\/li>\n<li>Asturias\n<ul>\n<li><a href=\"https:\/\/www.facc.info\/\" target=\"_blank\" rel=\"noopener noreferrer\">Federaci\u00f3n asturiana de Concejos<\/a><\/li>\n<li><a href=\"https:\/\/www.idepa.es\/\" target=\"_blank\" rel=\"noopener noreferrer\">Instituto de Desarrollo Econ\u00f3mico de Asturias<\/a><\/li>\n<li><a href=\"https:\/\/www.fpa.es\/\" target=\"_blank\" rel=\"noopener noreferrer\">Fundaci\u00f3n Pr\u00edncipe de Asturias<\/a><\/li>\n<li><a href=\"https:\/\/www.lne.es\/\" target=\"_blank\" rel=\"noopener noreferrer\">La Nueva Espa\u00f1a<\/a>: diario independiente de Asturias<\/li>\n<li><a href=\"https:\/\/www.oviedo.es\/\" target=\"_blank\" rel=\"noopener noreferrer\">Ayuntamiento de Oviedo<\/a><\/li>\n<li><a href=\"https:\/\/www.uniovi.es\/\" target=\"_blank\" rel=\"noopener noreferrer\">Universidad de Oviedo<\/a><\/li>\n<li><a href=\"https:\/\/www.lavozdeasturias.es\/\" target=\"_blank\" rel=\"noopener noreferrer\">La Voz de Asturias<\/a> (peri\u00f3dico)<\/li>\n<li>V\u00e9ase tambi\u00e9n: <a href=\"https:\/\/hlrnet.com\/sites\/alt164\/el-bable\/\">bable<\/a><\/li>\n<\/ul>\n<\/li>\n<li>Canarias\n<ul>\n<li><a href=\"https:\/\/www.cabildodelapalma.es\/\">Cabildo de La Palma<\/a><\/li>\n<li><a href=\"https:\/\/comarcanordeste.blogspot.com\/\">Comarca Nordeste TF<\/a><\/li>\n<\/ul>\n<\/li>\n<li>Cantabria\n<ul>\n<li><a href=\"https:\/\/www.cantabriajoven.com\/\" target=\"_blank\" rel=\"noopener noreferrer\">Cantabria joven<\/a><\/li>\n<li><a href=\"https:\/\/www.cantabria.es\/\" target=\"_blank\" rel=\"noopener noreferrer\">Gobierno de Cantabria<\/a><\/li>\n<li><a href=\"https:\/\/www.culturaydeporte.gob.es\/mnaltamira\/home.html\" target=\"_blank\" rel=\"noopener noreferrer\">Museo de Altamira<\/a><\/li>\n<\/ul>\n<\/li>\n<li>Castilla y Le\u00f3n\n<ul>\n<li><a href=\"https:\/\/www.dip-valladolid.es\/\" target=\"_blank\" rel=\"noopener noreferrer\">Diputaci\u00f3n de Valladolid<\/a><\/li>\n<li><a href=\"https:\/\/www.jcyl.es\/\">Junta de Castilla y le\u00f3n<\/a><\/li>\n<li><a href=\"https:\/\/www.turismocastillayleon.com\/\">Turismo Castilla y Le\u00f3n<\/a><\/li>\n<li><a href=\"https:\/\/www.turismodesegovia.com\/\">Turismo de Segovia<\/a><\/li>\n<\/ul>\n<\/li>\n<li>Catalu\u00f1a\n<ul>\n<li><a href=\"https:\/\/www.barcelonaturisme.com\/\" target=\"_blank\" rel=\"noopener noreferrer\">Barcelona Turisme<\/a><\/li>\n<li><a href=\"https:\/\/www.bcn.cat\/\" target=\"_blank\" rel=\"noopener noreferrer\">Web de la ciutat de Barcelona<\/a><\/li>\n<li><a href=\"https:\/\/www.conselharan.org\/\">Conselh Generau d&#8217;Aran<\/a><\/li>\n<li><a href=\"https:\/\/www.gencat.cat\/\" target=\"_blank\" rel=\"noopener noreferrer\">Generalitat de Catalunya<\/a><\/li>\n<li><a href=\"https:\/\/www.mnat.cat\/\" target=\"_blank\" rel=\"noopener noreferrer\">Museu Nacional Arquel\u00f2gic de Tarragona<\/a><\/li>\n<li><a href=\"https:\/\/www.mnac.es\/\" target=\"_blank\" rel=\"noopener noreferrer\">Museu Nacional d&#8217;Art de Catalunya<\/a><\/li>\n<li><a href=\"https:\/\/www.museupicasso.bcn.es\/\" target=\"_blank\" rel=\"noopener noreferrer\">Museu Picasso<\/a><\/li>\n<li><a href=\"https:\/\/www.puigcerda.com\/\" target=\"_blank\" rel=\"noopener noreferrer\">Puigcerd\u00e0<\/a><\/li>\n<\/ul>\n<\/li>\n<li>Extremadura\n<ul>\n<li><a href=\"https:\/\/www.dip-caceres.es\/\" target=\"_blank\" rel=\"noopener noreferrer\">Diputaci\u00f3n de C\u00e1ceres<\/a><\/li>\n<li><a href=\"https:\/\/www.comarcadelavera.com\/\" target=\"_blank\" rel=\"noopener noreferrer\">Comarca de la Vera (C\u00e1ceres)<\/a><\/li>\n<li><a href=\"https:\/\/www.dehesa-extremadura.com\/\" target=\"_blank\" rel=\"noopener noreferrer\">Dehesa de Extremadura<\/a><\/li>\n<li><a href=\"https:\/\/www.extremadura.com\/\" target=\"_blank\" rel=\"noopener noreferrer\">Extremadura.com<\/a><\/li>\n<li><a href=\"https:\/\/www.regiondigital.com\/\" target=\"_blank\" rel=\"noopener noreferrer\">Regi\u00f3n Digital<\/a>: diario digital de Extremadura<\/li>\n<li><a href=\"https:\/\/www.turismoextremadura.com\/\" target=\"_blank\" rel=\"noopener noreferrer\">Turismo Extremadura<\/a><\/li>\n<li><a href=\"https:\/\/turismo.badajoz.es\/\" target=\"_blank\" rel=\"noopener noreferrer\">Turismo Provincia de Badajoz<\/a><\/li>\n<\/ul>\n<\/li>\n<li>Euskadi\n<ul>\n<li><a href=\"https:\/\/www.bilbao.net\/\" target=\"_blank\" rel=\"noopener noreferrer\">Bilbao.net<\/a><\/li>\n<li><a href=\"https:\/\/www.bizkaia.net\/\" target=\"_blank\" rel=\"noopener noreferrer\">Bizkaia.net<\/a><\/li>\n<li><a href=\"https:\/\/www.enterat.com\/\">Enterat<\/a>: noticias e informaci\u00f3n de Gipuzkoa<\/li>\n<li><a href=\"https:\/\/www.gipuzkoa.net\/\" target=\"_blank\" rel=\"noopener noreferrer\">Gipuzkoa.net<\/a><\/li>\n<li><a href=\"http:\/\/www.vitoriatoday.com\/\" target=\"_blank\" rel=\"noopener noreferrer\">Vitoria Today<\/a><\/li>\n<\/ul>\n<\/li>\n<li>Galicia\n<ul>\n<li><a href=\"https:\/\/www.elcorreogallego.es\/\" target=\"_blank\" rel=\"noopener noreferrer\">El Correo Gallego<\/a><\/li>\n<\/ul>\n<\/li>\n<li>Madrid\n<ul>\n<li><a href=\"https:\/\/www.alcalaturismo.com\/\" target=\"_blank\" rel=\"noopener noreferrer\">Alcal\u00e1 Turismo<\/a><\/li>\n<li><a href=\"https:\/\/www.arannet.com\/turismo.htm\" target=\"_blank\" rel=\"noopener noreferrer\">AranNet: Aranjuez en internet<\/a><\/li>\n<li><a href=\"https:\/\/www.munimadrid.es\/\" target=\"_blank\" rel=\"noopener noreferrer\">Ayuntamiento de Madrid<\/a><\/li>\n<li><a href=\"https:\/\/www.madrid.org\/\" target=\"_blank\" rel=\"noopener noreferrer\">Comunidad de Madrid<\/a><\/li>\n<li><a href=\"https:\/\/www.madriz.com\/\" target=\"_blank\" rel=\"noopener noreferrer\">Madrid de la A a la Z<\/a>: un directorio comercial que abarca el Madrid Metropolitano<\/li>\n<li><a href=\"https:\/\/www.metromadrid.es\/\" target=\"_blank\" rel=\"noopener noreferrer\">MetroMadrid<\/a><\/li>\n<li><a href=\"https:\/\/www.sur-madrid.com\/\" target=\"_blank\" rel=\"noopener noreferrer\">Sur-Madrid<\/a><\/li>\n<li><a href=\"https:\/\/unbuendiaenmadrid.com\/\">Un buen d\u00eda en Madrid<\/a><\/li>\n<li><a href=\"https:\/\/www.webmadrid.com\/\">Webmadrid<\/a><\/li>\n<\/ul>\n<\/li>\n<li>Murcia\n<ul>\n<li><a href=\"https:\/\/www.carm.es\/\" target=\"_blank\" rel=\"noopener noreferrer\">CARM<\/a>: Comunidad Aut\u00f3noma de la Regi\u00f3n de Murcia<\/li>\n<li><a href=\"https:\/\/www.murciaturistica.es\/\" target=\"_blank\" rel=\"noopener noreferrer\">Murcia tur\u00edstica<\/a><\/li>\n<li><a href=\"https:\/\/www.regmurcia.com\/\" target=\"_blank\" rel=\"noopener noreferrer\">Regi\u00f3n de Murcia<\/a><\/li>\n<\/ul>\n<\/li>\n<li>Navarra\n<ul>\n<li><a href=\"https:\/\/www.cfnavarra.es\/\" target=\"_blank\" rel=\"noopener noreferrer\">Comunidad Foral de Navarra<\/a><\/li>\n<li><a href=\"https:\/\/www.navarra.com\/\">Navarra.com<\/a><\/li>\n<li><a href=\"http:\/\/www.navarra.net\/\" target=\"_blank\" rel=\"noopener noreferrer\">Navarra.net<\/a><\/li>\n<\/ul>\n<\/li>\n<li>La Rioja\n<ul>\n<li><a href=\"https:\/\/www.larioja.org\/\">Gobierna de La Rioja<\/a><\/li>\n<li><a href=\"https:\/\/www.lariojaturismo.com\/\">La Rioja Turismo<\/a><\/li>\n<li><a href=\"https:\/\/www.larioja.com\/\">La Rioja: diario de informaci\u00f3n<\/a><\/li>\n<li><a href=\"https:\/\/www.riojawine.com\/\" target=\"_blank\" rel=\"noopener noreferrer\">Rioja (p\u00e1gina oficial de la denominaci\u00f3n de origen)<\/a><\/li>\n<li><a href=\"https:\/\/www.santodomingodelacalzada.org\/\">Santo Domingo de la Calzada<\/a><\/li>\n<\/ul>\n<\/li>\n<li>Valencia\n<ul>\n<li><a href=\"https:\/\/www.comunitatvalenciana.com\/\" target=\"_blank\" rel=\"noopener noreferrer\">Comunitat valenciana<\/a><\/li>\n<li><a href=\"https:\/\/www.dip-alicante.es\/\" target=\"_blank\" rel=\"noopener noreferrer\">Diputaci\u00f3n de Alicante<\/a><\/li>\n<li><a href=\"https:\/\/www.gva.es\/\" target=\"_blank\" rel=\"noopener noreferrer\">Generalitat Valenciana<\/a><\/li>\n<li><a href=\"https:\/\/www.ivam.es\/\" target=\"_blank\" rel=\"noopener noreferrer\">Instituto Valenciano de Arte Moderno<\/a><\/li>\n<li><a href=\"https:\/\/museobellasartesvalencia.gva.es\/\" target=\"_blank\" rel=\"noopener noreferrer\">Museo de Bellas Artes de Valencia<\/a><\/li>\n<\/ul>\n<\/li>\n<\/ul>\n<\/li>\n<\/ul>\n<span class=\"last-modified-timestamp\">Feb 14, 2026 @ 8:12 pm<\/span>\n","protected":false},"excerpt":{"rendered":"<p>El pa\u00eds All about Spain Arte viajero Espa\u00f1a Fascinante Guiarte Gu\u00eda Repsol Gulliveria: destinos tur\u00edsticos Los aeropuertos espa\u00f1oles Revista ib\u00e9rica Turespa\u00f1a El Viajero: gu\u00eda de viajes de El Pa\u00eds Wikitravel Desplazamientos y transportes Cocina y restaurantes El tiempo y el clima SmartTravelNews Turismo de observaci\u00f3n Agencias de viaje, experiencias, vivencias<\/p>\n","protected":false},"author":1,"featured_media":0,"parent":0,"menu_order":0,"comment_status":"closed","ping_status":"closed","template":"","meta":{"iawp_total_views":9,"footnotes":"","_wp_rev_ctl_limit":""},"class_list":["post-11700","page","type-page","status-publish","hentry"],"publishpress_future_action":{"enabled":false,"date":"2026-05-04 04:19:54","action":"change-status","newStatus":"draft","terms":[],"taxonomy":"","extraData":[]},"publishpress_future_workflow_manual_trigger":{"enabledWorkflows":[]},"_links":{"self":[{"href":"https:\/\/hlrnet.com\/sites\/alt164\/wp-json\/wp\/v2\/pages\/11700","targetHints":{"allow":["GET"]}}],"collection":[{"href":"https:\/\/hlrnet.com\/sites\/alt164\/wp-json\/wp\/v2\/pages"}],"about":[{"href":"https:\/\/hlrnet.com\/sites\/alt164\/wp-json\/wp\/v2\/types\/page"}],"author":[{"embeddable":true,"href":"https:\/\/hlrnet.com\/sites\/alt164\/wp-json\/wp\/v2\/users\/1"}],"replies":[{"embeddable":true,"href":"https:\/\/hlrnet.com\/sites\/alt164\/wp-json\/wp\/v2\/comments?post=11700"}],"version-history":[{"count":5,"href":"https:\/\/hlrnet.com\/sites\/alt164\/wp-json\/wp\/v2\/pages\/11700\/revisions"}],"predecessor-version":[{"id":27592,"href":"https:\/\/hlrnet.com\/sites\/alt164\/wp-json\/wp\/v2\/pages\/11700\/revisions\/27592"}],"wp:attachment":[{"href":"https:\/\/hlrnet.com\/sites\/alt164\/wp-json\/wp\/v2\/media?parent=11700"}],"curies":[{"name":"wp","href":"https:\/\/api.w.org\/{rel}","templated":true}]}}