{"id":11316,"date":"2018-05-08T08:50:41","date_gmt":"2018-05-08T08:50:41","guid":{"rendered":"http:\/\/hlrnet.com\/sites\/alt164\/logout\/"},"modified":"2026-02-14T20:25:57","modified_gmt":"2026-02-14T20:25:57","slug":"conocimiento-educacion","status":"publish","type":"page","link":"https:\/\/hlrnet.com\/sites\/alt164\/conocimiento-educacion\/","title":{"rendered":"Conocimiento y educaci\u00f3n"},"content":{"rendered":"<ul>\n<li><a href=\"https:\/\/actividadesinfantil.com\/\">Actividades infantil<\/a><\/li>\n<li><a href=\"https:\/\/www.adide.org\/\">Adide<\/a>: asociaci\u00f3n de inspectores de educaci\u00f3n<\/li>\n<li><a href=\"https:\/\/www.aplicaciones.info\/\" target=\"_blank\" rel=\"noopener noreferrer\">Aplicaciones Did\u00e1cticas<\/a><\/li>\n<li><a href=\"https:\/\/www.aprendemas.com\/\">Aprende m\u00e1s<\/a><\/li>\n<li><a href=\"https:\/\/aal.idoneos.com\/\">Asociaci\u00f3n Argentina de Lectura<\/a><\/li>\n<li><a href=\"https:\/\/ahf-filosofia.es\/\">Asociaci\u00f3n de Hispanismo Filos\u00f3fico<\/a><\/li>\n<li><a href=\"https:\/\/www.aulafacil.com\/\" target=\"_blank\" rel=\"noopener noreferrer\">AulaF\u00e1cil<\/a>, cursos gratis en l\u00ednea<\/li>\n<li><a href=\"https:\/\/www.aulaplaneta.com\/\">aulaPlaneta<\/a><\/li>\n<li><a href=\"http:\/\/www.aulataller.es\/\">Aulataller<\/a><\/li>\n<li><a href=\"https:\/\/ayudaparamaestros.blogspot.com.es\/\">Ayuda para Maestros<\/a><\/li>\n<li><a href=\"http:\/\/bddoc.csic.es:8080\/\">Bases de datos del CSIC<\/a><\/li>\n<li><a href=\"https:\/\/www.becas.com\/\" target=\"_blank\" rel=\"noopener noreferrer\">Becas.com<\/a><\/li>\n<li><a href=\"https:\/\/bibliotecaescolardigital.es\/\">Biblioteca escolar digital<\/a><\/li>\n<li><a href=\"https:\/\/elblogdeidiomas.es\/\">El blog de idiomas<\/a><\/li>\n<li><a href=\"https:\/\/www.campuseducacion.com\/\">CampusEducacion<\/a><\/li>\n<li><a href=\"https:\/\/www.canalcursos.com\/\">CanalCursos<\/a>: buscador de cursos, masters y formaciones<\/li>\n<li><a href=\"https:\/\/www.cerebriti.com\/\">Cerbriti<\/a>: cat\u00e1logo de juegos educativos y de conocimiento en espa\u00f1ol<\/li>\n<li><a href=\"https:\/\/www.cibernous.com\/\" target=\"_blank\" rel=\"noopener noreferrer\">Cibernous<\/a>: web de filosof\u00eda en espa\u00f1ol<\/li>\n<li><a href=\"https:\/\/cienciaes.com\/\">CienciaEs<\/a>: ciencia para escuchar<\/li>\n<li><a href=\"https:\/\/www.cienciasfera.com\/\">Cienciasfera<\/a>: web de todas las asignaturas de Bachillerato en el Sistema Educativo. Una alternativa a los libros de texto<\/li>\n<li><a href=\"https:\/\/www.classgap.com\/es\">ClassGap<\/a>: clases particulares<\/li>\n<li><a href=\"https:\/\/www.ces.es\/\" target=\"_blank\" rel=\"noopener noreferrer\">Comunae: cursos y formaci\u00f3n<\/a><\/li>\n<li><a href=\"https:\/\/www.conocimientosweb.net\/\" target=\"_blank\" rel=\"noopener noreferrer\">ConocimientosWeb<\/a>: portal del conocimiento no formal<\/li>\n<li><a href=\"https:\/\/www.gobiernodecanarias.org\/educacion\/\">Consejer\u00eda de Educaci\u00f3n ( Gobierno de Canarias)<\/a><\/li>\n<li><a href=\"https:\/\/www.csic.es\/\">CSIC: Consejo Superior de Investigaci\u00f3n Cient\u00edfica<\/a><\/li>\n<li><a href=\"https:\/\/cursos.miarroba.com\/\">Cursos.miarroba.com<\/a><\/li>\n<li><a href=\"https:\/\/www.ceac.es\/cursos\">Cursos CEAC<\/a><\/li>\n<li><a href=\"https:\/\/papiro.unizar.es\/ojs\/index.php\/clio\" target=\"_blank\" rel=\"noopener noreferrer\">Proyecto Clio<\/a>, una mirada hispana a la historia universal<\/li>\n<li><a href=\"https:\/\/www.definicionabc.com\/\">Definici\u00f3nABC<\/a><\/li>\n<li><a href=\"https:\/\/dialnet.unirioja.es\/\">Dialnet<\/a><\/li>\n<li><a href=\"https:\/\/www.cuco.com.ar\/\" target=\"_blank\" rel=\"noopener noreferrer\">Diccionario de Mitos y Creencias<\/a><\/li>\n<li><a href=\"https:\/\/didactalia.net\">Didactalia<\/a>, aprendizaje social reforzado con capacidades de Inteligencia Artificial<\/li>\n<li><a href=\"https:\/\/www.divulgamat.net\/\">DivulgaMAT<\/a>: Centro Virtual de Divulgaci\u00f3n de las Matem\u00e1ticas<\/li>\n<li><a href=\"https:\/\/www.docsity.com\/es\/\">Docsity Y PatataBrava<\/a> &#8211; Apuntes, res\u00famenes y ex\u00e1menes para universidad y bachillerato<\/li>\n<li><a href=\"https:\/\/economipedia.com\/\">Economiapedia<\/a><\/li>\n<li><a href=\"https:\/\/www.edelvives.com\/\">Edelvives<\/a><\/li>\n<li><a href=\"https:\/\/www.educaixa.com\/es\/\">EduCaixa<\/a><\/li>\n<li><a href=\"https:\/\/educagob.educacionyfp.gob.es\/inicio.html\">Educagob<\/a>: ministerio espa\u00f1ol de educaci\u00f3n y formaci\u00f3n profesional<\/li>\n<li><a href=\"https:\/\/www.educatina.com\/\">Educatina<\/a><\/li>\n<li><a href=\"https:\/\/www.educacion.gob.es\/\">Educaci\u00f3n<\/a>: Ministerio de educaci\u00f3n<\/li>\n<li><a href=\"https:\/\/www.eleducador.com\/\">El Educador<\/a> (PE-CO-EC-PR)<\/li>\n<li><a href=\"https:\/\/www.educa.jcyl.es\/\">Educacyl<\/a>: portal de educaci\u00f3n<\/li>\n<li><a href=\"https:\/\/www.educatina.com\/\">Educalatina<\/a><\/li>\n<li><a href=\"https:\/\/www.educaplay.com\/\">Educaplay<\/a><\/li>\n<li><a href=\"https:\/\/www.educaplus.org\/\">Educaplus<\/a><\/li>\n<li><a href=\"https:\/\/www.educatina.com\/\">Educatina<\/a>: videos de aprendizaje, gratis<\/li>\n<li><a href=\"https:\/\/www.educaweb.com\/\">Educaweb<\/a>: educaci\u00f3n, formaci\u00f3n y trabajo<\/li>\n<li><a href=\"https:\/\/www.eduespa.org\/\">EduEspa<\/a>: estudiar en Espa\u00f1a<\/li>\n<li><a href=\"https:\/\/www.edured2000.net\/\">EduRed<\/a><\/li>\n<li><a href=\"https:\/\/www.educa3d.com\/\">Educa3D<\/a><\/li>\n<li><a href=\"https:\/\/www.fatimalenguajemusical.blogspot.com.es\/\">El lenguaje musical de F\u00e1tima<\/a><\/li>\n<li><a href=\"https:\/\/eligeeducar.cl\/\">Elige educar<\/a> (Chile)<\/li>\n<li><a href=\"https:\/\/www.emagister.com\/\">eMagister<\/a><\/li>\n<li><a href=\"https:\/\/cursos.elpais.com\/\">El Pa\u00eds: cursos<\/a><\/li>\n<li><a href=\"https:\/\/www.enciclonet.com\/\" target=\"_blank\" rel=\"noopener noreferrer\">EncicloNet &#8211; enciclopedia<\/a><\/li>\n<li><a href=\"https:\/\/ensenar-espanol-online.com\/\">Ense\u00f1ar espa\u00f1ol online<\/a><\/li>\n<li><a href=\"https:\/\/escholarium.educarex.es\/\">eScholarium<\/a>, el espacio on line de la educaci\u00f3n en Extremadura<\/li>\n<li><a href=\"https:\/\/www.escolar.com\/\" target=\"_blank\" rel=\"noopener noreferrer\">Escolar.com<\/a>: sitio con contenidos did\u00e1cticos gratuitos<\/li>\n<li><a href=\"https:\/\/www.escuelaenlanube.com\/\">Escuela en la nube<\/a><\/li>\n<li><a href=\"https:\/\/www.estudiantes.info\/\">Estudiantes.info<\/a>: portal joven &#8211; educaci\u00f3n secundaria<\/li>\n<li><a href=\"https:\/\/fisquimed.wordpress.com\/\">Fisquimed<\/a>: todo para tu ciencia<\/li>\n<li><a href=\"https:\/\/www.antena3.com\/fundacion\/\">Fundaci\u00f3n Atres Media<\/a><\/li>\n<li><a href=\"https:\/\/www.funiber.org\/\">Fundaci\u00f3n Universitaria Iberoamericana (FUNIBER)<\/a><\/li>\n<li><a href=\"https:\/\/www.gaussianos.com\/\">Gaussianos<\/a>: matem\u00e1ticas<\/li>\n<li><a href=\"https:\/\/www.guiainfantil.com\/\">GuiaInfantil<\/a>: con cuentos para ni\u00f1os y mucho m\u00e1s<\/li>\n<li><a href=\"https:\/\/www.hiru.com\/\">Hiru: portal educativo vasco destinado a prestar servicios p\u00fablicos de educaci\u00f3n a trav\u00e9s de internet, mediante la provisi\u00f3n de contenidos gratuitos<\/a><\/li>\n<li><a href=\"https:\/\/www.hiru.eus\/\">Hiru.eus<\/a><\/li>\n<li><a href=\"https:\/\/www.hotcourseslatinoamerica.com\/\">Hotcourseslatinoam\u00e9rica<\/a>: encontrar cursos<\/li>\n<li><a href=\"https:\/\/ideasparalaclase.com\/\">Ideas para la clase<\/a><\/li>\n<li><a href=\"https:\/\/innovacioneducativa.wordpress.com\/\">Innovaci\u00f3n educativa<\/a><\/li>\n<li><a href=\"https:\/\/www.iac.es\/\">Instituto de Astrof\u00edsica de Canarias<\/a><\/li>\n<li><a href=\"https:\/\/www.investigacionyciencia.es\/\">Investigaci\u00f3n y Ciencia<\/a><\/li>\n<li><a href=\"https:\/\/ciencias.jornada.com.mx\/\">La Jornada en la ciencia<\/a><\/li>\n<li><a href=\"https:\/\/justificaturespuesta.com\/\">Justifica tu respuesta<\/a><\/li>\n<li><a href=\"https:\/\/labovirtual.blogspot.com.es\/\">Labo virtual<\/a><\/li>\n<li><a href=\"https:\/\/www.lifeder.com\/\">Lifider:<\/a> ciencia, educaci\u00f3n, cultura y estilo de vida<\/li>\n<li><a href=\"https:\/\/www.maestroteca.com\/\">Maestroteca<\/a><\/li>\n<li><a href=\"https:\/\/matecitos.com\/\">Matecitos<\/a><\/li>\n<li><a href=\"https:\/\/www.mathematicas.es\/\">Matematicas.net<\/a>: matem\u00e1ticas y software educativo<\/li>\n<li><a href=\"https:\/\/matematicainteractivavenezuela.blogspot.be\/\">Matem\u00e1tica Interactiva Venezuela<\/a><\/li>\n<li><a href=\"https:\/\/miaceduca.es\/\">MIAC &#8211; maestros innovadores<\/a><\/li>\n<li><a href=\"https:\/\/www.monografias.com\/\" target=\"_blank\" rel=\"noopener noreferrer\">Monografias.com<\/a>: centro de recursos educativos<\/li>\n<li><a href=\"https:\/\/mundomatematicas.blogspot.com\/\">Mundo de las matem\u00e1ticas<\/a><\/li>\n<li><a href=\"https:\/\/www.muyinteresante.es\/\">Muy Interesante<\/a><\/li>\n<li><a href=\"https:\/\/www.nationalgeographic.es\/\">National Geographic Espa\u00f1a<\/a><\/li>\n<li><a href=\"https:\/\/naturalmenteciencias.wordpress.com\/\">Naturalmente, ciencias<\/a><\/li>\n<li><a href=\"https:\/\/naukas.com\/\">Naukas<\/a>: ciencia, escepticismo y humor<\/li>\n<li><a href=\"http:\/\/www.polavide.es\/\">Olavide: banco recursos<\/a><\/li>\n<li><a href=\"https:\/\/practicole.blogspot.com.es\/\">Practicole<\/a><\/li>\n<li><a href=\"https:\/\/primeraescuela.com\/\">Primera escuela<\/a>: actividades infantiles y educaci\u00f3n preescolar<\/li>\n<li><a href=\"https:\/\/www.profes.net\/\" target=\"_blank\" rel=\"noopener noreferrer\">Profes.net<\/a><\/li>\n<li><a href=\"https:\/\/www.profesorfrancisco.es\/\">Profesor de historia, geograf\u00eda y arte<\/a><\/li>\n<li><a href=\"https:\/\/www.profesorenlinea.cl\/\">Profesor en l\u00ednea<\/a> (CL)<\/li>\n<li><a href=\"https:\/\/www.quecursar.com\/\">QueCursar<\/a><\/li>\n<li><a href=\"https:\/\/www.recetastic.com\/\">RecetasTIC<\/a><\/li>\n<li><a href=\"https:\/\/www.recursosdidacticos.es\/\">Recursos did\u00e1cticos<\/a><\/li>\n<li><a href=\"https:\/\/intef.educacion.es\/\">RecursosTIC<\/a><\/li>\n<li><a href=\"https:\/\/www.um.es\/ead\/red\/\">RED: revista de educaci\u00f3n a distancia<\/a><\/li>\n<li><a href=\"https:\/\/www.redalyc.org\/\">Redalyc<\/a>: Sistema de Informaci\u00f3n Cient\u00edfica &#8211; Red de Revistas Cient\u00edficas de Am\u00e9rica Latina y el Caribe, Espa\u00f1a y Portugal<\/li>\n<li><a href=\"https:\/\/www.rincondelvago.com\/\" target=\"_blank\" rel=\"noopener noreferrer\">Rinc\u00f3n del Vago<\/a>: apuntes, trabajos, monograf\u00edas, ex\u00e1menes, pr\u00e1cticas<\/li>\n<li><a href=\"https:\/\/www.saberespractico.com\/\">Saber es pr\u00e1ctico<\/a><\/li>\n<li><a href=\"https:\/\/www.sangakoo.com\/\">Sangakoo<\/a>, una web que te ayuda a aprender matem\u00e1ticas<\/li>\n<li><a href=\"https:\/\/www.scidev.net\/america-latina\/\">SciDev<\/a>: ciencia<\/li>\n<li><a href=\"https:\/\/www.agenciasinc.es\/\">SINC<\/a>: la ciencia es noticia<\/li>\n<li><a href=\"https:\/\/www.smartick.es\/\">Smartick<\/a>: tu hijo ya puede aprender y mejorar en matem\u00e1ticas<\/li>\n<li><a href=\"https:\/\/sonandosonrisas.blogspot.com.es\/\">So\u00f1ando sonrisas<\/a><\/li>\n<li><a href=\"https:\/\/www.editorialsusaeta.com\/\">Susaeta<\/a>: editorial<\/li>\n<li><a href=\"https:\/\/www.telefonicaeducaciondigital.com\/\">Telef\u00f3nica Educaci\u00f3n Digital<\/a><\/li>\n<li><a href=\"https:\/\/www.testeando.es\/\">Testeando<\/a>: un trivial para el aula y para casa<\/li>\n<li><a href=\"https:\/\/www.thatquiz.org\/es\/\">Thatquiz: matem\u00e1ticas<\/a><\/li>\n<li><a href=\"https:\/\/www.todotutoriales.es\/\">TodoTutoriales<\/a><\/li>\n<li><a href=\"https:\/\/www.e-torredebabel.com\/\">Torre de Babel Ediciones<\/a>: portal de filosof\u00eda, psicolog\u00eda e humanidades en Internet<\/li>\n<li><a href=\"https:\/\/www.trivinet.com\/\">Trivinet<\/a>: trivial online<\/li>\n<li><a href=\"https:\/\/www.tumaster.com\/\">Tumaster<\/a>: buscador de masters, cursos y postgrados<\/li>\n<li><a href=\"https:\/\/www.abcdatos.com\/tutoriales\/\" target=\"_blank\" rel=\"noopener noreferrer\">Tutoriales gratis en castellano (ABC Datos)<\/a><\/li>\n<li><a href=\"https:\/\/www.unicoos.com\/\">Unicoos<\/a>: ensen\u00f1anza online (matem\u00e1ticas, qu\u00edmica, f\u00edsica, )- con canal Youtube<\/li>\n<li><a href=\"https:\/\/www.universia.es\/\" target=\"_blank\" rel=\"noopener noreferrer\">Universia.es<\/a>: universidades, estudios, cursos, &#8230;<\/li>\n<li><a href=\"https:\/\/www.universia.net\/\" target=\"_blank\" rel=\"noopener noreferrer\">Universia.net<\/a>: portal universitaria (Chile &#8211; Espa\u00f1a)<\/li>\n<li><a href=\"https:\/\/www.universoabierto.com\/\">Universo Abierto<\/a>: Blog de la biblioteca de la Facultad de Traducci\u00f3n y Documentaci\u00f3n de la Universidad de Salamanca<\/li>\n<li><a href=\"https:\/\/www.unprofesor.com\/\">Unprofesor.com<\/a><\/li>\n<li><a href=\"https:\/\/elvelerodigital.com\/\">El velero digital<\/a><\/li>\n<li><a href=\"https:\/\/www.virtualeduca.org\/\" target=\"_blank\" rel=\"noopener noreferrer\">Virtual Educa<\/a>: Conferencia internacional sobre educaci\u00f3n, formaci\u00f3n y nuevas tecnolog\u00edas<\/li>\n<li><a href=\"https:\/\/www.webdianoia.com\/\" target=\"_blank\" rel=\"noopener noreferrer\">Webdianoia<\/a>: historia de la filosof\u00eda &#8211; la filosof\u00eda en el bachillerato<\/li>\n<li><a href=\"https:\/\/es.wikibooks.org\/\">Wikilibros<\/a><\/li>\n<li><a href=\"https:\/\/wikisabio.com\/\">Wikisabio<\/a>: historia, ciencia, literatura y m\u00e1s<\/li>\n<li>Videos\n<ul>\n<li><a href=\"https:\/\/www.tutellus.com\/\">Tutellus<\/a><\/li>\n<\/ul>\n<\/li>\n<\/ul>\n<span class=\"last-modified-timestamp\">Feb 14, 2026 @ 8:25 pm<\/span>\n","protected":false},"excerpt":{"rendered":"<p>Actividades infantil Adide: asociaci\u00f3n de inspectores de educaci\u00f3n Aplicaciones Did\u00e1cticas Aprende m\u00e1s Asociaci\u00f3n Argentina de Lectura Asociaci\u00f3n de Hispanismo Filos\u00f3fico AulaF\u00e1cil, cursos gratis en l\u00ednea aulaPlaneta Aulataller Ayuda para Maestros Bases de datos del CSIC <a href=\"http:\/\/Becas.com\" class=\"autohyperlink\">Becas.com<\/a> Biblioteca escolar digital El blog de idiomas CampusEducacion CanalCursos: buscador de cursos, masters y<\/p>\n","protected":false},"author":1,"featured_media":0,"parent":0,"menu_order":0,"comment_status":"closed","ping_status":"closed","template":"","meta":{"iawp_total_views":2,"footnotes":"","_wp_rev_ctl_limit":""},"class_list":["post-11316","page","type-page","status-publish","hentry"],"publishpress_future_action":{"enabled":false,"date":"2026-05-04 05:42:09","action":"change-status","newStatus":"draft","terms":[],"taxonomy":"","extraData":[]},"publishpress_future_workflow_manual_trigger":{"enabledWorkflows":[]},"_links":{"self":[{"href":"https:\/\/hlrnet.com\/sites\/alt164\/wp-json\/wp\/v2\/pages\/11316","targetHints":{"allow":["GET"]}}],"collection":[{"href":"https:\/\/hlrnet.com\/sites\/alt164\/wp-json\/wp\/v2\/pages"}],"about":[{"href":"https:\/\/hlrnet.com\/sites\/alt164\/wp-json\/wp\/v2\/types\/page"}],"author":[{"embeddable":true,"href":"https:\/\/hlrnet.com\/sites\/alt164\/wp-json\/wp\/v2\/users\/1"}],"replies":[{"embeddable":true,"href":"https:\/\/hlrnet.com\/sites\/alt164\/wp-json\/wp\/v2\/comments?post=11316"}],"version-history":[{"count":4,"href":"https:\/\/hlrnet.com\/sites\/alt164\/wp-json\/wp\/v2\/pages\/11316\/revisions"}],"predecessor-version":[{"id":27616,"href":"https:\/\/hlrnet.com\/sites\/alt164\/wp-json\/wp\/v2\/pages\/11316\/revisions\/27616"}],"wp:attachment":[{"href":"https:\/\/hlrnet.com\/sites\/alt164\/wp-json\/wp\/v2\/media?parent=11316"}],"curies":[{"name":"wp","href":"https:\/\/api.w.org\/{rel}","templated":true}]}}