{"id":3724,"date":"2021-01-21T13:11:52","date_gmt":"2021-01-21T13:11:52","guid":{"rendered":"https:\/\/hlrnet.com\/sites\/alt128\/?page_id=3724"},"modified":"2025-10-27T14:48:35","modified_gmt":"2025-10-27T14:48:35","slug":"corpus","status":"publish","type":"page","link":"https:\/\/hlrnet.com\/sites\/alt128\/corpus\/","title":{"rendered":"Corpus"},"content":{"rendered":"<p>Listes<\/p>\n<ul>\n<li><a href=\"https:\/\/perso.atilf.fr\/apotheloz\/corpus\/\">Denis Apoth\u00e9loz<\/a><\/li>\n<li><a href=\"https:\/\/www.ortolang.fr\/market\/corpora\">Ortolang<\/a><\/li>\n<li><a href=\"https:\/\/tln.lifat.univ-tours.fr\/servlet\/com.jsbsoft.jtf.core.SG?EXT=core&amp;PROC=SAISIE_LISTE_SOUS_RUBRIQUES_FRONT&amp;ACTION=LISTER&amp;PROFONDEUR=0&amp;RH=1562661528416&amp;RF=1562661528416&amp;RUBRIQUE=1562661528416\">Traitement automatique des langues<\/a><\/li>\n<\/ul>\n<p>Corpus particuliers<\/p>\n<ul>\n<li><a href=\"http:\/\/88milsms.huma-num.fr\">88milSMS: A corpus of authentic text messages in French<\/a><\/li>\n<li><a href=\"http:\/\/www.llf.cnrs.fr\/fr\/acsynt\">ACSYNT &#8211; Corpus oral du fran\u00e7ais contemporain<\/a><\/li>\n<li><a href=\"http:\/\/bfm.ens-lyon.fr\">BFM (Base de fran\u00e7ais m\u00e9di\u00e9val)<\/a><\/li>\n<li><a href=\"https:\/\/www.ortolang.fr\/market\/corpora\/cefc-orfeo\">CEFC &#8211; Corpus for the Study of Contemporary French<\/a><\/li>\n<li><a href=\"http:\/\/rali.iro.umontreal.ca\/rali\/?q=fr\/BAF\">Le corpus BAF | RALI<\/a><\/li>\n<li><a href=\"http:\/\/ftb.linguist.univ-paris-diderot.fr\/\">Corpus arbor\u00e9 pour le fran\u00e7ais<\/a><\/li>\n<li><a href=\"http:\/\/cfpp2000.univ-paris3.fr\/\">CFPP2000 (Corpus de fran\u00e7ais parl\u00e9 parisien des ann\u00e9es 2000)<\/a><\/li>\n<li><a href=\"http:\/\/www.ciel-f.org\">Ciel-f (Corpus international \u00e9cologique de la langue fran\u00e7aise)<\/a><\/li>\n<li><a href=\"http:\/\/clapi.ish-lyon.cnrs.fr\/\">CLAPI (Corpus de langues parl\u00e9es en interaction)<\/a><\/li>\n<li><a href=\"http:\/\/eslo.huma-num.fr\">ESLO (Enqu\u00eates sociolinguistiques \u00e0 Orl\u00e9ans)<\/a><\/li>\n<li><a href=\"http:\/\/frenchoralnarrative.qub.ac.uk\">FONC (French Oral Narrative Corpus)<\/a><\/li>\n<li><a href=\"https:\/\/www.usherbrooke.ca\/crifuq\/recherche\/corpus\/corpus-heberges\/corpus-fran\/\">FRAN (Corpus du fran\u00e7ais en Am\u00e9rique du Nord)<\/a><\/li>\n<li><a href=\"http:\/\/www.frantext.fr\">FRANTEXT<\/a><\/li>\n<li><a href=\"https:\/\/www.sketchengine.eu\/frwac-french-corpus\/\">frWAC: French corpus from the .fr domain (Sketch Engine)<\/a><\/li>\n<li><a href=\"http:\/\/ofrom.unine.ch\/\">OFROM (Corpus oral de fran\u00e7ais de Suisse Romande)<\/a><\/li>\n<li><a href=\"https:\/\/www.ortolang.fr\/market\/corpora\/cefc-orfeo\">ORFEO &#8211; Outils et Ressources pour le Fran\u00e7ais Ecrit et Oral (Orfeo)<\/a><\/li>\n<li><a href=\"https:\/\/www.cnrtl.fr\/corpus\/tcof\/\">TCOF &#8211; Traitement de Corpus Oraux en Fran\u00e7ais<\/a><\/li>\n<\/ul>\n","protected":false},"excerpt":{"rendered":"<p>Listes Denis Apoth\u00e9loz Ortolang Traitement automatique des langues Corpus particuliers 88milSMS: A corpus of authentic text messages in French ACSYNT &#8211; Corpus oral du fran\u00e7ais contemporain BFM (Base de fran\u00e7ais m\u00e9di\u00e9val) CEFC &#8211; Corpus for the Study of Contemporary French Le corpus BAF | RALI Corpus arbor\u00e9 pour le fran\u00e7ais<\/p>\n","protected":false},"author":1,"featured_media":0,"parent":0,"menu_order":0,"comment_status":"closed","ping_status":"closed","template":"","meta":{"footnotes":"","_wp_rev_ctl_limit":""},"class_list":["post-3724","page","type-page","status-publish","hentry"],"publishpress_future_action":{"enabled":false,"date":"2026-04-30 17:09:24","action":"change-status","newStatus":"draft","terms":[],"taxonomy":"","extraData":[]},"publishpress_future_workflow_manual_trigger":{"enabledWorkflows":[]},"_links":{"self":[{"href":"https:\/\/hlrnet.com\/sites\/alt128\/wp-json\/wp\/v2\/pages\/3724","targetHints":{"allow":["GET"]}}],"collection":[{"href":"https:\/\/hlrnet.com\/sites\/alt128\/wp-json\/wp\/v2\/pages"}],"about":[{"href":"https:\/\/hlrnet.com\/sites\/alt128\/wp-json\/wp\/v2\/types\/page"}],"author":[{"embeddable":true,"href":"https:\/\/hlrnet.com\/sites\/alt128\/wp-json\/wp\/v2\/users\/1"}],"replies":[{"embeddable":true,"href":"https:\/\/hlrnet.com\/sites\/alt128\/wp-json\/wp\/v2\/comments?post=3724"}],"version-history":[{"count":12,"href":"https:\/\/hlrnet.com\/sites\/alt128\/wp-json\/wp\/v2\/pages\/3724\/revisions"}],"predecessor-version":[{"id":6601,"href":"https:\/\/hlrnet.com\/sites\/alt128\/wp-json\/wp\/v2\/pages\/3724\/revisions\/6601"}],"wp:attachment":[{"href":"https:\/\/hlrnet.com\/sites\/alt128\/wp-json\/wp\/v2\/media?parent=3724"}],"curies":[{"name":"wp","href":"https:\/\/api.w.org\/{rel}","templated":true}]}}