{"id":2660,"date":"2018-04-25T13:31:54","date_gmt":"2018-04-25T13:31:54","guid":{"rendered":"http:\/\/hlrnet.com\/sites\/alt128\/?page_id=2660"},"modified":"2024-05-08T13:54:33","modified_gmt":"2024-05-08T13:54:33","slug":"le-milieu-et-la-meteo","status":"publish","type":"page","link":"https:\/\/hlrnet.com\/sites\/alt128\/le-milieu-et-la-meteo\/","title":{"rendered":"Le milieu et la m\u00e9t\u00e9o"},"content":{"rendered":"<ul>\n<li>La m\u00e9t\u00e9o\n<ul>\n<li><a href=\"http:\/\/www.lachainemeteo.com\/\" target=\"_blank\" rel=\"noopener noreferrer\">La cha\u00eene m\u00e9t\u00e9o<\/a><\/li>\n<li><a href=\"http:\/\/www.meteo.be\/\" target=\"_blank\" rel=\"noopener noreferrer\">IRM (B)<\/a><\/li>\n<li><a href=\"http:\/\/www.infoclimat.com\/\" target=\"_blank\" rel=\"noopener noreferrer\">Infoclimat<\/a><\/li>\n<li><a href=\"https:\/\/www.meteocity.com\/\">M6m\u00e9t\u00e9o<\/a><\/li>\n<li><a href=\"http:\/\/www.meteo.fr\/\" target=\"_blank\" rel=\"noopener noreferrer\">M\u00e9t\u00e9o France<\/a><\/li>\n<li><a href=\"http:\/\/www.skihoo.com\/\" target=\"_blank\" rel=\"noopener noreferrer\">Skihoo<\/a><\/li>\n<\/ul>\n<\/li>\n<li>Milieu\n<ul>\n<li><a href=\"http:\/\/www.ademe.fr\/\">Ademe<\/a>: agence de l&rsquo;environnement et de la ma\u00eetrise de l&rsquo;\u00e9nergie<\/li>\n<li><a href=\"http:\/\/www.ecoresponsabilite.environnement.gouv.fr\/\">\u00c9co-responsabilit\u00e9<\/a><\/li>\n<li><a href=\"http:\/\/www.developpement-durable.gouv.fr\/\">Minist\u00e8re de l&rsquo;\u00e9cologie du d\u00e9veloppement et de l&rsquo;am\u00e9nagement durables<\/a><\/li>\n<\/ul>\n<\/li>\n<\/ul>\n<span class=\"last-modified-timestamp\">Mai 8, 2024 @ 1:54 pm<\/span>\n","protected":false},"excerpt":{"rendered":"<p>La m\u00e9t\u00e9o La cha\u00eene m\u00e9t\u00e9o IRM (B) Infoclimat M6m\u00e9t\u00e9o M\u00e9t\u00e9o France Skihoo Milieu Ademe: agence de l&rsquo;environnement et de la ma\u00eetrise de l&rsquo;\u00e9nergie \u00c9co-responsabilit\u00e9 Minist\u00e8re de l&rsquo;\u00e9cologie du d\u00e9veloppement et de l&rsquo;am\u00e9nagement durables<\/p>\n","protected":false},"author":1,"featured_media":0,"parent":0,"menu_order":0,"comment_status":"closed","ping_status":"closed","template":"","meta":{"footnotes":"","_wp_rev_ctl_limit":""},"class_list":["post-2660","page","type-page","status-publish","hentry"],"publishpress_future_action":{"enabled":false,"date":"2026-05-01 03:36:24","action":"change-status","newStatus":"draft","terms":[],"taxonomy":"","extraData":[]},"publishpress_future_workflow_manual_trigger":{"enabledWorkflows":[]},"_links":{"self":[{"href":"https:\/\/hlrnet.com\/sites\/alt128\/wp-json\/wp\/v2\/pages\/2660","targetHints":{"allow":["GET"]}}],"collection":[{"href":"https:\/\/hlrnet.com\/sites\/alt128\/wp-json\/wp\/v2\/pages"}],"about":[{"href":"https:\/\/hlrnet.com\/sites\/alt128\/wp-json\/wp\/v2\/types\/page"}],"author":[{"embeddable":true,"href":"https:\/\/hlrnet.com\/sites\/alt128\/wp-json\/wp\/v2\/users\/1"}],"replies":[{"embeddable":true,"href":"https:\/\/hlrnet.com\/sites\/alt128\/wp-json\/wp\/v2\/comments?post=2660"}],"version-history":[{"count":10,"href":"https:\/\/hlrnet.com\/sites\/alt128\/wp-json\/wp\/v2\/pages\/2660\/revisions"}],"predecessor-version":[{"id":6097,"href":"https:\/\/hlrnet.com\/sites\/alt128\/wp-json\/wp\/v2\/pages\/2660\/revisions\/6097"}],"wp:attachment":[{"href":"https:\/\/hlrnet.com\/sites\/alt128\/wp-json\/wp\/v2\/media?parent=2660"}],"curies":[{"name":"wp","href":"https:\/\/api.w.org\/{rel}","templated":true}]}}