{"id":2649,"date":"2018-04-25T13:29:22","date_gmt":"2018-04-25T13:29:22","guid":{"rendered":"http:\/\/hlrnet.com\/sites\/alt128\/?page_id=2649"},"modified":"2024-12-23T10:50:37","modified_gmt":"2024-12-23T10:50:37","slug":"la-bande-dessinee","status":"publish","type":"page","link":"https:\/\/hlrnet.com\/sites\/alt128\/la-bande-dessinee\/","title":{"rendered":"La bande dessin\u00e9e"},"content":{"rendered":"<ul>\n<li>Sources d&rsquo;information\n<ul>\n<li><a href=\"http:\/\/www.1001bd.com\/\" target=\"_blank\" rel=\"noopener noreferrer\">1001 BD<\/a><\/li>\n<li><a href=\"http:\/\/www.auracan.com\/\" target=\"_blank\" rel=\"noopener noreferrer\">ADBD: Annuaire des bandes dessin\u00e9es<\/a><\/li>\n<li><a href=\"http:\/\/anafbd.free.fr\/\">ANAF: Association neuvi\u00e8me art France<\/a><\/li>\n<li><a href=\"http:\/\/www.agendabd.com\/\">AgendaBD<\/a><\/li>\n<li><a href=\"http:\/\/alixmag.canalblog.com\/\">Alix Mag&rsquo;<\/a><\/li>\n<li><a href=\"http:\/\/www.auracan.com\/\" target=\"_blank\" rel=\"noopener noreferrer\">Auracan: l&rsquo;actualit\u00e9 de la bande dessin\u00e9e<\/a><\/li>\n<li><a href=\"http:\/\/www.bande-dessinee.org\/\" target=\"_blank\" rel=\"noopener noreferrer\">Bande dessin\u00e9e.org<\/a><\/li>\n<li><a href=\"http:\/\/www.bdparadisio.com\/\" target=\"_blank\" rel=\"noopener noreferrer\">BD Paradisio<\/a><\/li>\n<li><a href=\"http:\/\/bdoubliees.com\/\" target=\"_blank\" rel=\"noopener noreferrer\">Bandes dessin\u00e9es oubli\u00e9es<\/a><\/li>\n<li><a href=\"http:\/\/www.bdnet.com\/\" target=\"_blank\" rel=\"noopener noreferrer\">BDnet (librairie en ligne)<\/a><\/li>\n<li><a href=\"http:\/\/granck.free.fr\/\" target=\"_blank\" rel=\"noopener noreferrer\">Ma BDTh\u00e8que<\/a> (Patrice Boudier)<\/li>\n<li><a href=\"http:\/\/www.citebd.org\/\">Cit\u00e9 internationale de la bande dessin\u00e9e et de l&rsquo;image<\/a><\/li>\n<li><a href=\"https:\/\/www.du9.org\/\">du9<\/a><\/li>\n<li><a href=\"http:\/\/www.eurobd.com\/\" target=\"_blank\" rel=\"noopener noreferrer\">Euro BD (webring)<\/a><\/li>\n<li><a href=\"http:\/\/www.bdangouleme.com\/\" target=\"_blank\" rel=\"noopener noreferrer\">Festival International de la BD d&rsquo;Angoul\u00eame<\/a><\/li>\n<li><a href=\"http:\/\/www.opalebd.com\/\" target=\"_blank\" rel=\"noopener noreferrer\">Opale BD<\/a><\/li>\n<\/ul>\n<\/li>\n<li>Personnages\n<ul>\n<li><a href=\"http:\/\/www.asterix.com\/\" target=\"_blank\" rel=\"noopener noreferrer\">Ast\u00e9rix: le site<\/a><\/li>\n<li><a href=\"http:\/\/www.mage.fst.uha.fr\/asterix\/asterix.html\" target=\"_blank\" rel=\"noopener noreferrer\">Ast\u00e9rix: le site non officiel francophone<\/a><\/li>\n<\/ul>\n<\/li>\n<li>Auteurs\n<ul>\n<li><a href=\"http:\/\/www.dubus.be\/\">Dubus<\/a><\/li>\n<li><a href=\"http:\/\/www.geluck.com\/\" target=\"_blank\" rel=\"noopener noreferrer\">Philippe Geluck<\/a><\/li>\n<li><a href=\"http:\/\/stalner.blogspot.com\/\">\u00c9ric Stalner<\/a><\/li>\n<\/ul>\n<\/li>\n<li>Editeurs\n<ul>\n<li><a href=\"http:\/\/www.casterman.com\/\" target=\"_blank\" rel=\"noopener noreferrer\">Casterman<\/a><\/li>\n<li><a href=\"http:\/\/www.dargaud.com\/\" target=\"_blank\" rel=\"noopener noreferrer\">Dargaud<\/a><\/li>\n<li><a href=\"http:\/\/www.editions-delcourt.fr\/\" target=\"_blank\" rel=\"noopener noreferrer\">Delcourt<\/a><\/li>\n<li><a href=\"http:\/\/www.dupuis.com\/\" target=\"_blank\" rel=\"noopener noreferrer\">Dupuis<\/a><\/li>\n<li><a href=\"http:\/\/www.humano.com\/\" target=\"_blank\" rel=\"noopener noreferrer\">Les Humano\u00efdes Associ\u00e9s<\/a><\/li>\n<li><a href=\"https:\/\/www.lelombard.com\/\" target=\"_blank\" rel=\"noopener noreferrer\">Le Lombard<\/a><\/li>\n<\/ul>\n<\/li>\n<li>Librairies\n<ul>\n<li><a href=\"https:\/\/www.archibaldandco.be\/\">Archibald<\/a><\/li>\n<li><a href=\"http:\/\/www.bdliege.com\/\">BD Li\u00e8ge<\/a><\/li>\n<li><a href=\"https:\/\/www.bdweb.fr\/\">BD Web<\/a><\/li>\n<li><a href=\"http:\/\/www.bedemania.com\/\">B\u00e9d\u00e9mania<\/a><\/li>\n<li><a href=\"https:\/\/www.brusel.com\/\">Br\u00fcsel<\/a><\/li>\n<li><a href=\"https:\/\/librairiesflagey.com\/\">Flagey<\/a><\/li>\n<li><a href=\"https:\/\/librairie-jaune.shop\/\">Jaune<\/a><\/li>\n<li><a href=\"http:\/\/www.depotbd.com\/\">Le D\u00e9p\u00f4t<\/a><\/li>\n<\/ul>\n<\/li>\n<li>Revues\n<ul>\n<li><a href=\"https:\/\/journals.openedition.org\/comicalites\/\">Comicalit\u00e9s<\/a><\/li>\n<\/ul>\n<\/li>\n<li>Th\u00e8mes\n<ul>\n<li><a href=\"http:\/\/www.peplums.info\/\">Peplum<\/a>: images de l&rsquo;Antiquit\u00e9 cin\u00e9ma et BD<\/li>\n<\/ul>\n<\/li>\n<\/ul>\n<span class=\"last-modified-timestamp\">D\u00e9c 23, 2024 @ 10:50 am<\/span>\n","protected":false},"excerpt":{"rendered":"<p>Sources d&rsquo;information 1001 BD ADBD: Annuaire des bandes dessin\u00e9es ANAF: Association neuvi\u00e8me art France AgendaBD Alix Mag&rsquo; Auracan: l&rsquo;actualit\u00e9 de la bande dessin\u00e9e Bande dessin\u00e9e.org BD Paradisio Bandes dessin\u00e9es oubli\u00e9es BDnet (librairie en ligne) Ma BDTh\u00e8que (Patrice Boudier) Cit\u00e9 internationale de la bande dessin\u00e9e et de l&rsquo;image du9 Euro BD<\/p>\n","protected":false},"author":1,"featured_media":0,"parent":0,"menu_order":0,"comment_status":"closed","ping_status":"closed","template":"","meta":{"footnotes":"","_wp_rev_ctl_limit":""},"class_list":["post-2649","page","type-page","status-publish","hentry"],"publishpress_future_action":{"enabled":false,"date":"2026-05-01 09:16:26","action":"change-status","newStatus":"draft","terms":[],"taxonomy":"","extraData":[]},"publishpress_future_workflow_manual_trigger":{"enabledWorkflows":[]},"_links":{"self":[{"href":"https:\/\/hlrnet.com\/sites\/alt128\/wp-json\/wp\/v2\/pages\/2649","targetHints":{"allow":["GET"]}}],"collection":[{"href":"https:\/\/hlrnet.com\/sites\/alt128\/wp-json\/wp\/v2\/pages"}],"about":[{"href":"https:\/\/hlrnet.com\/sites\/alt128\/wp-json\/wp\/v2\/types\/page"}],"author":[{"embeddable":true,"href":"https:\/\/hlrnet.com\/sites\/alt128\/wp-json\/wp\/v2\/users\/1"}],"replies":[{"embeddable":true,"href":"https:\/\/hlrnet.com\/sites\/alt128\/wp-json\/wp\/v2\/comments?post=2649"}],"version-history":[{"count":27,"href":"https:\/\/hlrnet.com\/sites\/alt128\/wp-json\/wp\/v2\/pages\/2649\/revisions"}],"predecessor-version":[{"id":6329,"href":"https:\/\/hlrnet.com\/sites\/alt128\/wp-json\/wp\/v2\/pages\/2649\/revisions\/6329"}],"wp:attachment":[{"href":"https:\/\/hlrnet.com\/sites\/alt128\/wp-json\/wp\/v2\/media?parent=2649"}],"curies":[{"name":"wp","href":"https:\/\/api.w.org\/{rel}","templated":true}]}}