{"id":2643,"date":"2018-04-25T13:01:11","date_gmt":"2018-04-25T13:01:11","guid":{"rendered":"http:\/\/hlrnet.com\/sites\/alt128\/?page_id=2643"},"modified":"2025-10-27T14:20:59","modified_gmt":"2025-10-27T14:20:59","slug":"la-sante","status":"publish","type":"page","link":"https:\/\/hlrnet.com\/sites\/alt128\/la-sante\/","title":{"rendered":"La sant\u00e9"},"content":{"rendered":"<ul>\n<li><a href=\"http:\/\/www.academie-medecine.fr\/\">Acad\u00e9mie Nationale de M\u00e9decine<\/a><\/li>\n<li><a href=\"http:\/\/www.anatomie-humaine.com\/\" target=\"_blank\" rel=\"noopener\">Anatomie<\/a> (Bertrand Boutillier, Pr. G\u00e9rard Outrequin)<\/li>\n<li><a href=\"http:\/\/www.atoute.org\/\" target=\"_blank\" rel=\"noopener\">Atoute: informations m\u00e9dicales &#8211; forum m\u00e9dical<\/a><\/li>\n<li><a href=\"http:\/\/www.boiretrop.fr\/\">Boire trop<\/a><\/li>\n<li><a href=\"http:\/\/www.ikonet.com\/fr\/sante\/corpshumainvirtuel\/dictionnaire.php\">Corps humain virtuel<\/a><\/li>\n<li><a href=\"http:\/\/www.cours-medecine.info\/\">Cours de m\u00e9decine<\/a><\/li>\n<li><a href=\"http:\/\/dnf.asso.fr\/\" target=\"_blank\" rel=\"noopener\">DNF: Droits des non fumeurs<\/a><\/li>\n<li><a href=\"http:\/\/formaticsante.fr\/\">Formatic Sant\u00e9: R\u00e9seau d&rsquo;\u00e9changes et formation en ligne des professionnels du secteur sant\u00e9<\/a><\/li>\n<li><a href=\"http:\/\/www.inserm.fr\/\">Inserm: Institut national de la sant\u00e9 et de la recherche m\u00e9dicale<\/a><\/li>\n<li><a href=\"https:\/\/lasante.net\/\">LaSant\u00e9.net<\/a><\/li>\n<li><a href=\"http:\/\/www.sports.gouv.fr\/\" target=\"_blank\" rel=\"noopener\">Secr\u00e9tariat d&rsquo;\u00c9tat aux Sports<\/a><\/li>\n<li>mageweg<\/li>\n<li><a href=\"http:\/\/social-sante.gouv.fr\/\">Minist\u00e8re des affaires sociales et de la sant\u00e9<\/a><\/li>\n<li><a href=\"http:\/\/who.int\/fr\/\">Organisation Mondiale de la Sant\u00e9<\/a><\/li>\n<li><a href=\"http:\/\/www.passeportsante.net\/\" target=\"_blank\" rel=\"noopener\">PasseportSant\u00e9<\/a><\/li>\n<li><a href=\"http:\/\/www.passionsante.be\/\">Passion Sant\u00e9<\/a><\/li>\n<li><a href=\"http:\/\/msss.gouv.qc.ca\/\">Sant\u00e9 et services sociaux Qu\u00e9bec<\/a><\/li>\n<li><a href=\"http:\/\/www.sante.gouv.fr\/\" target=\"_blank\" rel=\"noopener\">Secr\u00e9tariat d&rsquo;Etat \u00e0 la Sant\u00e9<\/a><\/li>\n<li><a href=\"http:\/\/www.secourisme.net\/\" target=\"_blank\" rel=\"noopener\">Secourisme.net<\/a><\/li>\n<li><a href=\"http:\/\/www.sentiweb.fr\/\">Sentiweb<\/a>: situation \u00e9pid\u00e9miologique en France m\u00e9tropolitaine<\/li>\n<li><a href=\"http:\/\/www.unafam.org\/\">Union nationale des amis et familles de malades psychiques<\/a><\/li>\n<li><a href=\"https:\/\/www.univadis.fr\/\">Univadis<\/a>: actualit\u00e9s m\u00e9dicales<\/li>\n<\/ul>\n<span class=\"last-modified-timestamp\">Oct 27, 2025 @ 2:20 pm<\/span>\n<div id=\"simple-translate\" class=\"simple-translate-system-theme\">\n<div>\n<div class=\"simple-translate-button isShow\" style=\"background-image: url('moz-extension:\/\/37e44441-594c-4b50-b456-e2df16779982\/icons\/512.png'); height: 22px; width: 22px; top: 613px; left: 113px;\"><\/div>\n<div class=\"simple-translate-panel \" style=\"width: 300px; height: 200px; top: 0px; left: 0px; font-size: 13px;\">\n<div class=\"simple-translate-result-wrapper\" style=\"overflow: hidden;\">\n<div class=\"simple-translate-move\" draggable=\"true\"><\/div>\n<div class=\"simple-translate-result-contents\">\n<p class=\"simple-translate-result\" dir=\"auto\">\n<p class=\"simple-translate-candidate\" dir=\"auto\">\n<\/div>\n<\/div>\n<\/div>\n<\/div>\n<\/div>\n","protected":false},"excerpt":{"rendered":"<p>Acad\u00e9mie Nationale de M\u00e9decine Anatomie (Bertrand Boutillier, Pr. G\u00e9rard Outrequin) Atoute: informations m\u00e9dicales &#8211; forum m\u00e9dical Boire trop Corps humain virtuel Cours de m\u00e9decine DNF: Droits des non fumeurs Formatic Sant\u00e9: R\u00e9seau d&rsquo;\u00e9changes et formation en ligne des professionnels du secteur sant\u00e9 Inserm: Institut national de la sant\u00e9 et de<\/p>\n","protected":false},"author":1,"featured_media":0,"parent":0,"menu_order":0,"comment_status":"closed","ping_status":"closed","template":"","meta":{"footnotes":"","_wp_rev_ctl_limit":""},"class_list":["post-2643","page","type-page","status-publish","hentry"],"publishpress_future_action":{"enabled":false,"date":"2026-05-01 10:55:25","action":"change-status","newStatus":"draft","terms":[],"taxonomy":"","extraData":[]},"publishpress_future_workflow_manual_trigger":{"enabledWorkflows":[]},"_links":{"self":[{"href":"https:\/\/hlrnet.com\/sites\/alt128\/wp-json\/wp\/v2\/pages\/2643","targetHints":{"allow":["GET"]}}],"collection":[{"href":"https:\/\/hlrnet.com\/sites\/alt128\/wp-json\/wp\/v2\/pages"}],"about":[{"href":"https:\/\/hlrnet.com\/sites\/alt128\/wp-json\/wp\/v2\/types\/page"}],"author":[{"embeddable":true,"href":"https:\/\/hlrnet.com\/sites\/alt128\/wp-json\/wp\/v2\/users\/1"}],"replies":[{"embeddable":true,"href":"https:\/\/hlrnet.com\/sites\/alt128\/wp-json\/wp\/v2\/comments?post=2643"}],"version-history":[{"count":30,"href":"https:\/\/hlrnet.com\/sites\/alt128\/wp-json\/wp\/v2\/pages\/2643\/revisions"}],"predecessor-version":[{"id":6568,"href":"https:\/\/hlrnet.com\/sites\/alt128\/wp-json\/wp\/v2\/pages\/2643\/revisions\/6568"}],"wp:attachment":[{"href":"https:\/\/hlrnet.com\/sites\/alt128\/wp-json\/wp\/v2\/media?parent=2643"}],"curies":[{"name":"wp","href":"https:\/\/api.w.org\/{rel}","templated":true}]}}