{"id":2623,"date":"2018-04-25T12:54:07","date_gmt":"2018-04-25T12:54:07","guid":{"rendered":"http:\/\/hlrnet.com\/sites\/alt128\/?page_id=2623"},"modified":"2026-03-20T19:11:35","modified_gmt":"2026-03-20T19:11:35","slug":"moteurs-de-recherche","status":"publish","type":"page","link":"https:\/\/hlrnet.com\/sites\/alt128\/moteurs-de-recherche\/","title":{"rendered":"Moteurs de recherche"},"content":{"rendered":"<ul>\n<li>Des recherches sur la partie fran\u00e7aise du Web peuvent se faire avec\n<ul>\n<li><a href=\"http:\/\/www.chut.com\/\" target=\"_blank\" rel=\"noopener noreferrer\">Chut<\/a><\/li>\n<li><a href=\"http:\/\/www.francite.com\/\" target=\"_blank\" rel=\"noopener noreferrer\">Francit\u00e9<\/a><\/li>\n<li><a href=\"http:\/\/www.lycos.fr\/\" target=\"_blank\" rel=\"noopener noreferrer\">Lycos<\/a><\/li>\n<li><a href=\"https:\/\/www.pagesjaunes.fr\/\" target=\"_blank\" rel=\"noopener noreferrer\">Pages jaunes<\/a><\/li>\n<li><a href=\"https:\/\/www.pagesjaunes.fr\/pagesblanches\" target=\"_blank\" rel=\"noopener noreferrer\">Pages blanches<\/a><\/li>\n<li><a href=\"http:\/\/www.voila.fr\/\" target=\"_blank\" rel=\"noopener noreferrer\">Voil\u00e0<\/a><\/li>\n<li><a href=\"http:\/\/www.yahoo.fr\/\" target=\"_blank\" rel=\"noopener noreferrer\">Yahoo.fr<\/a><\/li>\n<li>ou la version fran\u00e7aise de <a href=\"http:\/\/www.yahoo.fr\/\" target=\"_blank\" rel=\"noopener noreferrer\">Yahoo<\/a>, ou de <a href=\"http:\/\/www.lycos.fr\/\" target=\"_blank\" rel=\"noopener noreferrer\">Lycos<\/a><\/li>\n<\/ul>\n<\/li>\n<li>Pour des recherches sur des r\u00e9gions fran\u00e7aises:\n<ul>\n<li><a href=\"http:\/\/www.alsannuaire.fr\/\" target=\"_blank\" rel=\"noopener noreferrer\">Alsannuaire<\/a> (Alsace)<\/li>\n<li><a href=\"http:\/\/www.codem.net\/\" target=\"_blank\" rel=\"noopener noreferrer\">Codem<\/a> (Rh\u00f4ne-Alpes)<\/li>\n<\/ul>\n<\/li>\n<li>Autres r\u00e9gions, pays, continents: (<a href=\"http:\/\/hlrnet.com\/sites\/alt128\/regions-et-pays\/\">plus<\/a>)\n<ul>\n<li><a href=\"http:\/\/www.abidjan.net\/\" target=\"_blank\" rel=\"noopener noreferrer\">Abidjan.net<\/a> (C\u00f4te d&rsquo;Ivoire)<\/li>\n<\/ul>\n<\/li>\n<\/ul>\n<span class=\"last-modified-timestamp\">Mar 20, 2026 @ 7:11 pm<\/span>\n","protected":false},"excerpt":{"rendered":"<p>Des recherches sur la partie fran\u00e7aise du Web peuvent se faire avec Chut Francit\u00e9 Lycos Pages jaunes Pages blanches Voil\u00e0 Yahoo.fr ou la version fran\u00e7aise de Yahoo, ou de Lycos Pour des recherches sur des r\u00e9gions fran\u00e7aises: Alsannuaire (Alsace) Codem (Rh\u00f4ne-Alpes) Autres r\u00e9gions, pays, continents: (plus) <a href=\"http:\/\/Abidjan.net\" class=\"autohyperlink\">Abidjan.net<\/a> (C\u00f4te d&rsquo;Ivoire)<\/p>\n","protected":false},"author":1,"featured_media":0,"parent":0,"menu_order":0,"comment_status":"closed","ping_status":"closed","template":"","meta":{"footnotes":"","_wp_rev_ctl_limit":""},"class_list":["post-2623","page","type-page","status-publish","hentry"],"publishpress_future_action":{"enabled":false,"date":"2026-04-30 23:11:55","action":"change-status","newStatus":"draft","terms":[],"taxonomy":"","extraData":[]},"publishpress_future_workflow_manual_trigger":{"enabledWorkflows":[]},"_links":{"self":[{"href":"https:\/\/hlrnet.com\/sites\/alt128\/wp-json\/wp\/v2\/pages\/2623","targetHints":{"allow":["GET"]}}],"collection":[{"href":"https:\/\/hlrnet.com\/sites\/alt128\/wp-json\/wp\/v2\/pages"}],"about":[{"href":"https:\/\/hlrnet.com\/sites\/alt128\/wp-json\/wp\/v2\/types\/page"}],"author":[{"embeddable":true,"href":"https:\/\/hlrnet.com\/sites\/alt128\/wp-json\/wp\/v2\/users\/1"}],"replies":[{"embeddable":true,"href":"https:\/\/hlrnet.com\/sites\/alt128\/wp-json\/wp\/v2\/comments?post=2623"}],"version-history":[{"count":36,"href":"https:\/\/hlrnet.com\/sites\/alt128\/wp-json\/wp\/v2\/pages\/2623\/revisions"}],"predecessor-version":[{"id":6728,"href":"https:\/\/hlrnet.com\/sites\/alt128\/wp-json\/wp\/v2\/pages\/2623\/revisions\/6728"}],"wp:attachment":[{"href":"https:\/\/hlrnet.com\/sites\/alt128\/wp-json\/wp\/v2\/media?parent=2623"}],"curies":[{"name":"wp","href":"https:\/\/api.w.org\/{rel}","templated":true}]}}