{"id":2611,"date":"2018-04-25T12:50:10","date_gmt":"2018-04-25T12:50:10","guid":{"rendered":"http:\/\/hlrnet.com\/sites\/alt128\/?page_id=2611"},"modified":"2026-02-14T15:16:04","modified_gmt":"2026-02-14T15:16:04","slug":"technologie-et-informatique","status":"publish","type":"page","link":"https:\/\/hlrnet.com\/sites\/alt128\/technologie-et-informatique\/","title":{"rendered":"Technologie et informatique"},"content":{"rendered":"<ul>\n<li>Freeware francophone\n<ul>\n<li><a href=\"http:\/\/www.execnet.com\/\">EspaceFrancophone<\/a><\/li>\n<li><a href=\"http:\/\/www.01net.com\/telecharger\/\">Telecharger.com<\/a><\/li>\n<\/ul>\n<\/li>\n<li><a href=\"http:\/\/www.01net.com\/\" target=\"_blank\" rel=\"noopener noreferrer\">01net<\/a><\/li>\n<li><a href=\"http:\/\/www.abondance.com\/\">Abondance<\/a>: l&rsquo;actualit\u00e9 et l&rsquo;information sur le r\u00e9f\u00e9rencement et les moteurs de recherche<\/li>\n<li><a href=\"http:\/\/www.actifpub.com\/\" target=\"_blank\" rel=\"noopener noreferrer\">ActifPub<\/a>: liste de blogs et de d&rsquo;actualit\u00e9 en RSS<\/li>\n<li><a href=\"http:\/\/www.aidewindows.net\/\" target=\"_blank\" rel=\"noopener noreferrer\">AideWindows<\/a><\/li>\n<li><a href=\"http:\/\/www.arobase.org\/\">Arobase<\/a>: l&#8217;email sous toutes ses coutures<\/li>\n<li><a href=\"http:\/\/www.awt.be\/\">Agence Wallonne des T\u00e9l\u00e9communications<\/a>: le portail des Technologies de l&rsquo;Information et de la Communication (TIC)<\/li>\n<li><a href=\"http:\/\/www.astuces-pratiques.fr\/\">Astuces pratiques<\/a><\/li>\n<li><a href=\"http:\/\/www.cecill.info\/\">CeCILL<\/a>: licence fran\u00e7aise de logiciel libre<\/li>\n<li><a href=\"https:\/\/www.cert.ssi.gouv.fr\/\">CERT-FR<\/a><\/li>\n<li><a href=\"http:\/\/www.certa.ssi.gouv.fr\/\">CERTA: Centre d&rsquo;Expertise Gouvernemental de R\u00e9ponse et de Traitement des Attaques informatiques<\/a><\/li>\n<li><a href=\"http:\/\/www.clubic.com\/\" target=\"_blank\" rel=\"noopener noreferrer\">Clubic<\/a>: informatique et multim\u00e9dia<\/li>\n<li><a href=\"http:\/\/www.commentcamarche.net\/\"><strong>Comment \u00e7a marche<\/strong><\/a> (informatique et ordinateurs)<\/li>\n<li><a href=\"http:\/\/www.dunod.com\/\" target=\"_blank\" rel=\"noopener noreferrer\">Dunod<\/a>: \u00e9diteur<\/li>\n<li><a href=\"http:\/\/www.pcie.tm.fr\/\" target=\"_blank\" rel=\"noopener noreferrer\">ECDL France<\/a><\/li>\n<li><a href=\"https:\/\/ecolebranchee.com\/\">\u00c9cole Branch\u00e9e<\/a><\/li>\n<li><a href=\"http:\/\/www.ecrirepourleweb.com\/\">\u00c9crire pour le web<\/a>: the Belgian blog about webwriting<\/li>\n<li>Editeurs\n<ul>\n<li><a href=\"http:\/\/www.editions-eni.fr\/\">Eni<\/a><\/li>\n<li><a href=\"http:\/\/www.eyrolles.com\/\">Eyrolles<\/a><\/li>\n<li><a href=\"http:\/\/www.pearson.fr\/\">Pearson<\/a><\/li>\n<\/ul>\n<\/li>\n<li><a href=\"http:\/\/911ordi.francoischarron.com\/\">Forum d&rsquo;aide 911 Ordi<\/a><\/li>\n<li><a href=\"http:\/\/dechily.org\/Forum_Aski\/\">Le Forum d&rsquo;Aski<\/a><\/li>\n<li><a href=\"http:\/\/www.frenchweb.fr\/\">Frenchweb<\/a>: magazine de l&rsquo;innovation<\/li>\n<li><a href=\"http:\/\/www.framasoft.net\/\" target=\"_blank\" rel=\"noopener noreferrer\">Framasoft: logiciels libres<\/a><\/li>\n<li><a href=\"http:\/\/fspsa.free.fr\/\">FSPSA<\/a><\/li>\n<li><a href=\"http:\/\/geeko.lesoir.be\/\">Geeko<\/a><\/li>\n<li><a href=\"http:\/\/www.gratilog.net\/\" target=\"_blank\" rel=\"noopener noreferrer\">Gratilog: catalogue de logiciels gratuits<\/a><\/li>\n<li><a href=\"http:\/\/www.hardware.fr\/\" target=\"_blank\" rel=\"noopener noreferrer\">Hardware.fr<\/a><\/li>\n<li><a href=\"http:\/\/www.infonovice.fr\/\">Infonovice<\/a><\/li>\n<li><a href=\"https:\/\/www.journaldunet.fr\/\">Le Journal du Net<\/a><\/li>\n<li><a href=\"http:\/\/www.lecompagnon.info\/\">Le Compagnon<\/a>: apprentissage en ligne \/ cours gratuits (Word, Excel, Powerpoint, Acces, Internet, &#8230;)<\/li>\n<li>Logiciels \u00e0 t\u00e9l\u00e9charger\n<ul>\n<li><a href=\"http:\/\/www.logitheque.com\/\">Logith\u00e8que<\/a><\/li>\n<li><a href=\"http:\/\/www.zdnet.fr\/telecharger\/windows\/\" target=\"_blank\" rel=\"noopener noreferrer\">Logith\u00e8que ZDnet<\/a><\/li>\n<\/ul>\n<\/li>\n<li><a href=\"http:\/\/www.maboite.qc.ca\/\">Ma bo\u00eete<\/a><\/li>\n<li><a href=\"http:\/\/www.ma-config.com\/fr\">Ma-config<\/a><\/li>\n<li><a href=\"http:\/\/www.maxicours.com\/\" target=\"_blank\" rel=\"noopener noreferrer\">Maxicours<\/a>: site d&rsquo;accompagnement scolaire<\/li>\n<li>Office\n<ul>\n<li><a href=\"https:\/\/support.microsoft.com\/fr-fr\/training\">Formation Microsoft 365 (Microsoft)<\/a><\/li>\n<li><a href=\"https:\/\/microsoft-365.fr\/tutos\/\">Tous les Tutos Microsoft 365<\/a> &#8211; Microsoft-365<\/li>\n<\/ul>\n<\/li>\n<li><a href=\"http:\/\/www.openweb.eu.org\/\" target=\"_blank\" rel=\"noopener noreferrer\">Openweb<\/a>: pour les standards du web<\/li>\n<li><a href=\"http:\/\/www.partage-fichiers.com\/\">Partage-fichiers<\/a><\/li>\n<li><a href=\"http:\/\/www.pcastuces.com\/\" target=\"_blank\" rel=\"noopener noreferrer\">PC Astuces<\/a><\/li>\n<li><a href=\"http:\/\/www.pc-infopratique.com\/\" target=\"_blank\" rel=\"noopener noreferrer\">PC-Infopratique<\/a>: news, software, drivers<\/li>\n<li><a href=\"https:\/\/www.regional-it.be\/\">R\u00e9gional-IT<\/a><\/li>\n<li><a href=\"http:\/\/www.sosordi.net\/\" target=\"_blank\" rel=\"noopener noreferrer\">SOS Ordi<\/a> &#8211; entraide informatique gratuite<\/li>\n<li>Pour votre site web\n<ul>\n<li>Blogs gratuits\n<ul>\n<li><a href=\"http:\/\/www.canalblog.com\/\">Canalblog<\/a><\/li>\n<li><a href=\"http:\/\/unblog.fr\/\">Unblog.fr<\/a><\/li>\n<li><a href=\"http:\/\/www.over-blog.com\/\">Overblog<\/a><\/li>\n<\/ul>\n<\/li>\n<li>Syst\u00e8mes de gestion de contenu\n<ul>\n<li><a href=\"http:\/\/www.kwsphp.org\/\">KwsPHP<\/a><\/li>\n<li><a href=\"http:\/\/www.npds.org\/\">NDPS<\/a><\/li>\n<li><a href=\"http:\/\/www.spip.net\/\" target=\"_blank\" rel=\"noopener noreferrer\">SPIP<\/a> &#8211; Syst\u00e8me de publication pour l&rsquo;internet<\/li>\n<\/ul>\n<\/li>\n<li>Extras: \u00e9l\u00e9ments interactifs\n<ul>\n<li><a href=\"http:\/\/www.forums-actifs.com\/\">Forums actifs<\/a>: cr\u00e9er un forum gratuit<\/li>\n<li><a href=\"http:\/\/www.webdonline.com\/\" target=\"_blank\" rel=\"noopener noreferrer\">WebD<\/a>: outils webmasters (compteurs de visite, forums de discussion, chat, sondage, livre d&rsquo;invit\u00e9s, r\u00e9f\u00e9reur, liste de distribution, form-2-email)<\/li>\n<\/ul>\n<\/li>\n<li>H\u00e9bergement\n<ul>\n<li><a href=\"http:\/\/www.omihost.com\/\">Omihost<\/a><\/li>\n<li><a href=\"http:\/\/www.ovh.net\/\">OVH<\/a><\/li>\n<\/ul>\n<\/li>\n<li><a href=\"file:\/\/\/H:\/notities\/rs%20-%20OneDrive-2018-04-24\/inet.htm\">et plus<\/a>&#8230; (NL\/EN)<\/li>\n<\/ul>\n<\/li>\n<li>RSS en fran\u00e7ais\n<ul>\n<li><a href=\"http:\/\/www.rssvision.com\/\" target=\"_blank\" rel=\"noopener noreferrer\">RSSvision<\/a><\/li>\n<\/ul>\n<\/li>\n<li><a href=\"https:\/\/www.signal-arnaques.com\">Signal-arnaque<\/a><\/li>\n<li><a href=\"http:\/\/www.toutwindows.com\/\" target=\"_blank\" rel=\"noopener noreferrer\">ToutWindows<\/a> (Laurent G\u00e9beau)<\/li>\n<li><a href=\"http:\/\/www.touslesdrivers.com\/\">TousLesDrivers<\/a><\/li>\n<li><a href=\"http:\/\/www.mclaveau.com\/vista\/\">Vista: Trucs, astuces et articles<\/a> (M. Claveau) (FR)<\/li>\n<li><a href=\"http:\/\/www.vulgarisation-informatique.com\/\" target=\"_blank\" rel=\"noopener noreferrer\">Vulgarisation informatique<\/a><\/li>\n<li><a href=\"http:\/\/www.whynet.org\/\" target=\"_blank\" rel=\"noopener noreferrer\">Whynet: les actualit\u00e9s<\/a><\/li>\n<li><a href=\"http:\/\/www.windows8facile.fr\/\">Windows8facile<\/a><\/li>\n<li><a href=\"http:\/\/zardoc.com\/\" target=\"_blank\" rel=\"noopener noreferrer\">Zardoc<\/a><\/li>\n<li><a href=\"http:\/\/www.zoo-logique.org\/\">Zoo-logique<\/a>: serveur de news<\/li>\n<\/ul>\n<span class=\"last-modified-timestamp\">F\u00e9v 14, 2026 @ 3:16 pm<\/span>\n","protected":false},"excerpt":{"rendered":"<p>Freeware francophone EspaceFrancophone <a href=\"http:\/\/Telecharger.com\" class=\"autohyperlink\">Telecharger.com<\/a> 01net Abondance: l&rsquo;actualit\u00e9 et l&rsquo;information sur le r\u00e9f\u00e9rencement et les moteurs de recherche ActifPub: liste de blogs et de d&rsquo;actualit\u00e9 en RSS AideWindows Arobase: l&#8217;email sous toutes ses coutures Agence Wallonne des T\u00e9l\u00e9communications: le portail des Technologies de l&rsquo;Information et de la Communication (TIC) Astuces pratiques<\/p>\n","protected":false},"author":1,"featured_media":0,"parent":0,"menu_order":0,"comment_status":"closed","ping_status":"closed","template":"","meta":{"footnotes":"","_wp_rev_ctl_limit":""},"class_list":["post-2611","page","type-page","status-publish","hentry"],"publishpress_future_action":{"enabled":false,"date":"2026-05-02 14:21:19","action":"change-status","newStatus":"draft","terms":[],"taxonomy":"","extraData":[]},"publishpress_future_workflow_manual_trigger":{"enabledWorkflows":[]},"_links":{"self":[{"href":"https:\/\/hlrnet.com\/sites\/alt128\/wp-json\/wp\/v2\/pages\/2611","targetHints":{"allow":["GET"]}}],"collection":[{"href":"https:\/\/hlrnet.com\/sites\/alt128\/wp-json\/wp\/v2\/pages"}],"about":[{"href":"https:\/\/hlrnet.com\/sites\/alt128\/wp-json\/wp\/v2\/types\/page"}],"author":[{"embeddable":true,"href":"https:\/\/hlrnet.com\/sites\/alt128\/wp-json\/wp\/v2\/users\/1"}],"replies":[{"embeddable":true,"href":"https:\/\/hlrnet.com\/sites\/alt128\/wp-json\/wp\/v2\/comments?post=2611"}],"version-history":[{"count":79,"href":"https:\/\/hlrnet.com\/sites\/alt128\/wp-json\/wp\/v2\/pages\/2611\/revisions"}],"predecessor-version":[{"id":6710,"href":"https:\/\/hlrnet.com\/sites\/alt128\/wp-json\/wp\/v2\/pages\/2611\/revisions\/6710"}],"wp:attachment":[{"href":"https:\/\/hlrnet.com\/sites\/alt128\/wp-json\/wp\/v2\/media?parent=2611"}],"curies":[{"name":"wp","href":"https:\/\/api.w.org\/{rel}","templated":true}]}}