{"id":2607,"date":"2018-04-25T12:49:10","date_gmt":"2018-04-25T12:49:10","guid":{"rendered":"http:\/\/hlrnet.com\/sites\/alt128\/?page_id=2607"},"modified":"2026-03-04T08:07:51","modified_gmt":"2026-03-04T08:07:51","slug":"lemploi","status":"publish","type":"page","link":"https:\/\/hlrnet.com\/sites\/alt128\/lemploi\/","title":{"rendered":"L&#8217;emploi"},"content":{"rendered":"<ul>\n<li><a href=\"http:\/\/www.anefa.org\/\" target=\"_blank\" rel=\"noopener\">ANEFA &#8211; emploi formation en agriculture<\/a><\/li>\n<li><a href=\"http:\/\/www.apec.fr\/\" target=\"_blank\" rel=\"noopener\">Apec<\/a>: recrutement et offres d&#8217;emploi cadres<\/li>\n<li><a href=\"http:\/\/www.letudiant.fr\/jobsstages.html\" target=\"_blank\" rel=\"noopener\">L&rsquo;\u00e9tudiant<\/a>: pour trouver un job \u00e9tudiant<\/li>\n<li><a href=\"https:\/\/www.francetravail.fr\/\">France Travail<\/a><\/li>\n<li><a href=\"http:\/\/www.glassdoor.fr\/\">Glassdoor<\/a><\/li>\n<li><a href=\"https:\/\/emploi.lefigaro.fr\/\" target=\"_blank\" rel=\"noopener\">Figaro Emploi<\/a>: offres d&#8217;emploi<\/li>\n<li><a href=\"http:\/\/metiers.siep.be\/\">M\u00e9tiers<\/a><\/li>\n<li><a href=\"http:\/\/www.lesmetiers.net\/\">Les m\u00e9tiers.net<\/a><\/li>\n<li><a href=\"http:\/\/www.travail.gouv.fr\/\" target=\"_blank\" rel=\"noopener\">Minist\u00e8re du Travail<\/a><\/li>\n<li><a href=\"http:\/\/www.monemploi.com\/\" target=\"_blank\" rel=\"noopener\">Monemploi.com<\/a><\/li>\n<li><a href=\"http:\/\/www.onisep.fr\/\">Onisep<\/a><\/li>\n<li><a href=\"http:\/\/www.optioncarriere.com\/\" target=\"_blank\" rel=\"noopener\">Optioncarriere.com<\/a>: <a href=\"http:\/\/www.optioncarriere.be\/\" target=\"_blank\" rel=\"noopener\">BE<\/a> &#8211; <a href=\"http:\/\/www.optioncarriere.fr\/\" target=\"_blank\" rel=\"noopener\">FR<\/a> &#8211; <a href=\"http:\/\/www.optioncarriere.ch\/\" target=\"_blank\" rel=\"noopener\">CH<\/a><\/li>\n<li><a href=\"http:\/\/www.stepstone.fr\/\" target=\"_blank\" rel=\"noopener\">Stepstone.fr<\/a><\/li>\n<li><a href=\"http:\/\/www.stepstone.fr\/\" target=\"_blank\" rel=\"noopener\">Travail-emploi.com: liste de soites sur l&#8217;emploi<\/a><\/li>\n<li><a href=\"http:\/\/www.uwe.be\/\">UWE: Union Wallonne des Entreprises<\/a><\/li>\n<li>Pour la Belgique:\n<ul>\n<li><a href=\"http:\/\/www.actiris.be\/\">Actiris<\/a><\/li>\n<li><a href=\"http:\/\/www.bruxellesformation.be\/\">Bruxelles F<\/a><\/li>\n<li><a href=\"http:\/\/www.bruxellesformation.be\/\">ormation<\/a><\/li>\n<li><a href=\"http:\/\/www.leforem.be\/\">FOREM<\/a><\/li>\n<\/ul>\n<\/li>\n<li>Pour le Canada:\n<ul>\n<li><a href=\"http:\/\/www.jobfutures.ca\/\" target=\"_blank\" rel=\"noopener\">Emploi-Avenir \/ CanadaJob<\/a><\/li>\n<li><a href=\"http:\/\/emploiquebec.net\/francais\/index.htm\" target=\"_blank\" rel=\"noopener\">Emploi Qu\u00e9bec<\/a><\/li>\n<li><a href=\"http:\/\/emplois.gc.ca\/\" target=\"_blank\" rel=\"noopener\">emplois.gc.ca<\/a><\/li>\n<li><a href=\"http:\/\/jb-ge.hrdc-drhc.gc.ca\/\" target=\"_blank\" rel=\"noopener\">Guichet Emplois \/ Job Bank<\/a><\/li>\n<li><a href=\"http:\/\/www.jobsincanada.com\/\" target=\"_blank\" rel=\"noopener\">Jobs in Canada<\/a><\/li>\n<li><a href=\"http:\/\/www.monster.ca\/\" target=\"_blank\" rel=\"noopener\">Monster.ca<\/a><\/li>\n<\/ul>\n<\/li>\n<li>Pour la Suisse:\n<ul>\n<li><a href=\"http:\/\/www.monster.ch\/\" target=\"_blank\" rel=\"noopener\">Monster.ch<\/a><\/li>\n<\/ul>\n<\/li>\n<li>Pour le Luxembourg:\n<ul>\n<li><a href=\"http:\/\/www.monster.lu\/\" target=\"_blank\" rel=\"noopener\">Monster.lu<\/a><\/li>\n<\/ul>\n<\/li>\n<\/ul>\n<span class=\"last-modified-timestamp\">Mar 4, 2026 @ 8:07 am<\/span>\n","protected":false},"excerpt":{"rendered":"<p>ANEFA &#8211; emploi formation en agriculture Apec: recrutement et offres d&#8217;emploi cadres L&rsquo;\u00e9tudiant: pour trouver un job \u00e9tudiant France Travail Glassdoor Figaro Emploi: offres d&#8217;emploi M\u00e9tiers Les m\u00e9tiers.net Minist\u00e8re du Travail <a href=\"http:\/\/Monemploi.com\" class=\"autohyperlink\">Monemploi.com<\/a> Onisep <a href=\"http:\/\/Optioncarriere.com\" class=\"autohyperlink\">Optioncarriere.com<\/a>: BE &#8211; FR &#8211; CH Stepstone.fr <a href=\"http:\/\/Travail-emploi.com\" class=\"autohyperlink\">Travail-emploi.com<\/a>: liste de soites sur l&#8217;emploi UWE: Union Wallonne des<\/p>\n","protected":false},"author":1,"featured_media":0,"parent":0,"menu_order":0,"comment_status":"closed","ping_status":"closed","template":"","meta":{"footnotes":"","_wp_rev_ctl_limit":""},"class_list":["post-2607","page","type-page","status-publish","hentry"],"publishpress_future_action":{"enabled":false,"date":"2026-05-01 14:47:02","action":"change-status","newStatus":"draft","terms":[],"taxonomy":"","extraData":[]},"publishpress_future_workflow_manual_trigger":{"enabledWorkflows":[]},"_links":{"self":[{"href":"https:\/\/hlrnet.com\/sites\/alt128\/wp-json\/wp\/v2\/pages\/2607","targetHints":{"allow":["GET"]}}],"collection":[{"href":"https:\/\/hlrnet.com\/sites\/alt128\/wp-json\/wp\/v2\/pages"}],"about":[{"href":"https:\/\/hlrnet.com\/sites\/alt128\/wp-json\/wp\/v2\/types\/page"}],"author":[{"embeddable":true,"href":"https:\/\/hlrnet.com\/sites\/alt128\/wp-json\/wp\/v2\/users\/1"}],"replies":[{"embeddable":true,"href":"https:\/\/hlrnet.com\/sites\/alt128\/wp-json\/wp\/v2\/comments?post=2607"}],"version-history":[{"count":20,"href":"https:\/\/hlrnet.com\/sites\/alt128\/wp-json\/wp\/v2\/pages\/2607\/revisions"}],"predecessor-version":[{"id":6718,"href":"https:\/\/hlrnet.com\/sites\/alt128\/wp-json\/wp\/v2\/pages\/2607\/revisions\/6718"}],"wp:attachment":[{"href":"https:\/\/hlrnet.com\/sites\/alt128\/wp-json\/wp\/v2\/media?parent=2607"}],"curies":[{"name":"wp","href":"https:\/\/api.w.org\/{rel}","templated":true}]}}